000
CXUS54 KMAF 191100
CF6PEQ
PRELIMINARY LOCAL CLIMATOLOGICAL DATA (WS FORM: F-6)

                                          STATION:   Pecos Municipal Airport
                                          MONTH:     SEPTEMBER
                                          YEAR:      2017
                                          LATITUDE:   31 22 N
                                          LONGITUDE: 103 31 W

  TEMPERATURE IN F:       :PCPN:    SNOW:  WIND      :SUNSHINE: SKY     :PK WND
================================================================================
1   2   3   4   5  6A  6B    7    8   9   10  11  12  13   14  15   16   17  18
                                     12Z  AVG MX 2MIN
DY MAX MIN AVG DEP HDD CDD  WTR  SNW DPTH SPD SPD DIR MIN PSBL S-S WX    SPD DR
================================================================================

 1  94  61  78   M   0  13 0.00  0.0    0  6.1  9 100   M    M   0         M  M
 2  96  62  79   M   0  14 0.00  0.0    0  2.9  8 190   M    M   0         M  M
 3  95  65  80   M   0  15 0.00  0.0    0  6.8 14  60   M    M   1        24  60
 4  95  65  80   M   0  15 0.00  0.0    0  5.6 13 110   M    M   0        20  90
 5  94  63  79   M   0  14 0.02  0.0    0  6.0 13  90   M    M   1        20  90
 6  86  66  76   M   0  11 0.00  0.0    0  5.8 12  70   M    M   3        17  70
 7  94  61  78   M   0  13 0.00  0.0    0 10.3 21  90   M    M   0        25  80
 8  92  63  78   M   0  13 0.00  0.0    0 12.2 20 100   M    M   0        27 110
 9  89  65  77   M   0  12 0.00  0.0    0  9.9 15  70   M    M   0        28  70
10  89  66  78   M   0  13 0.00  0.0    0  9.8 16  90   M    M   0        20  60
11  91  60  76   M   0  11 0.00  0.0    0  4.6  7 130   M    M   0 8      10 110
12  96  58  77   M   0  12 0.00  0.0    0  3.4  8 130   M    M   0 8       M  M
13 103  65  84   M   0  19 0.00  0.0    0  4.7 10 230   M    M   0 8      16 270
14 104  66  85   M   0  20 0.01  0.0    0  5.3 17 310   M    M   0        25 310
15  96  73  85   M   0  20 0.00  0.0    0  7.7 29 290   M    M   1 3      40 290
16  94  67  81   M   0  16 0.00  0.0    0  8.5 29 180   M    M   1 3      46 180
17  99  71  85   M   0  20 0.00  0.0    0  6.3 15 130   M    M   1        20 130
18  99  66  83   M   0  18 0.00  0.0    0  5.9 18 140   M    M   0        22 140
================================================================================
SM 1706 1163         0 269  0.03     0.0 121.8          M        8
================================================================================
AV 94.8 64.6                               6.8 FASTST   M    M   0    MAX(MPH)
                                 MISC ---->  # 29 290               # 46  180
================================================================================
NOTES:
# LAST OF SEVERAL OCCURRENCES

COLUMN 17 PEAK WIND IN M.P.H.

PRELIMINARY LOCAL CLIMATOLOGICAL DATA (WS FORM: F-6) , PAGE 2

                                          STATION:  Pecos Municipal Airport
                                          MONTH:    SEPTEMBER
                                          YEAR:     2017
                                          LATITUDE:   31 22 N
                                          LONGITUDE: 103 31 W

[TEMPERATURE DATA]      [PRECIPITATION DATA]       SYMBOLS USED IN COLUMN 16

AVERAGE MONTHLY: 79.7   TOTAL FOR MONTH:   0.03    1 = FOG OR MIST
DPTR FM NORMAL:     M   DPTR FM NORMAL:       M    2 = FOG REDUCING VISIBILITY
HIGHEST:   104 ON 14    GRTST 24HR  0.02 ON  5- 5      TO 1/4 MILE OR LESS
LOWEST:     58 ON 12                               3 = THUNDER
                        SNOW, ICE PELLETS, HAIL    4 = ICE PELLETS
                        TOTAL MONTH:   0.0 INCH    5 = HAIL
                        GRTST 24HR     0.0         6 = FREEZING RAIN OR DRIZZLE
                        GRTST DEPTH:   0           7 = DUSTSTORM OR SANDSTORM:
                                                       VSBY 1/2 MILE OR LESS
                                                   8 = SMOKE OR HAZE
[NO. OF DAYS WITH]      [WEATHER - DAYS WITH]      9 = BLOWING SNOW
                                                   X = TORNADO
MAX 32 OR BELOW:   0    0.01 INCH OR MORE:   2
MAX 90 OR ABOVE:  15    0.10 INCH OR MORE:   0
MIN 32 OR BELOW:   0    0.50 INCH OR MORE:   0
MIN  0 OR BELOW:   0    1.00 INCH OR MORE:   0

[HDD (BASE 65) ]
TOTAL THIS MO.     0    CLEAR  (SCALE 0-3)  18
DPTR FM NORMAL     M    PTCLDY (SCALE 4-7)   0
TOTAL FM JUL 1     0    CLOUDY (SCALE 8-10)  0
DPTR FM NORMAL     M

[CDD (BASE 65) ]
TOTAL THIS MO.   269
DPTR FM NORMAL     M    [PRESSURE DATA]
TOTAL FM JAN 1  2491    HIGHEST SLP M ON M
DPTR FM NORMAL     M    LOWEST  SLP M ON M

[REMARKS]
