000
CXUS56 KFGZ 280900
CF6PGA
PRELIMINARY LOCAL CLIMATOLOGICAL DATA (WS FORM: F-6)

                                          STATION:   PAGE AZ AIRPORT
                                          MONTH:     MARCH
                                          YEAR:      2015
                                          LATITUDE:   36 55 N
                                          LONGITUDE: 111 27 W

  TEMPERATURE IN F:       :PCPN:    SNOW:  WIND      :SUNSHINE: SKY     :PK WND
================================================================================
1   2   3   4   5  6A  6B    7    8   9   10  11  12  13   14  15   16   17  18
                                     12Z  AVG MX 2MIN
DY MAX MIN AVG DEP HDD CDD  WTR  SNW DPTH SPD SPD DIR MIN PSBL S-S WX    SPD DR
================================================================================

 1  40  36  38  -8  27   0 0.47    M    M  2.4  9 350   M    M  10 1      11 360
 2  47  37  42  -4  23   0 0.29    M    M  3.2  9 190   M    M   7 18      M  M
 3  49  35  42  -5  23   0    T    M    M  4.9 15 200   M    M   7 8      21 270
 4  48  30  39  -8  26   0 0.00    M    M  3.9 14 300   M    M   2 8      20 300
 5  52  30  41  -6  24   0 0.00    M    M  3.2  9  40   M    M   0 8      12 360
 6  56  32  44  -4  21   0 0.00    M    M  1.9  9  20   M    M   0 8      12  50
 7  60  35  48   0  17   0 0.00    M    M  2.6 10  30   M    M   0 8      14  10
 8  64  36  50   2  15   0 0.00    M    M  2.7  7  40   M    M   0 8      10  10
 9  65  40  53   4  12   0 0.00    M    M  3.2  8  60   M    M   0 8      11 340
10  67  39  53   4  12   0 0.00    M    M  3.7  8  50   M    M   0        11  40
11  65  41  53   4  12   0 0.00    M    M  3.5 10  40   M    M   0        12 130
12  65  50  58   9   7   0    T    M    M  4.2 17 350   M    M   M        21 350
13  68  44  56   6   9   0    T    M    M  4.3 14  40   M    M   M        19  40
14  70  45  58   8   7   0 0.00    M    M  3.8 10  40   M    M   M        14  50
15  72  45  59   9   6   0 0.00    M    M  3.9  9 360   M    M   M        13  20
16  74  45  60  10   5   0 0.00    M    M  3.5  8  60   M    M   M        13  50
17  73  47  60   9   5   0 0.00    M    M  3.5  8 250   M    M   M        12 250
18  74  56  65  14   0   0 0.00    M    M  5.3 14 320   M    M   M        21 290
19  69  53  61  10   4   0 0.00    M    M   M  10  70   M    M   0        14  70
20  70  46  58   7   7   0 0.00    M    M  4.6 13  70   M    M   0        18  80
21  75  45  60   8   5   0 0.00    M    M  4.4  8 270   M    M   0        14 280
22  75  47  61   9   4   0 0.00    M    M  4.5 13 210   M    M   0        19 190
23  75  48  62  10   3   0 0.00    M    M  6.4 17 280   M    M   0        26 290
24  72  46  59   7   6   0 0.00    M    M  5.4 15 280   M    M   0        22 290
25  68  49  59   6   6   0 0.00    M    M  5.3 15 300   M    M   1        22 300
26  69  42  56   3   9   0 0.00    M    M  3.0  9  50   M    M   0        15  30
27  77  46  62   9   3   0 0.00    M    M  3.3  8  30   M    M   0        12  50
================================================================================
SM 1759 1145       298   0  0.76    M    100.6          M       27
================================================================================
AV 65.1 42.4                               3.9 FASTST   M    M   1    MAX(MPH)
                                 MISC ---->  # 17 350               # 26  290
================================================================================
NOTES:
# LAST OF SEVERAL OCCURRENCES

COLUMN 17 PEAK WIND IN M.P.H.

PRELIMINARY LOCAL CLIMATOLOGICAL DATA (WS FORM: F-6) , PAGE 2

                                          STATION:  PAGE AZ AIRPORT
                                          MONTH:    MARCH
                                          YEAR:     2015
                                          LATITUDE:   36 55 N
                                          LONGITUDE: 111 27 W

[TEMPERATURE DATA]      [PRECIPITATION DATA]       SYMBOLS USED IN COLUMN 16

AVERAGE MONTHLY: 53.8   TOTAL FOR MONTH:   0.76    1 = FOG OR MIST
DPTR FM NORMAL:   4.0   DPTR FM NORMAL:    0.14    2 = FOG REDUCING VISIBILITY
HIGHEST:    77 ON 27    GRTST 24HR  0.47 ON  1- 1      TO 1/4 MILE OR LESS
LOWEST:     30 ON  5, 4                            3 = THUNDER
                        SNOW, ICE PELLETS, HAIL    4 = ICE PELLETS
                        TOTAL MONTH:    M          5 = HAIL
                        GRTST 24HR    M  ON   M    6 = FREEZING RAIN OR DRIZZLE
                        GRTST DEPTH:  M  ON   M    7 = DUSTSTORM OR SANDSTORM:
                                                       VSBY 1/2 MILE OR LESS
                                                   8 = SMOKE OR HAZE
[NO. OF DAYS WITH]      [WEATHER - DAYS WITH]      9 = BLOWING SNOW
                                                   X = TORNADO
MAX 32 OR BELOW:   0    0.01 INCH OR MORE:   2
MAX 90 OR ABOVE:   0    0.10 INCH OR MORE:   2
MIN 32 OR BELOW:   3    0.50 INCH OR MORE:   0
MIN  0 OR BELOW:   0    1.00 INCH OR MORE:   0

[HDD (BASE 65) ]
TOTAL THIS MO.   298    CLEAR  (SCALE 0-3)  17
DPTR FM NORMAL  -114    PTCLDY (SCALE 4-7)   2
TOTAL FM JUL 1  2897    CLOUDY (SCALE 8-10)  1
DPTR FM NORMAL  -710

[CDD (BASE 65) ]
TOTAL THIS MO.     0
DPTR FM NORMAL     0    [PRESSURE DATA]
TOTAL FM JAN 1     0    HIGHEST SLP M ON M
DPTR FM NORMAL     0    LOWEST  SLP 29.71 ON  2

[REMARKS]
