000
CXUS55 KTBW 011000
CF6PGD
PRELIMINARY LOCAL CLIMATOLOGICAL DATA (WS FORM: F-6)

                                          STATION:   Punta Gorda
                                          MONTH:     JUNE
                                          YEAR:      2015
                                          LATITUDE:   26 55 N
                                          LONGITUDE:  82  0 W

  TEMPERATURE IN F:       :PCPN:    SNOW:  WIND      :SUNSHINE: SKY     :PK WND
================================================================================
1   2   3   4   5  6A  6B    7    8   9   10  11  12  13   14  15   16   17  18
                                     12Z  AVG MX 2MIN
DY MAX MIN AVG DEP HDD CDD  WTR  SNW DPTH SPD SPD DIR MIN PSBL S-S WX    SPD DR
================================================================================

 1  87  69  78  -2   0  13 0.41  0.0    0  5.4 22 180   M    M   2 3      27 130
 2  81  67  74  -6   0   9 1.39  0.0    0  5.0 21 150   M    M   5 1      24 150
 3  88  67  78  -3   0  13 0.23  0.0    0  5.8 14  50   M    M   5 1      19  70
 4  92  67  80  -1   0  15 0.00  0.0    0  6.1 14 100   M    M   2 1      18 110
 5  91  70  81   0   0  16    T  0.0    0  6.0 17  50   M    M   1        22  50
 6  90  69  80  -1   0  15    T  0.0    0  4.8 25 310   M    M   1 13     29 300
 7  93  67  80  -1   0  15    T  0.0    0  4.4 17 100   M    M   2 13     23  90
 8  94  67  81   0   0  16    T  0.0    0  5.8 22 180   M    M   4 13     27 180
 9  92  70  81   0   0  16 0.11  0.0    0  4.9 24 110   M    M   1 13     29 110
10  90  70  80  -1   0  15 2.22  0.0    0  9.1 22 280   M    M   4 13     27 240
11  90  68  79  -2   0  14 1.29  0.0    0  7.6 26 160   M    M   1 13     33 160
12  93  73  83   1   0  18 0.02  0.0    0  9.0 33 100   M    M   2 13     43 100
13  93  72  83   1   0  18 0.00  0.0    0  9.6 16 100   M    M   1 1      22 130
14  93  72  83   1   0  18 0.00  0.0    0  8.8 17  90   M    M   1 13     22 110
15  94  71  83   1   0  18 0.45  0.0    0  5.7 31 190   M    M   2 13     39 190
16  94  70  82   0   0  17    T  0.0    0  5.1 16 120   M    M   2 3      21 130
17  94  74  84   2   0  19 0.00  0.0    0  6.8 18 210   M    M   3 3      24 200
18  94  73  84   2   0  19 0.22  0.0    0  4.9 16  80   M    M   4 13     21  70
19  96  74  85   3   0  20 0.45  0.0    0  4.2 22  50   M    M   2 13     32  40
20  95  73  84   2   0  19 0.00  0.0    0  4.9 18 300   M    M   2 3      22 290
21  94  74  84   2   0  19 0.77  0.0    0  3.3 32  90   M    M   4 3      43  70
22  95  75  85   3   0  20 0.38  0.0    0  5.8 25 120   M    M   2 13X    34 130
23  91  73  82   0   0  17 0.50  0.0    0  5.2 18  10   M    M   4 13     25  40
24  93  71  82   0   0  17 0.00  0.0    0  5.7 16 220   M    M   2 3      22  10
25  92  73  83   1   0  18    T  0.0    0  5.4 23  60   M    M   1 3      28  60
26  91  72  82   0   0  17 0.00  0.0    0  6.3 14 330   M    M   0 3      27 330
27  91  74  83   1   0  18 0.01  0.0    0  6.3 17 310   M    M   1 1      30 320
28  91  72  82   0   0  17 0.00  0.0    0  8.0 18 240   M    M   1        26 230
29  91  74  83   1   0  18 0.02  0.0    0  7.3 22 270   M    M   2 3      27 270
30  94  71  83   1   0  18 0.00  0.0    0  5.3 14 300   M    M   1        16 280
================================================================================
SM 2757 2132         0 502  8.47     0.0 182.5          M       65
================================================================================
AV 91.9 71.1                               6.1 FASTST   M    M   2    MAX(MPH)
                                 MISC ---->  # 33 100               # 43  100
================================================================================
NOTES:
# LAST OF SEVERAL OCCURRENCES

COLUMN 17 PEAK WIND IN M.P.H.

PRELIMINARY LOCAL CLIMATOLOGICAL DATA (WS FORM: F-6) , PAGE 2

                                          STATION:  Punta Gorda
                                          MONTH:    JUNE
                                          YEAR:     2015
                                          LATITUDE:   26 55 N
                                          LONGITUDE:  82  0 W

[TEMPERATURE DATA]      [PRECIPITATION DATA]       SYMBOLS USED IN COLUMN 16

AVERAGE MONTHLY: 81.5   TOTAL FOR MONTH:   8.47    1 = FOG OR MIST
DPTR FM NORMAL:  -0.1   DPTR FM NORMAL:   -0.06    2 = FOG REDUCING VISIBILITY
HIGHEST:    96 ON 19    GRTST 24HR  3.50 ON 10-11      TO 1/4 MILE OR LESS
LOWEST:     67 ON  8, 7                            3 = THUNDER
                        SNOW, ICE PELLETS, HAIL    4 = ICE PELLETS
                        TOTAL MONTH:   0.0 INCH    5 = HAIL
                        GRTST 24HR     0.0         6 = FREEZING RAIN OR DRIZZLE
                        GRTST DEPTH:   0           7 = DUSTSTORM OR SANDSTORM:
                                                       VSBY 1/2 MILE OR LESS
                                                   8 = SMOKE OR HAZE
[NO. OF DAYS WITH]      [WEATHER - DAYS WITH]      9 = BLOWING SNOW
                                                   X = TORNADO
MAX 32 OR BELOW:   0    0.01 INCH OR MORE:  15
MAX 90 OR ABOVE:  27    0.10 INCH OR MORE:  12
MIN 32 OR BELOW:   0    0.50 INCH OR MORE:   5
MIN  0 OR BELOW:   0    1.00 INCH OR MORE:   3

[HDD (BASE 65) ]
TOTAL THIS MO.     0    CLEAR  (SCALE 0-3)  22
DPTR FM NORMAL     0    PTCLDY (SCALE 4-7)   8
TOTAL FM JUL 1   382    CLOUDY (SCALE 8-10)  0
DPTR FM NORMAL   -14

[CDD (BASE 65) ]
TOTAL THIS MO.   502
DPTR FM NORMAL     4    [PRESSURE DATA]
TOTAL FM JAN 1  1615    HIGHEST SLP 30.19 ON 23
DPTR FM NORMAL   241    LOWEST  SLP 29.88 ON  3

[REMARKS]
#FINAL-06-15#
