000
CXUS51 KPBZ 300804
CF6PHD
PRELIMINARY LOCAL CLIMATOLOGICAL DATA (WS FORM: F-6)

                                          STATION:   NEW PHILADELPHIA OH
                                          MONTH:     JUNE
                                          YEAR:      2015
                                          LATITUDE:   40 28 N
                                          LONGITUDE:  81 25 W

  TEMPERATURE IN F:       :PCPN:    SNOW:  WIND      :SUNSHINE: SKY     :PK WND
================================================================================
1   2   3   4   5  6A  6B    7    8   9   10  11  12  13   14  15   16   17  18
                                     12Z  AVG MX 2MIN
DY MAX MIN AVG DEP HDD CDD  WTR  SNW DPTH SPD SPD DIR MIN PSBL S-S WX    SPD DR
================================================================================

 1  58  50  54 -11  11   0    T    M    M  6.4 12 340   M    M  10 18     15 330
 2  65  54  60  -5   5   0 0.00    M    M  4.9  8 110   M    M   9 1       M  M
 3  75  53  64  -1   1   0 0.00    M    M  4.6 12 100   M    M   6 18     15 100
 4  81  57  69   3   0   4 0.00    M    M  3.7 10 150   M    M   5        14 100
 5  87  65  76  10   0  11 0.00    M    M  4.7 15 330   M    M   6 13     21 300
 6  80  60  70   4   0   5 0.00    M    M  5.0 13  30   M    M   5 8      20  50
 7  85  54  70   4   0   5 0.00    M    M  6.0 15 220   M    M   2        22 230
 8  81  66  74   7   0   9 0.12    M    M  6.1 16 230   M    M   6 138    28 180
 9  79  61  70   3   0   5 0.02    M    M  5.8 14 260   M    M   6 1      19 240
10  90  58  74   7   0   9 0.00    M    M  6.3 14 210   M    M   2 18     25 200
11  93  73  83  15   0  18 0.00    M    M  5.0 12 180   M    M   1 8      15 220
12  93  68  81  13   0  16 0.05    M    M  5.6 21 300   M    M   2 138    31 310
13  89  71  80  12   0  15    T    M    M  3.9 24 240   M    M   4 138    35 240
14  89  72  81  13   0  16 0.41    M    M  3.9 16 210   M    M   7 138    22 210
15  87  72  80  11   0  15 0.71    M    M  4.8 20 270   M    M   4 1238   26 280
16  83  66  75   6   0  10 1.33    M    M  5.7 12 340   M    M   4 13     20 340
17  74  59  67  -2   0   2 0.23    M    M  2.5 12 130   M    M   6 1      17 100
18  86  69  78   9   0  13 0.04    M    M  3.9 16 300   M    M   6 138    23 240
19  77  67  72   2   0   7 0.04    M    M  2.3 10 340   M    M   8 18     18 330
20  74  67  71   1   0   6 0.12    M    M  3.2 13  90   M    M  10 12     17 110
21  86  69  78   8   0  13    T    M    M  4.8 14 280   M    M   5 128    20 240
22  86  64  75   5   0  10 0.00    M    M  5.8 14 190   M    M   2 128    22 160
23  87  63  75   5   0  10 0.13    M    M  8.0 21 290   M    M   3 38     30 280
24  83  59  71   0   0   6 0.00    M    M  1.6 10 320   M    M   2 1      15  10
25  77  64  71   0   0   6 0.28    M    M  0.8 13 250   M    M   7 12     19 240
26  81  65  73   2   0   8 0.01    M    M  3.0 10  50   M    M   5 128    17  50
27  76  59  68  -3   0   3 1.15    M    M  9.3 17 220   M    M   7 18     27 220
28  70  54  62  -9   3   0 0.07    M    M  8.3 21 310   M    M   8 1      30 320
29  71  52  62  -9   3   0 0.08    M    M  3.5 13  80   M    M   5 1      19  60
================================================================================
SM 2343 1811        23 222  4.79    M    139.4          M      153
================================================================================
AV 80.8 62.4                               4.8 FASTST   M    M   5    MAX(MPH)
                                 MISC ---->  # 24 240               # 35  240
================================================================================
NOTES:
# LAST OF SEVERAL OCCURRENCES

COLUMN 17 PEAK WIND IN M.P.H.

PRELIMINARY LOCAL CLIMATOLOGICAL DATA (WS FORM: F-6) , PAGE 2

                                          STATION:  NEW PHILADELPHIA OH
                                          MONTH:    JUNE
                                          YEAR:     2015
                                          LATITUDE:   40 28 N
                                          LONGITUDE:  81 25 W

[TEMPERATURE DATA]      [PRECIPITATION DATA]       SYMBOLS USED IN COLUMN 16

AVERAGE MONTHLY: 71.6   TOTAL FOR MONTH:   4.79    1 = FOG OR MIST
DPTR FM NORMAL:   3.2   DPTR FM NORMAL:    1.14    2 = FOG REDUCING VISIBILITY
HIGHEST:    93 ON 12,11 GRTST 24HR  1.74 ON 15-16      TO 1/4 MILE OR LESS
LOWEST:     50 ON  1                               3 = THUNDER
                        SNOW, ICE PELLETS, HAIL    4 = ICE PELLETS
                        TOTAL MONTH:    M          5 = HAIL
                        GRTST 24HR    M  ON   M    6 = FREEZING RAIN OR DRIZZLE
                        GRTST DEPTH:  M  ON   M    7 = DUSTSTORM OR SANDSTORM:
                                                       VSBY 1/2 MILE OR LESS
                                                   8 = SMOKE OR HAZE
[NO. OF DAYS WITH]      [WEATHER - DAYS WITH]      9 = BLOWING SNOW
                                                   X = TORNADO
MAX 32 OR BELOW:   0    0.01 INCH OR MORE:  16
MAX 90 OR ABOVE:   3    0.10 INCH OR MORE:   9
MIN 32 OR BELOW:   0    0.50 INCH OR MORE:   3
MIN  0 OR BELOW:   0    1.00 INCH OR MORE:   2

[HDD (BASE 65) ]
TOTAL THIS MO.    23    CLEAR  (SCALE 0-3)   7
DPTR FM NORMAL   -10    PTCLDY (SCALE 4-7)  18
TOTAL FM JUL 1  5920    CLOUDY (SCALE 8-10)  4
DPTR FM NORMAL   278

[CDD (BASE 65) ]
TOTAL THIS MO.   222
DPTR FM NORMAL    85    [PRESSURE DATA]
TOTAL FM JAN 1   383    HIGHEST SLP M ON M
DPTR FM NORMAL   203    LOWEST  SLP 29.61 ON 27

[REMARKS]
