000
CXUS51 KPBZ 280804
CF6PHD
PRELIMINARY LOCAL CLIMATOLOGICAL DATA (WS FORM: F-6)

                                          STATION:   NEW PHILADELPHIA OH
                                          MONTH:     SEPTEMBER
                                          YEAR:      2016
                                          LATITUDE:   40 28 N
                                          LONGITUDE:  81 25 W

  TEMPERATURE IN F:       :PCPN:    SNOW:  WIND      :SUNSHINE: SKY     :PK WND
================================================================================
1   2   3   4   5  6A  6B    7    8   9   10  11  12  13   14  15   16   17  18
                                     12Z  AVG MX 2MIN
DY MAX MIN AVG DEP HDD CDD  WTR  SNW DPTH SPD SPD DIR MIN PSBL S-S WX    SPD DR
================================================================================

 1  81  59  70   1   0   5 0.00    M    M  5.6 16 360   M    M   3        22  10
 2  79  55  67  -2   0   2 0.00    M    M  4.5 14  50   M    M   2 18     20  70
 3  83  55  69   1   0   4 0.00    M    M  2.3 13  60   M    M   0 1      17  90
 4  86  54  70   2   0   5 0.00    M    M  1.4  9  60   M    M   0 1      13  30
 5  88  56  72   4   0   7 0.00    M    M  1.4  8 250   M    M   0 1      11 270
 6  93  61  77   9   0  12 0.12    M    M  2.1 10 250   M    M   2 18     14 240
 7  93  69  81  14   0  16    T    M    M  4.6 14 240   M    M   1 18     20 230
 8  91  74  83  16   0  18 0.54    M    M  6.4 16 220   M    M   2 13     28 230
 9  85  73  79  12   0  14 0.24    M    M  1.7  7 320   M    M   8 1      10 200
10  92  69  81  15   0  16 0.46    M    M  7.6 24 300   M    M   6 13     32 290
11  79  57  68   2   0   3 0.00    M    M  4.6 14 300   M    M   3        19 320
12  82  53  68   2   0   3 0.00    M    M  0.6  9 200   M    M   0        13 120
13  85  55  70   5   0   5 0.00    M    M  2.2 10 250   M    M   1 128    17 260
14  82  56  69   4   0   4 0.02    M    M  3.6 14  20   M    M   4 12     19  10
15  79  54  67   3   0   2 0.00    M    M  2.3 12  10   M    M   0        14  10
16  85  52  69   5   0   4 0.00    M    M  2.1  9 210   M    M   0        14 220
17  83  68  76  12   0  11 0.25    M    M  5.5 14 240   M    M   6 13     22 250
18  82  68  75  12   0  10 0.00    M    M  2.8 10 170   M    M   8 13     17 170
19  85  62  74  11   0   9 0.00    M    M  1.6  8 350   M    M   5 1      12  20
20  88  56  72  10   0   7 0.00    M    M  0.9  7 350   M    M   1 12     10 170
21  88  56  72  10   0   7 0.00    M    M  1.0 12 300   M    M   0        15 310
22  89  57  73  11   0   8 0.00    M    M  1.5  9 120   M    M   0 1      12 170
23  90  59  75  14   0  10 0.00    M    M  2.9 12 300   M    M   1        14  10
24  79  54  67   6   0   2 0.00    M    M  4.8 14  10   M    M   3        19 340
25  80  47  64   4   1   0 0.00    M    M  2.4  9 170   M    M   0        12 160
26  74  52  63   3   2   0 0.09    M    M  3.5 18 300   M    M   4 128    25 290
27  74  46  60   0   5   0 0.00    M    M  5.3 17 200   M    M   1 12     26 200
================================================================================
SM 2275 1577         8 184  1.72    M     85.2          M       61
================================================================================
AV 84.3 58.4                               3.2 FASTST   M    M   2    MAX(MPH)
                                 MISC ---->  # 24 300               # 32  290
================================================================================
NOTES:
# LAST OF SEVERAL OCCURRENCES

COLUMN 17 PEAK WIND IN M.P.H.

PRELIMINARY LOCAL CLIMATOLOGICAL DATA (WS FORM: F-6) , PAGE 2

                                          STATION:  NEW PHILADELPHIA OH
                                          MONTH:    SEPTEMBER
                                          YEAR:     2016
                                          LATITUDE:   40 28 N
                                          LONGITUDE:  81 25 W

[TEMPERATURE DATA]      [PRECIPITATION DATA]       SYMBOLS USED IN COLUMN 16

AVERAGE MONTHLY: 71.3   TOTAL FOR MONTH:   1.72    1 = FOG OR MIST
DPTR FM NORMAL:   6.7   DPTR FM NORMAL:   -1.28    2 = FOG REDUCING VISIBILITY
HIGHEST:    93 ON  7, 6 GRTST 24HR  0.91 ON 31- 1      TO 1/4 MILE OR LESS
LOWEST:     46 ON 27                               3 = THUNDER
                        SNOW, ICE PELLETS, HAIL    4 = ICE PELLETS
                        TOTAL MONTH:    M          5 = HAIL
                        GRTST 24HR    M  ON   M    6 = FREEZING RAIN OR DRIZZLE
                        GRTST DEPTH:  M  ON   M    7 = DUSTSTORM OR SANDSTORM:
                                                       VSBY 1/2 MILE OR LESS
                                                   8 = SMOKE OR HAZE
[NO. OF DAYS WITH]      [WEATHER - DAYS WITH]      9 = BLOWING SNOW
                                                   X = TORNADO
MAX 32 OR BELOW:   0    0.01 INCH OR MORE:   7
MAX 90 OR ABOVE:   5    0.10 INCH OR MORE:   5
MIN 32 OR BELOW:   0    0.50 INCH OR MORE:   1
MIN  0 OR BELOW:   0    1.00 INCH OR MORE:   0

[HDD (BASE 65) ]
TOTAL THIS MO.     8    CLEAR  (SCALE 0-3)  19
DPTR FM NORMAL   -68    PTCLDY (SCALE 4-7)   8
TOTAL FM JUL 1     8    CLOUDY (SCALE 8-10)  0
DPTR FM NORMAL   -78

[CDD (BASE 65) ]
TOTAL THIS MO.   184
DPTR FM NORMAL   121    [PRESSURE DATA]
TOTAL FM JAN 1  1312    HIGHEST SLP M ON M
DPTR FM NORMAL   627    LOWEST  SLP 29.78 ON 10

[REMARKS]
