000
CXUS53 KILX 282300
CF6PIA
PRELIMINARY LOCAL CLIMATOLOGICAL DATA (WS FORM: F-6)

                                          STATION:   PEORIA IL
                                          MONTH:     APRIL
                                          YEAR:      2017
                                          LATITUDE:   40 40 N
                                          LONGITUDE:  89 41 W

  TEMPERATURE IN F:       :PCPN:    SNOW:  WIND      :SUNSHINE: SKY     :PK WND
================================================================================
1   2   3   4   5  6A  6B    7    8   9   10  11  12  13   14  15   16   17  18
                                     12Z  AVG MX 2MIN
DY MAX MIN AVG DEP HDD CDD  WTR  SNW DPTH SPD SPD DIR MIN PSBL S-S WX    SPD DR
================================================================================

 1  59  36  48   1  17   0 0.00  0.0    0  3.8 10 140   M    M   0        14  90
 2  60  45  53   6  12   0    T  0.0    0  6.9 16 150   M    M   7        20 150
 3  56  50  53   5  12   0 0.38  0.0    0  6.4 15  20   M    M   9 1      24  30
 4  55  49  52   4  13   0 0.15  0.0    0  7.5 16  70   M    M   9 1      21  70
 5  49  40  45  -3  20   0 0.91  0.0    0 15.5 30  70   M    M  10 135    40  70
 6  54  41  48  -1  17   0    T  0.0    0 11.1 18 320   M    M   5        29 310
 7  59  35  47  -2  18   0 0.00  0.0    0  5.5 13 310   M    M   0        18 360
 8  73  41  57   7   8   0 0.00  0.0    0 13.1 23 170   M    M   0        32 180
 9  76  55  66  16   0   1 0.00  0.0    0 17.0 28 180   M    M   1        38 170
10  72  53  63  13   2   0 1.22  0.0    0 11.5 31 290   M    M   4 13     39 270
11  58  43  51   0  14   0 0.00  0.0    0  7.2 16 280   M    M   5        20 260
12  68  39  54   3  11   0 0.00  0.0    0  5.4 14 160   M    M   0        18 150
13  77  53  65  13   0   0 0.00  0.0    0  7.1 14  70   M    M   4        17 330
14  80  52  66  14   0   1 0.21  0.0    0  8.3 35 230   M    M   3 13     42 240
15  81  62  72  20   0   7 0.00  0.0    0 15.0 28 220   M    M   1        34 200
16  72  59  66  13   0   1 0.35  0.0    0  6.9 20 320   M    M   4 13     29 310
17  73  48  61   8   4   0 0.00  0.0    0  3.5 13 200   M    M   1        18 190
18  76  50  63  10   2   0 0.00  0.0    0  9.9 24 180   M    M   1        30 180
19  82  59  71  17   0   6    T  0.0    0  7.7 20 170   M    M   3        25 170
20  71  52  62   8   3   0 0.03  0.0    0 12.7 22 320   M    M   5 1      30 300
21  57  46  52  -2  13   0 0.00  0.0    0  9.2 17  70   M    M   2        23  60
22  65  44  55   0  10   0 0.00  0.0    0 11.5 23  80   M    M   0        30  80
23  72  36  54  -1  11   0 0.00  0.0    0  4.1 16  80   M    M   0        20  70
24  77  43  60   4   5   0 0.00  0.0    0  7.1 17 160   M    M   0        22 140
25  80  53  67  11   0   2 0.00  0.0    0 12.1 24 160   M    M   0        35 140
26  70  50  60   4   5   0 0.51  0.0    0  8.3 30 220   M    M   7 13     42 220
27  52  41  47  -9  18   0 0.43    M    0 11.1 20 270   M    M  10 1      26 290
================================================================================
SM 1824 1275       215  18  4.19     0.0 245.4          M       91
================================================================================
AV 67.6 47.2                               9.1 FASTST   M    M   3    MAX(MPH)
                                 MISC ---->  # 35 230               # 42  240
================================================================================
NOTES:
# LAST OF SEVERAL OCCURRENCES

COLUMN 17 PEAK WIND IN M.P.H.

PRELIMINARY LOCAL CLIMATOLOGICAL DATA (WS FORM: F-6) , PAGE 2

                                          STATION:  PEORIA IL
                                          MONTH:    APRIL
                                          YEAR:     2017
                                          LATITUDE:   40 40 N
                                          LONGITUDE:  89 41 W

[TEMPERATURE DATA]      [PRECIPITATION DATA]       SYMBOLS USED IN COLUMN 16

AVERAGE MONTHLY: 57.4   TOTAL FOR MONTH:   4.19    1 = FOG OR MIST
DPTR FM NORMAL:   5.6   DPTR FM NORMAL:    0.95    2 = FOG REDUCING VISIBILITY
HIGHEST:    82 ON 19    GRTST 24HR  1.22 ON 10-10      TO 1/4 MILE OR LESS
LOWEST:     35 ON  7                               3 = THUNDER
                        SNOW, ICE PELLETS, HAIL    4 = ICE PELLETS
                        TOTAL MONTH:   0.0 INCH    5 = HAIL
                        GRTST 24HR     0.0         6 = FREEZING RAIN OR DRIZZLE
                        GRTST DEPTH:   0           7 = DUSTSTORM OR SANDSTORM:
                                                       VSBY 1/2 MILE OR LESS
                                                   8 = SMOKE OR HAZE
[NO. OF DAYS WITH]      [WEATHER - DAYS WITH]      9 = BLOWING SNOW
                                                   X = TORNADO
MAX 32 OR BELOW:   0    0.01 INCH OR MORE:   9
MAX 90 OR ABOVE:   0    0.10 INCH OR MORE:   8
MIN 32 OR BELOW:   0    0.50 INCH OR MORE:   3
MIN  0 OR BELOW:   0    1.00 INCH OR MORE:   1

[HDD (BASE 65) ]
TOTAL THIS MO.   215    CLEAR  (SCALE 0-3)  14
DPTR FM NORMAL  -154    PTCLDY (SCALE 4-7)   9
TOTAL FM JUL 1  4514    CLOUDY (SCALE 8-10)  4
DPTR FM NORMAL -1127

[CDD (BASE 65) ]
TOTAL THIS MO.    18
DPTR FM NORMAL     8    [PRESSURE DATA]
TOTAL FM JAN 1    18    HIGHEST SLP M ON M
DPTR FM NORMAL     7    LOWEST  SLP 29.32 ON  3

[REMARKS]
