000
CXUS55 KPIH 211200
CF6PIH

PRELIMINARY LOCAL CLIMATOLOGICAL DATA (WS FORM: F-6)

                                          STATION:   POCATELLO ID
                                          MONTH:     JULY
                                          YEAR:      2017
                                          LATITUDE:   42 55 N
                                          LONGITUDE: 112 36 W

  TEMPERATURE IN F:       :PCPN:    SNOW:  WIND      :SUNSHINE: SKY     :PK WND
================================================================================
1   2   3   4   5  6A  6B    7    8   9   10  11  12  13   14  15   16   17  18
                                     12Z  AVG MX 2MIN
DY MAX MIN AVG DEP HDD CDD  WTR  SNW DPTH SPD SPD DIR MIN PSBL S-S WX    SPD DR
================================================================================

 1  89  44  67   0   0   2 0.00  0.0    0  6.1 14 300   M    M   1        18 300
 2  94  52  73   6   0   8 0.00  0.0    0  7.5 20  70   M    M   2        24  60
 3  95  53  74   7   0   9 0.00  0.0    0  9.4 22 250   M    M   1        26 230
 4  97  54  76   8   0  11 0.00  0.0    0  6.9 14 210   M    M   0        17 200
 5 100  55  78  10   0  13 0.00  0.0    0  5.9 15 220   M    M   1        20 220
 6  98  53  76   8   0  11 0.00  0.0    0  4.7 29 320   M    M   1        36 320
 7  97  57  77   9   0  12    T  0.0    0  6.8 21  20   M    M   0        27  30
 8  98  52  75   6   0  10 0.00  0.0    0  6.5 29 190   M    M   1        35 190
 9  96  58  77   8   0  12 0.01  0.0    0  5.5 25 290   M    M   1        36 290
10  94  59  77   8   0  12 0.00  0.0    0  8.2 23 270   M    M   1        27 270
11  91  51  71   2   0   6 0.00  0.0    0 11.5 22 240   M    M   0        27 230
12  92  56  74   4   0   9 0.00  0.0    0  8.3 16 250   M    M   1        21 240
13  96  51  74   4   0   9 0.00  0.0    0  7.0 26 150   M    M   1        36 160
14  96  54  75   5   0  10 0.00  0.0    0  5.7 16 180   M    M   0        21 180
15 100  63  82  12   0  17 0.00  0.0    0  6.4 40 230   M    M   2 8      47 230
16  87  55  71   1   0   6    T  0.0    0 11.2 25 220   M    M   1        34 220
17  93  53  73   3   0   8 0.00  0.0    0  8.7 21 240   M    M   0        25 250
18  95  49  72   1   0   7 0.00  0.0    0  5.4 14 290   M    M   0 8      18 280
19  95  53  74   3   0   9 0.00  0.0    0  6.1 17 250   M    M   0        20 240
20  92  60  76   5   0  11 0.01  0.0    0  9.2 22 270   M    M   2 3      33 270
================================================================================
SM 1895 1082         0 192  0.02     0.0 147.0          M       16
================================================================================
AV 94.8 54.1                               7.3 FASTST   M    M   1    MAX(MPH)
                                 MISC ---->  # 40 230               # 47  230
================================================================================
NOTES:
# LAST OF SEVERAL OCCURRENCES
SNOWFALL/DEPTH ALWAYS AUGMENTED BY WFO POCATELLO

COLUMN 17 PEAK WIND IN M.P.H.

PRELIMINARY LOCAL CLIMATOLOGICAL DATA (WS FORM: F-6) , PAGE 2

                                          STATION:  POCATELLO ID
                                          MONTH:    JULY
                                          YEAR:     2017
                                          LATITUDE:   42 55 N
                                          LONGITUDE: 112 36 W

[TEMPERATURE DATA]      [PRECIPITATION DATA]       SYMBOLS USED IN COLUMN 16

AVERAGE MONTHLY: 74.4   TOTAL FOR MONTH:   0.02    1 = FOG OR MIST
DPTR FM NORMAL:   5.3   DPTR FM NORMAL:   -0.39    2 = FOG REDUCING VISIBILITY
HIGHEST:   100 ON 15, 5 GRTST 24HR  0.01 ON 20-20      TO 1/4 MILE OR LESS
LOWEST:     44 ON  1                               3 = THUNDER
                        SNOW, ICE PELLETS, HAIL    4 = ICE PELLETS
                        TOTAL MONTH:   0.0 INCH    5 = HAIL
                        GRTST 24HR     0.0         6 = FREEZING RAIN OR DRIZZLE
                        GRTST DEPTH:   0           7 = DUSTSTORM OR SANDSTORM:
                                                       VSBY 1/2 MILE OR LESS
                                                   8 = SMOKE OR HAZE
[NO. OF DAYS WITH]      [WEATHER - DAYS WITH]      9 = BLOWING SNOW
                                                   X = TORNADO
MAX 32 OR BELOW:   0    0.01 INCH OR MORE:   2
MAX 90 OR ABOVE:  18    0.10 INCH OR MORE:   0
MIN 32 OR BELOW:   0    0.50 INCH OR MORE:   0
MIN  0 OR BELOW:   0    1.00 INCH OR MORE:   0

[HDD (BASE 65) ]
TOTAL THIS MO.     0    CLEAR  (SCALE 0-3)  20
DPTR FM NORMAL   -17    PTCLDY (SCALE 4-7)   0
TOTAL FM JUL 1     0    CLOUDY (SCALE 8-10)  0
DPTR FM NORMAL   -17

[CDD (BASE 65) ]
TOTAL THIS MO.   192
DPTR FM NORMAL    92    [PRESSURE DATA]
TOTAL FM JAN 1   255    HIGHEST SLP M ON M
DPTR FM NORMAL   104    LOWEST  SLP 29.74 ON 10

[REMARKS]
