000
CXUS55 KPIH 191200
CF6PIH

PRELIMINARY LOCAL CLIMATOLOGICAL DATA (WS FORM: F-6)

                                          STATION:   POCATELLO ID
                                          MONTH:     NOVEMBER
                                          YEAR:      2017
                                          LATITUDE:   42 55 N
                                          LONGITUDE: 112 36 W

  TEMPERATURE IN F:       :PCPN:    SNOW:  WIND      :SUNSHINE: SKY     :PK WND
================================================================================
1   2   3   4   5  6A  6B    7    8   9   10  11  12  13   14  15   16   17  18
                                     12Z  AVG MX 2MIN
DY MAX MIN AVG DEP HDD CDD  WTR  SNW DPTH SPD SPD DIR MIN PSBL S-S WX    SPD DR
================================================================================

 1  60  44  52  11  13   0 0.00  0.0    0 23.4 43 250   M    M   2        52 250
 2  60  43  52  12  13   0 0.00  0.0    0 11.3 26 260   M    M   7        31 260
 3  53  44  49   9  16   0    T  0.0    0 12.8 25 200   M    M   8        32 190
 4  44  29  37  -3  28   0 0.17  0.3    0 14.7 22 220   M    M   9 1      25 230
 5  44  29  37  -2  28   0 0.06    T    0  9.6 23 250   M    M   5 1      30 250
 6  39  31  35  -4  30   0    T    T    0 11.6 21 220   M    M   9 1      25 220
 7  38  21  30  -8  35   0    T  0.1    T  5.5 16 240   M    M   6 1      18 240
 8  44  22  33  -5  32   0 0.00  0.0    0  3.5 10 360   M    M   1        12  10
 9  58  27  43   6  22   0    T  0.0    0  7.7 20 180   M    M   7        24 180
10  53  34  44   7  21   0 0.00  0.0    0 10.1 28 250   M    M   5        33 260
11  49  25  37   1  28   0    T  0.0    0  9.9 24 220   M    M   6        29 210
12  58  18  38   2  27   0 0.00  0.0    0  4.4 18 170   M    M   0        21 180
13  60  22  41   5  24   0 0.00  0.0    0  6.2 17 180   M    M   0 8      21 190
14  50  28  39   4  26   0 0.01  0.0    0 15.8 33 230   M    M   5        40 230
15  49  19  34   0  31   0 0.06  0.0    0  4.2 13 340   M    M   5        16  80
16  50  36  43   9  22   0 0.64  0.0    0 14.6 31 190   M    M  10 1      40 190
17  42  28  35   1  30   0    T  0.0    0 19.4 36 260   M    M   6        42 260
18  42  24  33   0  32   0 0.00  0.0    0  7.7 18 220   M    M   1        23 210
================================================================================
SM  893  524       458   0  0.94     0.4 192.4          M       92
================================================================================
AV 49.6 29.1                              10.7 FASTST   M    M   5    MAX(MPH)
                                 MISC ---->  # 43 250               # 52  250
================================================================================
NOTES:
# LAST OF SEVERAL OCCURRENCES
SNOWFALL/DEPTH ALWAYS AUGMENTED BY WFO POCATELLO

COLUMN 17 PEAK WIND IN M.P.H.

PRELIMINARY LOCAL CLIMATOLOGICAL DATA (WS FORM: F-6) , PAGE 2

                                          STATION:  POCATELLO ID
                                          MONTH:    NOVEMBER
                                          YEAR:     2017
                                          LATITUDE:   42 55 N
                                          LONGITUDE: 112 36 W

[TEMPERATURE DATA]      [PRECIPITATION DATA]       SYMBOLS USED IN COLUMN 16

AVERAGE MONTHLY: 39.4   TOTAL FOR MONTH:   0.94    1 = FOG OR MIST
DPTR FM NORMAL:   2.3   DPTR FM NORMAL:    0.32    2 = FOG REDUCING VISIBILITY
HIGHEST:    60 ON 13, 2 GRTST 24HR  0.64 ON 16-16      TO 1/4 MILE OR LESS
LOWEST:     18 ON 12                               3 = THUNDER
                        SNOW, ICE PELLETS, HAIL    4 = ICE PELLETS
                        TOTAL MONTH:   0.4 INCH    5 = HAIL
                        GRTST 24HR   0.3 ON  4- 4  6 = FREEZING RAIN OR DRIZZLE
                        GRTST DEPTH:   T           7 = DUSTSTORM OR SANDSTORM:
                                                       VSBY 1/2 MILE OR LESS
                                                   8 = SMOKE OR HAZE
[NO. OF DAYS WITH]      [WEATHER - DAYS WITH]      9 = BLOWING SNOW
                                                   X = TORNADO
MAX 32 OR BELOW:   0    0.01 INCH OR MORE:   5
MAX 90 OR ABOVE:   0    0.10 INCH OR MORE:   2
MIN 32 OR BELOW:  13    0.50 INCH OR MORE:   1
MIN  0 OR BELOW:   0    1.00 INCH OR MORE:   0

[HDD (BASE 65) ]
TOTAL THIS MO.   458    CLEAR  (SCALE 0-3)   5
DPTR FM NORMAL   -44    PTCLDY (SCALE 4-7)   9
TOTAL FM JUL 1  1348    CLOUDY (SCALE 8-10)  4
DPTR FM NORMAL    39

[CDD (BASE 65) ]
TOTAL THIS MO.     0
DPTR FM NORMAL     0    [PRESSURE DATA]
TOTAL FM JAN 1   575    HIGHEST SLP M ON M
DPTR FM NORMAL   183    LOWEST  SLP 29.67 ON 16

[REMARKS]
