000
CXUS55 KPIH 311200
CF6PIH

PRELIMINARY LOCAL CLIMATOLOGICAL DATA (WS FORM: F-6)

                                          STATION:   POCATELLO ID
                                          MONTH:     JULY
                                          YEAR:      2015
                                          LATITUDE:   42 55 N
                                          LONGITUDE: 112 36 W

  TEMPERATURE IN F:       :PCPN:    SNOW:  WIND      :SUNSHINE: SKY     :PK WND
================================================================================
1   2   3   4   5  6A  6B    7    8   9   10  11  12  13   14  15   16   17  18
                                     12Z  AVG MX 2MIN
DY MAX MIN AVG DEP HDD CDD  WTR  SNW DPTH SPD SPD DIR MIN PSBL S-S WX    SPD DR
================================================================================

 1  96  61  79  12   0  14 0.00  0.0    0  9.4 17 230 580    M   0        22 230
 2  96  59  78  11   0  13 0.00  0.0    0  6.5 17 220 473    M   0        21 220
 3  98  57  78  11   0  13 0.00  0.0    0 11.1 22 240 579    M   0        28 210
 4  97  61  79  11   0  14 0.00  0.0    0  9.0 16 220 579    M   0        21 230
 5  86  69  78  10   0  13 0.01  0.0    0 13.6 24 180 339    M   3        30 210
 6  84  65  75   7   0  10 0.00  0.0    0  8.1 20 360 470    M   6        23 360
 7  90  59  75   7   0  10    T  0.0    0  6.1 18  20 665    M   3        23  20
 8  73  61  67  -2   0   2 0.20  0.0    0  5.0 13 350 404    M   9 13     15  10
 9  88  58  73   4   0   8 0.05  0.0    0  5.4 14 190 361    M   4 3      20  60
10  80  55  68  -1   0   3    T  0.0    0  8.1 26 190 492    M   3 3      34 190
11  78  47  63  -6   2   0 0.11  0.0    0  7.3 39 250 566    M   4 3      51 230
12  85  52  69  -1   0   4    T  0.0    0  5.9 26 290 616    M   2 3      34 290
13  83  55  69  -1   0   4 0.01  0.0    0  7.6 23 230 821    M   1 3      30 250
14  84  46  65  -5   0   0    T  0.0    0  6.6 17 310 620    M   3        20 300
15  84  57  71   1   0   6 0.17  0.0    0  8.6 23  60 753    M   4 13     29 300
16  87  48  68  -2   0   3 0.00  0.0    0 11.5 21 250 753    M   1        31 250
17  78  56  67  -3   0   2 0.00  0.0    0 12.8 23 230 693    M   1        27 210
18  79  51  65  -6   0   0 0.02  0.0    0  9.3 26 230 758    M   6        33 230
19  85  45  65  -6   0   0 0.00  0.0    0  5.8 14 260 637    M   1        21 290
20  84  50  67  -4   0   2 0.00  0.0    0  9.0 24 160 586    M   1        30 170
21  91  49  70  -1   0   5 0.00  0.0    0  8.9 28 230 748    M   1        34 240
22  87  56  72   1   0   7 0.06  0.0    0 10.1 25 220 765    M   4 3      30 220
23  86  57  72   1   0   7 0.25  0.0    0  7.3 47 290 702    M   6 3      58 280
24  84  55  70  -1   0   5 0.31  0.0    0  5.9 25 190 603    M   5 3      31 200
25  88  48  68  -3   0   3 0.00  0.0    0  5.9 18 280 613    M   2        24 280
26  88  55  72   1   0   7 0.00  0.0    0  9.4 22 250 633    M   0        27 240
27  69  44  57 -14   8   0 0.19  0.0    0 17.8 35 240 589    M   3 3      43 250
28  73  39  56 -15   9   0 0.00  0.0    0  2.9 12 360 803    M   1 1      16 330
29  82  39  61 -10   4   0 0.00  0.0    0  4.0 14 340 805    M   0        18 350
30  91  43  67  -4   0   2 0.00  0.0    0  4.2 10  90 804    M   0        14 330
================================================================================
SM 2554 1597        23 157  1.38     0.0 243.1        18810     74
================================================================================
AV 85.1 53.2                               8.1 FASTST  627   M   2    MAX(MPH)
                                 MISC ---->  # 47 290               # 58  280
================================================================================
NOTES:
# LAST OF SEVERAL OCCURRENCES

COLUMN 17 PEAK WIND IN M.P.H.

PRELIMINARY LOCAL CLIMATOLOGICAL DATA (WS FORM: F-6) , PAGE 2

                                          STATION:  POCATELLO ID
                                          MONTH:    JULY
                                          YEAR:     2015
                                          LATITUDE:   42 55 N
                                          LONGITUDE: 112 36 W

[TEMPERATURE DATA]      [PRECIPITATION DATA]       SYMBOLS USED IN COLUMN 16

AVERAGE MONTHLY: 69.2   TOTAL FOR MONTH:   1.38    1 = FOG OR MIST
DPTR FM NORMAL:  -0.5   DPTR FM NORMAL:    0.76    2 = FOG REDUCING VISIBILITY
HIGHEST:    98 ON  3    GRTST 24HR  0.32 ON 23-24      TO 1/4 MILE OR LESS
LOWEST:     39 ON 29,28                            3 = THUNDER
                        SNOW, ICE PELLETS, HAIL    4 = ICE PELLETS
                        TOTAL MONTH:   0.0 INCH    5 = HAIL
                        GRTST 24HR     0.0         6 = FREEZING RAIN OR DRIZZLE
                        GRTST DEPTH:   0           7 = DUSTSTORM OR SANDSTORM:
                                                       VSBY 1/2 MILE OR LESS
                                                   8 = SMOKE OR HAZE
[NO. OF DAYS WITH]      [WEATHER - DAYS WITH]      9 = BLOWING SNOW
                                                   X = TORNADO
MAX 32 OR BELOW:   0    0.01 INCH OR MORE:  11
MAX 90 OR ABOVE:   7    0.10 INCH OR MORE:   6
MIN 32 OR BELOW:   0    0.50 INCH OR MORE:   0
MIN  0 OR BELOW:   0    1.00 INCH OR MORE:   0

[HDD (BASE 65) ]
TOTAL THIS MO.    23    CLEAR  (SCALE 0-3)  19
DPTR FM NORMAL     6    PTCLDY (SCALE 4-7)  10
TOTAL FM JUL 1    23    CLOUDY (SCALE 8-10)  1
DPTR FM NORMAL     6

[CDD (BASE 65) ]
TOTAL THIS MO.   157
DPTR FM NORMAL    -8    [PRESSURE DATA]
TOTAL FM JAN 1   296    HIGHEST SLP M ON M
DPTR FM NORMAL    80    LOWEST  SLP 29.66 ON 26

[REMARKS]
