000
CXUS51 KPBZ 240904
CF6PIT
PRELIMINARY LOCAL CLIMATOLOGICAL DATA (WS FORM: F-6)

                                          STATION:   PITTSBURGH PA
                                          MONTH:     NOVEMBER
                                          YEAR:      2017
                                          LATITUDE:   40 30 N
                                          LONGITUDE:  80 13 W

  TEMPERATURE IN F:       :PCPN:    SNOW:  WIND      :SUNSHINE: SKY     :PK WND
================================================================================
1   2   3   4   5  6A  6B    7    8   9   10  11  12  13   14  15   16   17  18
                                     12Z  AVG MX 2MIN
DY MAX MIN AVG DEP HDD CDD  WTR  SNW DPTH SPD SPD DIR MIN PSBL S-S WX    SPD DR
================================================================================

 1  48  30  39  -9  26   0 0.45    T    0  3.5  9 350   M    M  10 1      13  40
 2  68  48  58  10   7   0 0.06  0.0    0  6.3 16 210   M    M  10 1      21 190
 3  64  42  53   6  12   0 0.03  0.0    0  9.2 23 340   M    M   8 1      28 340
 4  61  36  49   2  16   0 0.00  0.0    0  7.0 13 130   M    M   7        17 110
 5  70  52  61  14   4   0 0.82  0.0    0  7.0 16 320   M    M   9 13     19 320
 6  60  37  49   3  16   0 0.72  0.0    0  9.8 22 340   M    M   8 1      30 330
 7  39  35  37  -9  28   0 0.01  0.0    0  6.0 14  40   M    M   9 5      17  90
 8  50  31  41  -5  24   0 0.00  0.0    0  4.4 13  90   M    M   4        17  80
 9  53  26  40  -5  25   0 0.00  0.0    0  6.4 26 310   M    M   4        30 310
10  41  20  31 -14  34   0    T    T    0 13.4 24 330   M    M   7        32 320
11  37  17  27 -18  38   0 0.00  0.0    0  4.8 15  90   M    M   7        19  90
12  46  26  36  -8  29   0    T  0.0    0  1.9  9  50   M    M   9        12  40
13  45  37  41  -3  24   0 0.03    T    0  6.3 16 330   M    M  10 1      19 300
14  44  30  37  -7  28   0 0.00  0.0    0  2.6  7 200   M    M   8         9  10
15  47  27  37  -6  28   0 0.03  0.0    0  5.4 15 210   M    M   8 1      22 190
16  48  38  43   0  22   0    T  0.0    0 11.5 26 290   M    M  10 1      31 280
17  43  31  37  -6  28   0 0.00  0.0    0  5.2 15 330   M    M   9        18 330
18  61  32  47   5  18   0 1.69  0.0    0  7.8 37 300   M    M  10 1      46 300
19  47  32  40  -2  25   0 0.04    T    0 16.8 38 300   M    M  10 1      48 300
20  43  28  36  -5  29   0 0.00  0.0    0 10.0 22 280   M    M   4        29 280
21  56  31  44   3  21   0 0.00  0.0    0  9.7 26 210   M    M   5        36 230
22  47  28  38  -3  27   0 0.12    T    0  9.7 21 320   M    M  10 1      28 310
23  40  21  31  -9  34   0 0.00  0.0    0  3.2 10 200   M    M   5        12 240
================================================================================
SM 1158  735       543   0  4.00    T    167.9          M      181
================================================================================
AV 50.4 32.0                               7.3 FASTST   M    M   8    MAX(MPH)
                                 MISC ---->  # 38 300               # 48  300
================================================================================
NOTES:
# LAST OF SEVERAL OCCURRENCES

COLUMN 17 PEAK WIND IN M.P.H.

PRELIMINARY LOCAL CLIMATOLOGICAL DATA (WS FORM: F-6) , PAGE 2

                                          STATION:  PITTSBURGH PA
                                          MONTH:    NOVEMBER
                                          YEAR:     2017
                                          LATITUDE:   40 30 N
                                          LONGITUDE:  80 13 W

[TEMPERATURE DATA]      [PRECIPITATION DATA]       SYMBOLS USED IN COLUMN 16

AVERAGE MONTHLY: 41.2   TOTAL FOR MONTH:   4.00    1 = FOG OR MIST
DPTR FM NORMAL:  -3.1   DPTR FM NORMAL:    1.53    2 = FOG REDUCING VISIBILITY
HIGHEST:    70 ON  5    GRTST 24HR  1.69 ON 18-18      TO 1/4 MILE OR LESS
LOWEST:     17 ON 11                               3 = THUNDER
                        SNOW, ICE PELLETS, HAIL    4 = ICE PELLETS
                        TOTAL MONTH:    T          5 = HAIL
                        GRTST 24HR    T  ON 22-22  6 = FREEZING RAIN OR DRIZZLE
                        GRTST DEPTH:   0           7 = DUSTSTORM OR SANDSTORM:
                                                       VSBY 1/2 MILE OR LESS
                                                   8 = SMOKE OR HAZE
[NO. OF DAYS WITH]      [WEATHER - DAYS WITH]      9 = BLOWING SNOW
                                                   X = TORNADO
MAX 32 OR BELOW:   0    0.01 INCH OR MORE:  11
MAX 90 OR ABOVE:   0    0.10 INCH OR MORE:   5
MIN 32 OR BELOW:  15    0.50 INCH OR MORE:   3
MIN  0 OR BELOW:   0    1.00 INCH OR MORE:   1

[HDD (BASE 65) ]
TOTAL THIS MO.   543    CLEAR  (SCALE 0-3)   0
DPTR FM NORMAL    66    PTCLDY (SCALE 4-7)  11
TOTAL FM JUL 1   863    CLOUDY (SCALE 8-10) 12
DPTR FM NORMAL  -115

[CDD (BASE 65) ]
TOTAL THIS MO.     0
DPTR FM NORMAL     0    [PRESSURE DATA]
TOTAL FM JAN 1   864    HIGHEST SLP M ON M
DPTR FM NORMAL   128    LOWEST  SLP 29.11 ON 18

[REMARKS]
