000
CXUS55 KLOX 261155
CF6PMD
PRELIMINARY LOCAL CLIMATOLOGICAL DATA (WS FORM: F-6)

                                          STATION:   PALMDALE AIRPORT CA
                                          MONTH:     AUGUST
                                          YEAR:      2016
                                          LATITUDE:   34 37 N
                                          LONGITUDE: 118  5 W

  TEMPERATURE IN F:       :PCPN:    SNOW:  WIND      :SUNSHINE: SKY     :PK WND
================================================================================
1   2   3   4   5  6A  6B    7    8   9   10  11  12  13   14  15   16   17  18
                                     12Z  AVG MX 2MIN
DY MAX MIN AVG DEP HDD CDD  WTR  SNW DPTH SPD SPD DIR MIN PSBL S-S WX    SPD DR
================================================================================

 1  99  75  87   4   0  22 0.00  0.0    0 15.0 25 240   M    M   0        31 230
 2 102  72  87   4   0  22 0.00  0.0    0 11.4 23 250   M    M   0        27 250
 3  99  71  85   2   0  20 0.00  0.0    0 13.9 28 230   M    M   0        31 220
 4 100  71  86   3   0  21 0.00  0.0    0 10.2 22 240   M    M   0        25 240
 5  98  70  84   1   0  19 0.00  0.0    0 13.1 31 250   M    M   0        36 260
 6  97  68  83   1   0  18 0.00  0.0    0 10.8 25 250   M    M   0        35 240
 7  99  61  80  -2   0  15 0.00  0.0    0 11.8 26 260   M    M   0        34 260
 8  98  59  79  -3   0  14 0.00  0.0    0 11.3 30 260   M    M   0        35 250
 9  91  66  79  -3   0  14 0.00  0.0    0 14.2 26 220   M    M   0        31 220
10  93  59  76  -6   0  11 0.00  0.0    0  8.6 25 240   M    M   0        29 240
11  97  55  76  -6   0  11 0.00  0.0    0  6.4 17 240   M    M   0        22 260
12  98  67  83   1   0  18 0.00  0.0    0  6.9 20 220   M    M   0        23 240
13 103  68  86   4   0  21 0.00  0.0    0  6.5 21 250   M    M   0        25 230
14 103  70  87   5   0  22 0.00  0.0    0 12.7 30 260   M    M   0        36 270
15 102  76  89   7   0  24 0.00  0.0    0 14.4 26 240   M    M   0        32 250
16 100  67  84   2   0  19 0.00  0.0    0 11.9 26 210   M    M   0        33 230
17 100  62  81   0   0  16 0.00  0.0    0  9.4 22 250   M    M   0 8      28 250
18  99  59  79  -2   0  14 0.00  0.0    0  9.6 30 200   M    M   0        37 200
19  96  63  80  -1   0  15 0.00  0.0    0  9.0 28 250   M    M   0        34 240
20  97  71  84   3   0  19 0.00  0.0    0 13.0 25 230   M    M   0        31 220
21  95  72  84   3   0  19 0.00  0.0    0 14.6 28 230   M    M   0 8      35 240
22  95  71  83   2   0  18 0.00  0.0    0 13.8 25 250   M    M   0        32 240
23  95  68  82   2   0  17 0.00  0.0    0 10.9 22 250   M    M   0        28 250
24  98  67  83   3   0  18 0.00  0.0    0 10.6 23 250   M    M   0        28 260
25  95  68  82   2   0  17 0.00  0.0    0 12.4 25 230   M    M   0        29 220
================================================================================
SM 2449 1676         0 444  0.00     0.0 282.5          M        0
================================================================================
AV 98.0 67.0                              11.3 FASTST   M    M   0    MAX(MPH)
                                 MISC ---->  # 31 250               # 37  200
================================================================================
NOTES:
# LAST OF SEVERAL OCCURRENCES

COLUMN 17 PEAK WIND IN M.P.H.

PRELIMINARY LOCAL CLIMATOLOGICAL DATA (WS FORM: F-6) , PAGE 2

                                          STATION:  PALMDALE AIRPORT CA
                                          MONTH:    AUGUST
                                          YEAR:     2016
                                          LATITUDE:   34 37 N
                                          LONGITUDE: 118  5 W

[TEMPERATURE DATA]      [PRECIPITATION DATA]       SYMBOLS USED IN COLUMN 16

AVERAGE MONTHLY: 82.5   TOTAL FOR MONTH:   0.00    1 = FOG OR MIST
DPTR FM NORMAL:   0.8   DPTR FM NORMAL:   -0.10    2 = FOG REDUCING VISIBILITY
HIGHEST:   103 ON 14,13 GRTST 24HR  0.00 ON 25-25      TO 1/4 MILE OR LESS
LOWEST:     55 ON 11                               3 = THUNDER
                        SNOW, ICE PELLETS, HAIL    4 = ICE PELLETS
                        TOTAL MONTH:   0.0 INCH    5 = HAIL
                        GRTST 24HR     0.0         6 = FREEZING RAIN OR DRIZZLE
                        GRTST DEPTH:   0           7 = DUSTSTORM OR SANDSTORM:
                                                       VSBY 1/2 MILE OR LESS
                                                   8 = SMOKE OR HAZE
[NO. OF DAYS WITH]      [WEATHER - DAYS WITH]      9 = BLOWING SNOW
                                                   X = TORNADO
MAX 32 OR BELOW:   0    0.01 INCH OR MORE:   0
MAX 90 OR ABOVE:  25    0.10 INCH OR MORE:   0
MIN 32 OR BELOW:   0    0.50 INCH OR MORE:   0
MIN  0 OR BELOW:   0    1.00 INCH OR MORE:   0

[HDD (BASE 65) ]
TOTAL THIS MO.     0    CLEAR  (SCALE 0-3)  25
DPTR FM NORMAL     0    PTCLDY (SCALE 4-7)   0
TOTAL FM JUL 1     0    CLOUDY (SCALE 8-10)  0
DPTR FM NORMAL     0

[CDD (BASE 65) ]
TOTAL THIS MO.   444
DPTR FM NORMAL    25    [PRESSURE DATA]
TOTAL FM JAN 1  1666    HIGHEST SLP M ON M
DPTR FM NORMAL   269    LOWEST  SLP 29.72 ON  7

[REMARKS]
