000
CXUS52 KMFL 251000
CF6PMP
PRELIMINARY LOCAL CLIMATOLOGICAL DATA (WS FORM: F-6)

                                          STATION:   POMPANO BEACH ARPK
                                          MONTH:     MARCH
                                          YEAR:      2017
                                          LATITUDE:   26 14 N
                                          LONGITUDE:  80  7 W

  TEMPERATURE IN F:       :PCPN:    SNOW:  WIND      :SUNSHINE: SKY     :PK WND
================================================================================
1   2   3   4   5  6A  6B    7    8   9   10  11  12  13   14  15   16   17  18
                                     12Z  AVG MX 2MIN
DY MAX MIN AVG DEP HDD CDD  WTR  SNW DPTH SPD SPD DIR MIN PSBL S-S WX    SPD DR
================================================================================

 1  84  74  79   9   0  14 0.06  0.0    0 10.9 18  90   M    M   1        22  90
 2  85  69  77   7   0  12 0.24  0.0    0  7.0 18 160   M    M   4 18     23 160
 3  79  68  74   4   0   9 0.01  0.0    0 15.3 26  30   M    M   7 1      33  20
 4  77  70  74   4   0   9 0.00  0.0    0 18.2 25  50   M    M   5        32  70
 5  76  69  73   3   0   8    T  0.0    0 21.0 29  80   M    M   6        35  90
 6  76  67  72   2   0   7 0.02  0.0    0 18.6 29 110   M    M   8        39  70
 7  79  69  74   4   0   9 0.03  0.0    0 16.4 18 130   M    M   7        30 110
 8  80  72  76   6   0  11 0.00  0.0    0 10.8 18 130   M    M   5        23 120
 9  80  66  73   2   0   8 0.00  0.0    0  7.3 13 120   M    M   2        17 140
10  84  65  75   4   0  10 0.00  0.0    0  6.5 14 120   M    M   2        16 120
11  83  65  74   3   0   9 0.00  0.0    0 10.2 17  60   M    M   1        23  30
12  82  68  75   4   0  10 0.08  0.0    0  8.6 21 160   M    M   5 138    26 160
13  83  65  74   3   0   9 0.04  0.0    0 10.0 21 160   M    M   1 13     28 150
14  78  60  69  -2   0   4 0.52  0.0    0 15.2 28 270   M    M   3 13     37 280
15  69  55  62  -9   3   0 0.00  0.0    0 11.3 22 320   M    M   1        30 290
16  71  51  61 -10   4   0 0.00  0.0    0 10.9 17  50   M    M   0        22 340
17  74  55  65  -6   0   0 0.00  0.0    0 10.1 17  70   M    M   4        24  90
18   M  66   M   M   M   M 0.00  0.0    0  6.2 12  90   M    M   1         M  M
19  84  56  70  -2   0   5 0.00  0.0    0 12.1 23 330   M    M   1        28 330
20  76  61  69  -3   0   4 0.00  0.0    0 10.1 20  30   M    M   3        24  30
21  77  60  69  -3   0   4 0.00  0.0    0  6.7 13  90   M    M   1        19  90
22  85  61  73   1   0   8 0.00  0.0    0  6.5 14 330   M    M   0 18     26 280
23  82  64  73   1   0   8 0.18  0.0    0 11.6 28  80   M    M   4 13     36  90
24  79  71  75   3   0  10    T  0.0    0 18.2 28  70   M    M   6        35  70
================================================================================
SM 1823 1547         7 168  1.18     0.0 279.7          M       78
================================================================================
AV 79.3 64.5                              11.7 FASTST   M    M   3    MAX(MPH)
                                 MISC ---->  # 29  80               # 39   70
================================================================================
NOTES:
# LAST OF SEVERAL OCCURRENCES

COLUMN 17 PEAK WIND IN M.P.H.

PRELIMINARY LOCAL CLIMATOLOGICAL DATA (WS FORM: F-6) , PAGE 2

                                          STATION:  POMPANO BEACH ARPK
                                          MONTH:    MARCH
                                          YEAR:     2017
                                          LATITUDE:   26 14 N
                                          LONGITUDE:  80  7 W

[TEMPERATURE DATA]      [PRECIPITATION DATA]       SYMBOLS USED IN COLUMN 16

AVERAGE MONTHLY: 71.9   TOTAL FOR MONTH:   1.18    1 = FOG OR MIST
DPTR FM NORMAL:   0.9   DPTR FM NORMAL:   -2.18    2 = FOG REDUCING VISIBILITY
HIGHEST:    85 ON 22, 2 GRTST 24HR  0.52 ON 14-14      TO 1/4 MILE OR LESS
LOWEST:     51 ON 16                               3 = THUNDER
                        SNOW, ICE PELLETS, HAIL    4 = ICE PELLETS
                        TOTAL MONTH:   0.0 INCH    5 = HAIL
                        GRTST 24HR     0.0         6 = FREEZING RAIN OR DRIZZLE
                        GRTST DEPTH:   0           7 = DUSTSTORM OR SANDSTORM:
                                                       VSBY 1/2 MILE OR LESS
                                                   8 = SMOKE OR HAZE
[NO. OF DAYS WITH]      [WEATHER - DAYS WITH]      9 = BLOWING SNOW
                                                   X = TORNADO
MAX 32 OR BELOW:   0    0.01 INCH OR MORE:   9
MAX 90 OR ABOVE:   0    0.10 INCH OR MORE:   3
MIN 32 OR BELOW:   0    0.50 INCH OR MORE:   1
MIN  0 OR BELOW:   0    1.00 INCH OR MORE:   0

[HDD (BASE 65) ]
TOTAL THIS MO.     7    CLEAR  (SCALE 0-3)  11
DPTR FM NORMAL    -4    PTCLDY (SCALE 4-7)  13
TOTAL FM JUL 1    34    CLOUDY (SCALE 8-10)  0
DPTR FM NORMAL  -133

[CDD (BASE 65) ]
TOTAL THIS MO.   168
DPTR FM NORMAL    15    [PRESSURE DATA]
TOTAL FM JAN 1   621    HIGHEST SLP M ON M
DPTR FM NORMAL   194    LOWEST  SLP 29.86 ON 14

[REMARKS]
