000
CXUS52 KMFL 271000
CF6PMP
PRELIMINARY LOCAL CLIMATOLOGICAL DATA (WS FORM: F-6)

                                          STATION:   POMPANO BEACH ARPK
                                          MONTH:     AUGUST
                                          YEAR:      2016
                                          LATITUDE:   26 14 N
                                          LONGITUDE:  80  7 W

  TEMPERATURE IN F:       :PCPN:    SNOW:  WIND      :SUNSHINE: SKY     :PK WND
================================================================================
1   2   3   4   5  6A  6B    7    8   9   10  11  12  13   14  15   16   17  18
                                     12Z  AVG MX 2MIN
DY MAX MIN AVG DEP HDD CDD  WTR  SNW DPTH SPD SPD DIR MIN PSBL S-S WX    SPD DR
================================================================================

 1  92  79  86   2   0  21 0.17  0.0    0 11.5 21 130   M    M   2 138    26 120
 2  91  76  84   0   0  19 0.22  0.0    0  9.4 26 100   M    M   3 138    35  90
 3  89  75  82  -2   0  17 0.02  0.0    0  6.6 21 300   M    M   2 13     25 300
 4  92  77  85   1   0  20 0.01  0.0    0 10.3 18 130   M    M   1 3      25 130
 5  91  83  87   3   0  22 0.00  0.0    0 11.2 17 120   M    M   1 3      21 130
 6  92  73  83  -1   0  18 0.15  0.0    0  8.1 28 260   M    M   4 13     34 250
 7  91  78  85   1   0  20 0.01  0.0    0  5.1 20 130   M    M   3 3      24 140
 8  87  76  82  -2   0  17 0.01  0.0    0  5.8 18 110   M    M   4 13     22 100
 9  90  79  85   2   0  20 0.02  0.0    0  6.6 16 130   M    M   4 3      21 130
10  92  76  84   1   0  19    T  0.0    0  3.7 17 230   M    M   1 3      20 240
11  90  78  84   1   0  19 0.00  0.0    0  5.9 13 110   M    M   1        16 110
12  91  77  84   1   0  19    T  0.0    0  7.4 20 140   M    M   2 13     24 140
13  92  78  85   2   0  20 0.52  0.0    0  9.4 20 140   M    M   2 138    24 130
14  91  78  85   2   0  20 0.18  0.0    0  9.1 18 100   M    M   3 138    23 110
15  90  81  86   3   0  21 0.07  0.0    0 10.5 22  90   M    M   2 38     34  90
16  91  81  86   3   0  21    T  0.0    0 10.8 21 120   M    M   2 3      26 100
17  88  76  82  -1   0  17 0.78  0.0    0  8.4 25 110   M    M   2 138    30 110
18  89  81  85   2   0  20 0.00  0.0    0  7.7 15 110   M    M   2        18 110
19  90  79  85   2   0  20 0.00  0.0    0  5.1 14 140   M    M   1        17 150
20  91  78  85   2   0  20 0.00  0.0    0  6.3 15 140   M    M   2        21 130
21  93  81  87   4   0  22 0.00  0.0    0  5.6 15 130   M    M   3 3      19 130
22  91  80  86   3   0  21 0.00  0.0    0  5.9 14 110   M    M   1        20 110
23  92  80  86   3   0  21 0.00  0.0    0  8.3 18  40   M    M   2        22  20
24  91  76  84   1   0  19 0.11  0.0    0  9.8 18  50   M    M   4 13     23  40
25  92  81  87   4   0  22 0.03  0.0    0 10.6 23  30   M    M   1 138    28  30
26  91  80  86   3   0  21    T  0.0    0  7.7 16 150   M    M   5 3      20  60
================================================================================
SM 2360 2037         0 516  2.30     0.0 206.8          M       60
================================================================================
AV 90.8 78.3                               8.0 FASTST   M    M   2    MAX(MPH)
                                 MISC ---->  # 28 260               # 35   90
================================================================================
NOTES:
# LAST OF SEVERAL OCCURRENCES

COLUMN 17 PEAK WIND IN M.P.H.

PRELIMINARY LOCAL CLIMATOLOGICAL DATA (WS FORM: F-6) , PAGE 2

                                          STATION:  POMPANO BEACH ARPK
                                          MONTH:    AUGUST
                                          YEAR:     2016
                                          LATITUDE:   26 14 N
                                          LONGITUDE:  80  7 W

[TEMPERATURE DATA]      [PRECIPITATION DATA]       SYMBOLS USED IN COLUMN 16

AVERAGE MONTHLY: 84.6   TOTAL FOR MONTH:   2.30    1 = FOG OR MIST
DPTR FM NORMAL:   1.2   DPTR FM NORMAL:   -2.95    2 = FOG REDUCING VISIBILITY
HIGHEST:    93 ON 21    GRTST 24HR  0.78 ON 16-17      TO 1/4 MILE OR LESS
LOWEST:     73 ON  6                               3 = THUNDER
                        SNOW, ICE PELLETS, HAIL    4 = ICE PELLETS
                        TOTAL MONTH:   0.0 INCH    5 = HAIL
                        GRTST 24HR     0.0         6 = FREEZING RAIN OR DRIZZLE
                        GRTST DEPTH:   0           7 = DUSTSTORM OR SANDSTORM:
                                                       VSBY 1/2 MILE OR LESS
                                                   8 = SMOKE OR HAZE
[NO. OF DAYS WITH]      [WEATHER - DAYS WITH]      9 = BLOWING SNOW
                                                   X = TORNADO
MAX 32 OR BELOW:   0    0.01 INCH OR MORE:  14
MAX 90 OR ABOVE:  22    0.10 INCH OR MORE:   7
MIN 32 OR BELOW:   0    0.50 INCH OR MORE:   2
MIN  0 OR BELOW:   0    1.00 INCH OR MORE:   0

[HDD (BASE 65) ]
TOTAL THIS MO.     0    CLEAR  (SCALE 0-3)  21
DPTR FM NORMAL     0    PTCLDY (SCALE 4-7)   5
TOTAL FM JUL 1     0    CLOUDY (SCALE 8-10)  0
DPTR FM NORMAL     0

[CDD (BASE 65) ]
TOTAL THIS MO.   516
DPTR FM NORMAL    48    [PRESSURE DATA]
TOTAL FM JAN 1  3011    HIGHEST SLP M ON M
DPTR FM NORMAL   304    LOWEST  SLP 29.88 ON 26

[REMARKS]
