000
CXUS52 KMFL 271000
CF6PMP
PRELIMINARY LOCAL CLIMATOLOGICAL DATA (WS FORM: F-6)

                                          STATION:   POMPANO BEACH ARPK
                                          MONTH:     DECEMBER
                                          YEAR:      2014
                                          LATITUDE:   26 14 N
                                          LONGITUDE:  80  7 W

  TEMPERATURE IN F:       :PCPN:    SNOW:  WIND      :SUNSHINE: SKY     :PK WND
================================================================================
1   2   3   4   5  6A  6B    7    8   9   10  11  12  13   14  15   16   17  18
                                     12Z  AVG MX 2MIN
DY MAX MIN AVG DEP HDD CDD  WTR  SNW DPTH SPD SPD DIR MIN PSBL S-S WX    SPD DR
================================================================================

 1  81  71  76   4   0  11 0.29  0.0    0 15.5 24  60   M    M   4 18     32  60
 2  79  70  75   4   0  10 0.33  0.0    0 14.9 24  80   M    M   4 1      32  80
 3  82  75  79   8   0  14    T  0.0    0 13.9 18  50   M    M   3        25  70
 4  82  74  78   7   0  13 0.06  0.0    0 14.6 17  70   M    M   2        24  60
 5  82  72  77   6   0  12 0.54  0.0    0 12.7 21 100   M    M   4 1      26  90
 6  81  68  75   4   0  10 0.00  0.0    0  8.2 15  90   M    M   1        20 100
 7  79  65  72   1   0   7 0.00  0.0    0  8.2 18 330   M    M   0        21 320
 8  77  59  68  -2   0   3 0.00  0.0    0  7.3 15 270   M    M   0 18     19 270
 9  70  56  63  -7   2   0 0.00  0.0    0 12.1 23 310   M    M   5 1      29 300
10  66  50  58 -12   7   0 0.00  0.0    0  8.2 20 320   M    M   0        25 320
11  69  47  58 -12   7   0 0.00  0.0    0  4.7 15 290   M    M   1 18     21 230
12  67  52  60 -10   5   0 0.00  0.0    0  7.8 14 320   M    M   2        18 330
13  76  56  66  -4   0   1 0.00  0.0    0 10.0 17  30   M    M   2        22  30
14  76  57  67  -3   0   2 0.00  0.0    0  6.7 12 310   M    M   2        15  40
15  77  58  68  -1   0   3 0.00  0.0    0  4.1 10  80   M    M   2        14  90
16  78  56  67  -2   0   2 0.00  0.0    0  3.9 12 310   M    M   0        14 290
17  80  54  67  -2   0   2 0.00  0.0    0  4.6 13 300   M    M   0 18     16 100
18  79  58  69   0   0   4 0.00  0.0    0  5.6 13 310   M    M   1 1      16 310
19  78  57  68  -1   0   3 0.00  0.0    0  5.2 12 140   M    M   1        16  90
20  80  65  73   5   0   8 0.00  0.0    0  6.1 15 130   M    M   2        19 130
21  81  63  72   4   0   7 0.00  0.0    0  6.8 15 140   M    M   2 1      19 140
22  82  63  73   5   0   8 0.00  0.0    0  7.9 18 150   M    M   1        23 140
23  83  72  78  10   0  13 0.00  0.0    0 11.6 21 160   M    M   1        27 160
24  84  77  81  13   0  16    T  0.0    0 13.0 23 160   M    M   4 18     31 170
25  78  66  72   4   0   7 0.19  0.0    M  7.8 21 270   M    M   7 1      26 250
26  74  66  70   2   0   5 0.24  0.0    0  4.5 10 110   M    M   9 1      14 110
================================================================================
SM 2021 1627        21 161  1.65     0.0 225.9          M       60
================================================================================
AV 77.7 62.6                               8.7 FASTST   M    M   2    MAX(MPH)
                                 MISC ---->  # 24  60               # 32   60
================================================================================
NOTES:
# LAST OF SEVERAL OCCURRENCES

COLUMN 17 PEAK WIND IN M.P.H.

PRELIMINARY LOCAL CLIMATOLOGICAL DATA (WS FORM: F-6) , PAGE 2

                                          STATION:  POMPANO BEACH ARPK
                                          MONTH:    DECEMBER
                                          YEAR:     2014
                                          LATITUDE:   26 14 N
                                          LONGITUDE:  80  7 W

[TEMPERATURE DATA]      [PRECIPITATION DATA]       SYMBOLS USED IN COLUMN 16

AVERAGE MONTHLY: 70.2   TOTAL FOR MONTH:   1.65    1 = FOG OR MIST
DPTR FM NORMAL:   0.6   DPTR FM NORMAL:   -0.22    2 = FOG REDUCING VISIBILITY
HIGHEST:    84 ON 24    GRTST 24HR  0.62 ON  1- 2      TO 1/4 MILE OR LESS
LOWEST:     47 ON 11                               3 = THUNDER
                        SNOW, ICE PELLETS, HAIL    4 = ICE PELLETS
                        TOTAL MONTH:   0.0 INCH    5 = HAIL
                        GRTST 24HR     0.0         6 = FREEZING RAIN OR DRIZZLE
                        GRTST DEPTH:   0           7 = DUSTSTORM OR SANDSTORM:
                                                       VSBY 1/2 MILE OR LESS
                                                   8 = SMOKE OR HAZE
[NO. OF DAYS WITH]      [WEATHER - DAYS WITH]      9 = BLOWING SNOW
                                                   X = TORNADO
MAX 32 OR BELOW:   0    0.01 INCH OR MORE:   6
MAX 90 OR ABOVE:   0    0.10 INCH OR MORE:   5
MIN 32 OR BELOW:   0    0.50 INCH OR MORE:   1
MIN  0 OR BELOW:   0    1.00 INCH OR MORE:   0

[HDD (BASE 65) ]
TOTAL THIS MO.    21    CLEAR  (SCALE 0-3)  19
DPTR FM NORMAL   -18    PTCLDY (SCALE 4-7)   6
TOTAL FM JUL 1    29    CLOUDY (SCALE 8-10)  1
DPTR FM NORMAL   -16

[CDD (BASE 65) ]
TOTAL THIS MO.   161
DPTR FM NORMAL     7    [PRESSURE DATA]
TOTAL FM JAN 1  4678    HIGHEST SLP M ON M
DPTR FM NORMAL   537    LOWEST  SLP 29.91 ON 24

[REMARKS]
