000
CXUS54 KMOB 311507
CF6PNS
PRELIMINARY LOCAL CLIMATOLOGICAL DATA (WS FORM: F-6)

                                          STATION:   PENSACOLA
                                          MONTH:     JULY
                                          YEAR:      2015
                                          LATITUDE:   30 28 N
                                          LONGITUDE:  87 12 W

  TEMPERATURE IN F:       :PCPN:    SNOW:  WIND      :SUNSHINE: SKY     :PK WND
================================================================================
1   2   3   4   5  6A  6B    7    8   9   10  11  12  13   14  15   16   17  18
                                     12Z  AVG MX 2MIN
DY MAX MIN AVG DEP HDD CDD  WTR  SNW DPTH SPD SPD DIR MIN PSBL S-S WX    SPD DR
================================================================================

 1  89  73  81  -1   0  16    T  0.0    0  9.0 23 280   M    M   1        31 280
 2  90  74  82   0   0  17 0.00  0.0    0  9.3 20 230   M    M   2        24 240
 3  94  79  87   5   0  22 0.00  0.0    0 10.0 20 210   M    M   1 8      24 210
 4  90  73  82   0   0  17 0.15  0.0    0  8.6 20 190   M    M   2 13     24 190
 5  81  69  75  -7   0  10 0.26  0.0    0  5.4 20 320   M    M   3 13     25 320
 6  90  70  80  -2   0  15 0.00  0.0    0  5.2 12 190   M    M   2        15 210
 7  89  74  82   0   0  17    T  0.0    0  5.7 16 170   M    M   1        21 210
 8  91  74  83   1   0  18 0.00  0.0    0  4.9 14 170   M    M   1        17 180
 9  89  77  83   1   0  18    T  0.0    0  5.5 15 160   M    M   1 3      20 160
10  90  76  83   1   0  18 0.00  0.0    0  6.3 14 240   M    M   1 3      17 250
11  96  74  85   3   0  20 0.00  0.0    0  7.2 14 220   M    M   1        21 210
12  98  75  87   5   0  22 0.05  0.0    0  7.1 28 210   M    M   1 13     33 210
13  97  78  88   6   0  23 0.21  0.0    0  5.4 15 180   M    M   1 13     21 200
14  94  80  87   5   0  22 0.00  0.0    0  9.5 20 210   M    M   1        24 210
15  95  81  88   6   0  23 0.00  0.0    0 10.1 18 240   M    M   1        24 240
16  97  80  89   7   0  24 0.00  0.0    0  8.6 16 340   M    M   1 3      21 350
17  96  74  85   3   0  20 0.37  0.0    0  8.5 20  30   M    M   2 13     24  30
18  95  73  84   2   0  19 0.01  0.0    0  6.0 15 200   M    M   1 3      18 150
19  97  74  86   4   0  21 1.32  0.0    0  5.2 29 120   M    M   1 13     35 120
20  92  74  83   1   0  18 0.00  0.0    0  5.8 17 200   M    M   1 3      21 220
21  94  80  87   5   0  22 0.00  0.0    0  8.2 18 210   M    M   2 3      22 200
22  93  80  87   5   0  22    T  0.0    0  9.1 17 230   M    M   1 3      23 200
23  95  82  89   7   0  24 0.00  0.0    0 11.1 20 250   M    M   1        24 240
24  97  75  86   4   0  21 1.36  0.0    0  9.7 25 320   M    M   2 13     31 310
25  96  74  85   3   0  20 1.62  0.0    0  6.3 23 110   M    M   2 13     31 120
26  90  75  83   1   0  18 0.00  0.0    0  5.9 12 180   M    M   0        17 180
27  95  75  85   3   0  20 0.00  0.0    0  6.9 13 200   M    M   0        17 170
28  96  78  87   5   0  22 1.22  0.0    0  8.1 18 250   M    M   2 13     23 250
29  98  77  88   6   0  23 0.21  0.0    0  7.2 17 100   M    M   1 3      27  40
30  97  74  86   4   0  21 0.12  0.0    0  7.7 20 340   M    M   2 13     26 330
================================================================================
SM 2801 2272         0 593  6.90     0.0 223.5          M       39
================================================================================
AV 93.4 75.7                               7.4 FASTST   M    M   1    MAX(MPH)
                                 MISC ---->  # 29 120               # 35  120
================================================================================
NOTES:
# LAST OF SEVERAL OCCURRENCES

COLUMN 17 PEAK WIND IN M.P.H.

PRELIMINARY LOCAL CLIMATOLOGICAL DATA (WS FORM: F-6) , PAGE 2

                                          STATION:  PENSACOLA
                                          MONTH:    JULY
                                          YEAR:     2015
                                          LATITUDE:   30 28 N
                                          LONGITUDE:  87 12 W

[TEMPERATURE DATA]      [PRECIPITATION DATA]       SYMBOLS USED IN COLUMN 16

AVERAGE MONTHLY: 84.6   TOTAL FOR MONTH:   6.90    1 = FOG OR MIST
DPTR FM NORMAL:   2.6   DPTR FM NORMAL:   -0.26    2 = FOG REDUCING VISIBILITY
HIGHEST:    98 ON 29,12 GRTST 24HR  1.62 ON 25-25      TO 1/4 MILE OR LESS
LOWEST:     69 ON  5                               3 = THUNDER
                        SNOW, ICE PELLETS, HAIL    4 = ICE PELLETS
                        TOTAL MONTH:   0.0 INCH    5 = HAIL
                        GRTST 24HR     0.0         6 = FREEZING RAIN OR DRIZZLE
                        GRTST DEPTH:   0           7 = DUSTSTORM OR SANDSTORM:
                                                       VSBY 1/2 MILE OR LESS
                                                   8 = SMOKE OR HAZE
[NO. OF DAYS WITH]      [WEATHER - DAYS WITH]      9 = BLOWING SNOW
                                                   X = TORNADO
MAX 32 OR BELOW:   0    0.01 INCH OR MORE:  12
MAX 90 OR ABOVE:  26    0.10 INCH OR MORE:  10
MIN 32 OR BELOW:   0    0.50 INCH OR MORE:   4
MIN  0 OR BELOW:   0    1.00 INCH OR MORE:   4

[HDD (BASE 65) ]
TOTAL THIS MO.     0    CLEAR  (SCALE 0-3)  30
DPTR FM NORMAL     0    PTCLDY (SCALE 4-7)   0
TOTAL FM JUL 1     0    CLOUDY (SCALE 8-10)  0
DPTR FM NORMAL     0

[CDD (BASE 65) ]
TOTAL THIS MO.   593
DPTR FM NORMAL    83    [PRESSURE DATA]
TOTAL FM JAN 1  1729    HIGHEST SLP M ON M
DPTR FM NORMAL   306    LOWEST  SLP 29.83 ON 14

[REMARKS]
