000
CXUS55 KPAH 300859
CF6POF
PRELIMINARY LOCAL CLIMATOLOGICAL DATA (WS FORM: F-6)

                                          STATION:   POPLAR BLUFF MO
                                          MONTH:     APRIL
                                          YEAR:      2017
                                          LATITUDE:   36 46 N
                                          LONGITUDE:  90 19 W

  TEMPERATURE IN F:       :PCPN:    SNOW:  WIND      :SUNSHINE: SKY     :PK WND
================================================================================
1   2   3   4   5  6A  6B    7    8   9   10  11  12  13   14  15   16   17  18
                                     12Z  AVG MX 2MIN
DY MAX MIN AVG DEP HDD CDD  WTR  SNW DPTH SPD SPD DIR MIN PSBL S-S WX    SPD DR
================================================================================

 1  60  46  53   0  12   0 0.00  0.0    0  7.9 13  70   M    M   5        17  50
 2  68  45  57   3   8   0 0.15    M    0  6.5 26 100   M    M   2 1      36 110
 3  71  58  65  11   0   0 0.32  0.0    0  9.3 24 260   M    M   7 1      38 260
 4  76  49  63   9   2   0 0.00  0.0    0  5.8 13 130   M    M   0        16 130
 5  67  45  56   1   9   0 0.42  0.0    0 12.9 31 240   M    M   8 1      42 240
 6  65  45  55   0  10   0 0.01  0.0    0 15.1 26 300   M    M   2        35 340
 7  68  38  53  -2  12   0 0.00  0.0    0  5.1 14 350   M    M   0        18  10
 8  75  40  58   2   7   0 0.00  0.0    0  8.3 18 180   M    M   0        24 190
 9  79  58  69  13   0   4 0.00  0.0    0 14.9 30 210   M    M   1        41 190
10  74  63  69  13   0   4 0.00  0.0    0 13.4 26 200   M    M   4        36 200
11  69  49  59   2   6   0 0.00  0.0    0  5.5 13 360   M    M   2 1      19  20
12  75  45  60   3   5   0 0.00  0.0    0  4.8 12 130   M    M   0        14  40
13  83  52  68  11   0   3 0.00  0.0    0  2.5 14 210   M    M   0        17 210
14  83  57  70  12   0   5 0.00  0.0    0  3.7 14 170   M    M   4        18 220
15  84  61  73  15   0   8 0.00  0.0    0 11.2 25 190   M    M   2        34 190
16  78  60  69  11   0   4 0.28  0.0    0  6.8 24 300   M    M   3 1      30 300
17  64  59  62   3   3   0 0.62  0.0    0  7.7 14  40   M    M   9 1      20  50
18  76  57  67   8   0   2 0.00  0.0    0  3.7 10 220   M    M   6 18     14 210
19  82  56  69  10   0   4 0.00  0.0    0  6.5 16 220   M    M   2 12     22 220
20  81  63  72  12   0   7 0.90  0.0    0  6.9 23 210   M    M   6 1      30 220
21  65  50  58  -2   7   0 1.54  0.0    0 11.6 21 330   M    M  10 1      27 330
22  53  48  51  -9  14   0 0.89  0.0    0 12.6 20  10   M    M  10 1      28  80
23  69  48  59  -2   6   0    T  0.0    0 10.8 23  10   M    M   2        30  10
24  74  44  59  -2   6   0 0.00  0.0    0  5.0 10  30   M    M   0        13 120
25  78  51  65   4   0   0 0.00  0.0    0  8.8 24 160   M    M   0 1      30 160
26  73  51  62   0   3   0 2.88  0.0    0  9.9 26 290   M    M   8 1      39 270
27  63  48  56  -6   9   0    T  0.0    0  6.9 18 300   M    M   4        24 290
28  71  56  64   2   1   0 0.13  0.0    0  3.6 15 140   M    M   7 1      18 140
29  84  65  75  13   0  10 1.13  0.0    0 11.4 28  10   M    M   8 1      32  10
================================================================================
SM 2108 1507       120  51  9.27     0.0 239.1          M      112
================================================================================
AV 72.7 52.0                               8.2 FASTST   M    M   4    MAX(MPH)
                                 MISC ---->  # 31 240               # 42  240
================================================================================
NOTES:
# LAST OF SEVERAL OCCURRENCES

COLUMN 17 PEAK WIND IN M.P.H.

PRELIMINARY LOCAL CLIMATOLOGICAL DATA (WS FORM: F-6) , PAGE 2

                                          STATION:  POPLAR BLUFF MO
                                          MONTH:    APRIL
                                          YEAR:     2017
                                          LATITUDE:   36 46 N
                                          LONGITUDE:  90 19 W

[TEMPERATURE DATA]      [PRECIPITATION DATA]       SYMBOLS USED IN COLUMN 16

AVERAGE MONTHLY: 62.3   TOTAL FOR MONTH:   9.27    1 = FOG OR MIST
DPTR FM NORMAL:   4.4   DPTR FM NORMAL:    4.78    2 = FOG REDUCING VISIBILITY
HIGHEST:    84 ON 29,15 GRTST 24HR  2.88 ON 26-26      TO 1/4 MILE OR LESS
LOWEST:     38 ON  7                               3 = THUNDER
                        SNOW, ICE PELLETS, HAIL    4 = ICE PELLETS
                        TOTAL MONTH:   0.0 INCH    5 = HAIL
                        GRTST 24HR     0.0         6 = FREEZING RAIN OR DRIZZLE
                        GRTST DEPTH:   0           7 = DUSTSTORM OR SANDSTORM:
                                                       VSBY 1/2 MILE OR LESS
                                                   8 = SMOKE OR HAZE
[NO. OF DAYS WITH]      [WEATHER - DAYS WITH]      9 = BLOWING SNOW
                                                   X = TORNADO
MAX 32 OR BELOW:   0    0.01 INCH OR MORE:  12
MAX 90 OR ABOVE:   0    0.10 INCH OR MORE:  11
MIN 32 OR BELOW:   0    0.50 INCH OR MORE:   6
MIN  0 OR BELOW:   0    1.00 INCH OR MORE:   3

[HDD (BASE 65) ]
TOTAL THIS MO.   120    CLEAR  (SCALE 0-3)  15
DPTR FM NORMAL  -109    PTCLDY (SCALE 4-7)   9
TOTAL FM JUL 1  2936    CLOUDY (SCALE 8-10)  5
DPTR FM NORMAL -1082

[CDD (BASE 65) ]
TOTAL THIS MO.    51
DPTR FM NORMAL    28    [PRESSURE DATA]
TOTAL FM JAN 1    55    HIGHEST SLP M ON M
DPTR FM NORMAL    28    LOWEST  SLP 29.39 ON  5

[REMARKS]
