000
CXUS55 KALY 012139
CF6POU
PRELIMINARY LOCAL CLIMATOLOGICAL DATA (WS FORM: F-6)

                                          STATION:   POUGHKEEPSIE NY
                                          MONTH:     JUNE
                                          YEAR:      2015
                                          LATITUDE:   41 37 N
                                          LONGITUDE:  73 53 W

  TEMPERATURE IN F:       :PCPN:    SNOW:  WIND      :SUNSHINE: SKY     :PK WND
================================================================================
1   2   3   4   5  6A  6B    7    8   9   10  11  12  13   14  15   16   17  18
                                     12Z  AVG MX 2MIN
DY MAX MIN AVG DEP HDD CDD  WTR  SNW DPTH SPD SPD DIR MIN PSBL S-S WX    SPD DR
================================================================================

 1  57  49  53 -11  12   0 0.61    M    M  5.1  9  60   M    M  10 18     13  30
 2  59  48  54 -10  11   0 0.47    M    M  3.7  8 360   M    M   8 1      11  20
 3  73  50  62  -2   3   0 0.00    M    M  3.9 12  20   M    M   3 1      16 360
 4  72  54  63  -1   2   0 0.00    M    M  4.6 10 150   M    M   6        17 150
 5  75  53  64  -1   1   0    T    M    M  3.4 10 260   M    M   6        15 220
 6  75  45  60  -5   5   0 0.01    M    M  8.0 25 360   M    M   3        34  10
 7  77  40  59  -6   6   0 0.00    M    M  5.1 14 180   M    M   0        20 180
 8  81  61  71   5   0   6 0.33    M    M  6.9 14 170   M    M   8 13     21 180
 9  82  60  71   5   0   6 0.30    M    M  5.4 25 230   M    M   6 138    39 240
10  82  55  69   3   0   4 0.00    M    M  4.8 13 240   M    M   0        18 260
11  89  63  76  10   0  11 0.01    M    M  5.3 15 260   M    M   2 8      22 270
12  88  62  75   8   0  10 0.10    M    M  2.4 18 230   M    M   1 13     32 230
13  82  60  71   4   0   6 0.00    M    M  6.2 22 360   M    M   2 1      31 360
14  86  56  71   4   0   6 0.06    M    M  2.2 10 170   M    M   2 1      14 170
15  74  65  70   2   0   5 0.39    M    M  6.7 14  90   M    M  10 1      18  80
16  83  63  73   5   0   8 0.03    M    M  3.9  8 360   M    M   7 1      22 360
17  78  60  69   1   0   4 0.00    M    M  4.5 16  10   M    M   1        21  20
18  72  63  68   0   0   3 0.00    M    M  5.1  9 180   M    M  10        15 180
19  84  65  75   6   0  10 0.00    M    M  4.5 14  20   M    M   6 1      20  30
20  71  58  65  -4   0   0 0.03    M    M  3.0  9 360   M    M   8 1      13 360
21  88  67  78   9   0  13 0.81    M    M  4.5 20 250   M    M   6 1      28 260
22  86  62  74   5   0   9 0.00    M    M  2.9 17 250   M    M   1 1      24 240
23  87  64  76   6   0  11 0.04    M    M  6.1 21 240   M    M   2 3      28 240
24  83  57  70   0   0   5 0.00    M    M  4.8 13 340   M    M   0        17 300
25  81  53  67  -3   0   2 0.00    M    M  3.3 15 240   M    M   1        20 230
26  81  63  72   2   0   7 0.00    M    M  4.4 14  30   M    M   4        18  20
27  70  56  63  -7   2   0 0.48    M    M  3.4 12  70   M    M   8 1      20 100
28  65  56  61 -10   4   0 0.36    M    M  5.0 12  10   M    M  10 1      15 360
29  76  60  68  -3   0   3 0.00    M    M  6.0 15 240   M    M   7        20 260
30  77  60  69  -2   0   4 0.10    M    M  2.9 10 120   M    M   7 13     16 130
================================================================================
SM 2334 1728        46 133  4.13    M    138.0          M      145
================================================================================
AV 77.8 57.6                               4.6 FASTST   M    M   5    MAX(MPH)
                                 MISC ---->  # 25 360               # 39  240
================================================================================
NOTES:
# LAST OF SEVERAL OCCURRENCES

COLUMN 17 PEAK WIND IN M.P.H.

PRELIMINARY LOCAL CLIMATOLOGICAL DATA (WS FORM: F-6) , PAGE 2

                                          STATION:  POUGHKEEPSIE NY
                                          MONTH:    JUNE
                                          YEAR:     2015
                                          LATITUDE:   41 37 N
                                          LONGITUDE:  73 53 W

[TEMPERATURE DATA]      [PRECIPITATION DATA]       SYMBOLS USED IN COLUMN 16

AVERAGE MONTHLY: 67.7   TOTAL FOR MONTH:   4.13    1 = FOG OR MIST
DPTR FM NORMAL:   0.1   DPTR FM NORMAL:   -0.30    2 = FOG REDUCING VISIBILITY
HIGHEST:    89 ON 11    GRTST 24HR  0.94 ON  1- 2      TO 1/4 MILE OR LESS
LOWEST:     40 ON  7                               3 = THUNDER
                        SNOW, ICE PELLETS, HAIL    4 = ICE PELLETS
                        TOTAL MONTH:    M          5 = HAIL
                        GRTST 24HR    M  ON   M    6 = FREEZING RAIN OR DRIZZLE
                        GRTST DEPTH:  M  ON   M    7 = DUSTSTORM OR SANDSTORM:
                                                       VSBY 1/2 MILE OR LESS
                                                   8 = SMOKE OR HAZE
[NO. OF DAYS WITH]      [WEATHER - DAYS WITH]      9 = BLOWING SNOW
                                                   X = TORNADO
MAX 32 OR BELOW:   0    0.01 INCH OR MORE:  16
MAX 90 OR ABOVE:   0    0.10 INCH OR MORE:  10
MIN 32 OR BELOW:   0    0.50 INCH OR MORE:   2
MIN  0 OR BELOW:   0    1.00 INCH OR MORE:   0

[HDD (BASE 65) ]
TOTAL THIS MO.    46    CLEAR  (SCALE 0-3)  13
DPTR FM NORMAL    -3    PTCLDY (SCALE 4-7)  13
TOTAL FM JUL 1  6291    CLOUDY (SCALE 8-10)  4
DPTR FM NORMAL    80

[CDD (BASE 65) ]
TOTAL THIS MO.   133
DPTR FM NORMAL     6    [PRESSURE DATA]
TOTAL FM JAN 1   246    HIGHEST SLP 30.28 ON  4
DPTR FM NORMAL    83    LOWEST  SLP 29.57 ON  9

[REMARKS]
#FINAL-06-15#
