000
CXUS55 KALY 230710
CF6POU
PRELIMINARY LOCAL CLIMATOLOGICAL DATA (WS FORM: F-6)

                                          STATION:   POUGHKEEPSIE NY
                                          MONTH:     NOVEMBER
                                          YEAR:      2017
                                          LATITUDE:   41 37 N
                                          LONGITUDE:  73 53 W

  TEMPERATURE IN F:       :PCPN:    SNOW:  WIND      :SUNSHINE: SKY     :PK WND
================================================================================
1   2   3   4   5  6A  6B    7    8   9   10  11  12  13   14  15   16   17  18
                                     12Z  AVG MX 2MIN
DY MAX MIN AVG DEP HDD CDD  WTR  SNW DPTH SPD SPD DIR MIN PSBL S-S WX    SPD DR
================================================================================

 1  47  29  38  -8  27   0 0.01    M    M  0.3  6 360   M    M   7         7  40
 2  72  45  59  13   6   0    T    M    M  3.3 13 160   M    M   5        25 150
 3  71  45  58  13   7   0    T    M    M  7.1 20 310   M    M   4        26 330
 4  56  34  45   0  20   0 0.00    M    M  2.8 10 300   M    M   0        14 330
 5  59  44  52   7  13   0 0.04    M    M  2.3 14 140   M    M  10 1      17 140
 6  65  40  53   9  12   0 0.06    M    M  6.2 16  20   M    M   8 1      23  30
 7  46  34  40  -4  25   0 0.08    M    M  7.5 20  10   M    M   5 1      25  40
 8  49  28  39  -5  26   0 0.00    M    M  4.7 13 360   M    M   5 1      16  20
 9  52  24  38  -6  27   0 0.02    M    M  2.8 10 210   M    M   6 1      16 210
10  48  19  34  -9  31   0 0.00    M    M 12.9 26 330   M    M   2        34 290
11  35  14  25 -18  40   0 0.00    M    M  4.3 18  30   M    M   0        26 350
12  45  20  33 -10  32   0 0.00    M    M  1.3  9 240   M    M   0        12 210
13  41  27  34  -8  31   0 0.02    M    M  1.8  8  10   M    M   6 18      9  10
14  43  25  34  -8  31   0 0.00    M    M  2.2  9  20   M    M   8 1      12 360
15  48  24  36  -6  29   0 0.00    M    M  1.6 10 140   M    M   4 1      15 150
16  57  43  50   8  15   0 0.21    M    M  6.9 25 310   M    M   9 1      32 270
17  48  22  35  -6  30   0 0.00    M    M  7.3 21 330   M    M   2        30 330
18  46  20  33  -8  32   0 0.17    M    M  2.9 13 170   M    M   4 1      20 180
19  58  36  47   6  18   0 0.09    M    M 12.1 31 270   M    M   8 1      41 310
20  44  33  39  -1  26   0 0.00  0.0    M 10.5 23 280   M    M   5        33 300
21  58  25  42   2  23   0 0.00    M    M  3.4 13 150   M    M   0        18 170
22  47  31  39  -1  26   0 0.03    M    M  5.4 20 320   M    M   5 1      27 320
================================================================================
SM 1135  662       527   0  0.73     0.0 109.6          M      103
================================================================================
AV 51.6 30.1                               5.0 FASTST   M    M   5    MAX(MPH)
                                 MISC ---->  # 31 270               # 41  310
================================================================================
NOTES:
# LAST OF SEVERAL OCCURRENCES

COLUMN 17 PEAK WIND IN M.P.H.

PRELIMINARY LOCAL CLIMATOLOGICAL DATA (WS FORM: F-6) , PAGE 2

                                          STATION:  POUGHKEEPSIE NY
                                          MONTH:    NOVEMBER
                                          YEAR:     2017
                                          LATITUDE:   41 37 N
                                          LONGITUDE:  73 53 W

[TEMPERATURE DATA]      [PRECIPITATION DATA]       SYMBOLS USED IN COLUMN 16

AVERAGE MONTHLY: 40.8   TOTAL FOR MONTH:   0.73    1 = FOG OR MIST
DPTR FM NORMAL:  -2.0   DPTR FM NORMAL:   -1.79    2 = FOG REDUCING VISIBILITY
HIGHEST:    72 ON  2    GRTST 24HR  0.21 ON 16-16      TO 1/4 MILE OR LESS
LOWEST:     14 ON 11                               3 = THUNDER
                        SNOW, ICE PELLETS, HAIL    4 = ICE PELLETS
                        TOTAL MONTH:   0.0 INCH    5 = HAIL
                        GRTST 24HR     0.0         6 = FREEZING RAIN OR DRIZZLE
                        GRTST DEPTH:  M  ON   M    7 = DUSTSTORM OR SANDSTORM:
                                                       VSBY 1/2 MILE OR LESS
                                                   8 = SMOKE OR HAZE
[NO. OF DAYS WITH]      [WEATHER - DAYS WITH]      9 = BLOWING SNOW
                                                   X = TORNADO
MAX 32 OR BELOW:   0    0.01 INCH OR MORE:  10
MAX 90 OR ABOVE:   0    0.10 INCH OR MORE:   2
MIN 32 OR BELOW:  13    0.50 INCH OR MORE:   0
MIN  0 OR BELOW:   0    1.00 INCH OR MORE:   0

[HDD (BASE 65) ]
TOTAL THIS MO.   527    CLEAR  (SCALE 0-3)   6
DPTR FM NORMAL    42    PTCLDY (SCALE 4-7)  13
TOTAL FM JUL 1   864    CLOUDY (SCALE 8-10)  3
DPTR FM NORMAL  -197

[CDD (BASE 65) ]
TOTAL THIS MO.     0
DPTR FM NORMAL     0    [PRESSURE DATA]
TOTAL FM JAN 1   718    HIGHEST SLP M ON M
DPTR FM NORMAL    46    LOWEST  SLP 29.09 ON 19

[REMARKS]
