000
CXUS55 KLOX 261155
CF6PRB
PRELIMINARY LOCAL CLIMATOLOGICAL DATA (WS FORM: F-6)

                                          STATION:   PASO ROBLES AIRPORT CA
                                          MONTH:     NOVEMBER
                                          YEAR:      2014
                                          LATITUDE:   35 40 N
                                          LONGITUDE: 120 38 W

  TEMPERATURE IN F:       :PCPN:    SNOW:  WIND      :SUNSHINE: SKY     :PK WND
================================================================================
1   2   3   4   5  6A  6B    7    8   9   10  11  12  13   14  15   16   17  18
                                     12Z  AVG MX 2MIN
DY MAX MIN AVG DEP HDD CDD  WTR  SNW DPTH SPD SPD DIR MIN PSBL S-S WX    SPD DR
================================================================================

 1  61  51  56  -1   9   0 0.20  0.0    0  5.8 16 270   M    M   6 1      21 270
 2  65  44  55  -2  10   0 0.00  0.0    0  2.0  9 120   M    M   3 12     21 120
 3  68  40  54  -2  11   0 0.00  0.0    0  2.6 13 160   M    M   0 1       M  M
 4  70  40  55  -1  10   0 0.00  0.0    0  4.9 15  90   M    M   0 18     21  90
 5  79  43  61   5   4   0 0.00  0.0    0  3.8 10 110   M    M   0 8      14  80
 6  86  44  65  10   0   0 0.00  0.0    0  1.8 14 300   M    M   0 18     18 310
 7  81  45  63   8   2   0 0.00  0.0    0  3.1 14 100   M    M   0 18     18 130
 8  82  46  64   9   1   0 0.00  0.0    0  2.4 12 120   M    M   0 18     24 210
 9  84  47  66  12   0   1 0.00  0.0    0  1.0  9 300   M    M   0 18     14 220
10  65  45  55   1  10   0 0.00  0.0    0  6.9 21 220   M    M   1 18     26 210
11  67  47  57   3   8   0 0.00  0.0    0  4.9 15 200   M    M   6        20 200
12  68  46  57   4   8   0 0.00  0.0    0  3.4  8 360   M    M   4        12 340
13  70  51  61   8   4   0    T  0.0    0  5.7 16 320   M    M   7 1      19 320
14  69  50  60   7   5   0 0.00  0.0    0  5.3 12 330   M    M   6        21 350
15  69  47  58   6   7   0 0.00  0.0    0  7.4 17 330   M    M   4 1      21 320
16  66  41  54   2  11   0 0.00  0.0    0  5.4 15 100   M    M   0        22 130
17  72  40  56   4   9   0 0.00  0.0    0  4.3 13 100   M    M   1        24  50
18  73  42  58   6   7   0 0.00  0.0    0  2.5 16 180   M    M   0        32  90
19  70  46  58   7   7   0    T    M    0  4.2 17 200   M    M   8        21 210
20  63  49  56   5   9   0    T    M    0  3.0 15 250   M    M   9 12     27 210
21  65  46  56   5   9   0 0.00  0.0    0  3.6 14 100   M    M   4 12     16 100
22  71  42  57   7   8   0 0.00  0.0    0  5.8 22 320   M    M   1        27 330
23  67  41  54   4  11   0 0.00  0.0    0  3.2 14 110   M    M   3 12     16 100
24  67  34  51   1  14   0 0.00  0.0    0  7.1 20  80   M    M   0        23  80
25  73  34  54   4  11   0 0.00  0.0    0  2.4 14 120   M    M   0 18      M  M
================================================================================
SM 1771 1101       185   1  0.20     0.0 102.5          M       63
================================================================================
AV 70.8 44.0                               4.1 FASTST   M    M   3    MAX(MPH)
                                 MISC ---->  # 22 320               # 32   90
================================================================================
NOTES:
# LAST OF SEVERAL OCCURRENCES

COLUMN 17 PEAK WIND IN M.P.H.

PRELIMINARY LOCAL CLIMATOLOGICAL DATA (WS FORM: F-6) , PAGE 2

                                          STATION:  PASO ROBLES AIRPORT CA
                                          MONTH:    NOVEMBER
                                          YEAR:     2014
                                          LATITUDE:   35 40 N
                                          LONGITUDE: 120 38 W

[TEMPERATURE DATA]      [PRECIPITATION DATA]       SYMBOLS USED IN COLUMN 16

AVERAGE MONTHLY: 57.4   TOTAL FOR MONTH:   0.20    1 = FOG OR MIST
DPTR FM NORMAL:   4.3   DPTR FM NORMAL:   -0.64    2 = FOG REDUCING VISIBILITY
HIGHEST:    86 ON  6    GRTST 24HR  1.05 ON 31- 1      TO 1/4 MILE OR LESS
LOWEST:     34 ON 25,24                            3 = THUNDER
                        SNOW, ICE PELLETS, HAIL    4 = ICE PELLETS
                        TOTAL MONTH:   0.0 INCH    5 = HAIL
                        GRTST 24HR     0.0         6 = FREEZING RAIN OR DRIZZLE
                        GRTST DEPTH:   0           7 = DUSTSTORM OR SANDSTORM:
                                                       VSBY 1/2 MILE OR LESS
                                                   8 = SMOKE OR HAZE
[NO. OF DAYS WITH]      [WEATHER - DAYS WITH]      9 = BLOWING SNOW
                                                   X = TORNADO
MAX 32 OR BELOW:   0    0.01 INCH OR MORE:   1
MAX 90 OR ABOVE:   0    0.10 INCH OR MORE:   1
MIN 32 OR BELOW:   0    0.50 INCH OR MORE:   0
MIN  0 OR BELOW:   0    1.00 INCH OR MORE:   0

[HDD (BASE 65) ]
TOTAL THIS MO.   185    CLEAR  (SCALE 0-3)  16
DPTR FM NORMAL  -112    PTCLDY (SCALE 4-7)   8
TOTAL FM JUL 1   228    CLOUDY (SCALE 8-10)  1
DPTR FM NORMAL  -239

[CDD (BASE 65) ]
TOTAL THIS MO.     1
DPTR FM NORMAL     1    [PRESSURE DATA]
TOTAL FM JAN 1  1357    HIGHEST SLP M ON M
DPTR FM NORMAL   431    LOWEST  SLP 29.77 ON  9

[REMARKS]
