000
CXUS55 KLOX 261655
CF6PRB
PRELIMINARY LOCAL CLIMATOLOGICAL DATA (WS FORM: F-6)

                                          STATION:   PASO ROBLES AIRPORT CA
                                          MONTH:     AUGUST
                                          YEAR:      2016
                                          LATITUDE:   35 40 N
                                          LONGITUDE: 120 38 W

  TEMPERATURE IN F:       :PCPN:    SNOW:  WIND      :SUNSHINE: SKY     :PK WND
================================================================================
1   2   3   4   5  6A  6B    7    8   9   10  11  12  13   14  15   16   17  18
                                     12Z  AVG MX 2MIN
DY MAX MIN AVG DEP HDD CDD  WTR  SNW DPTH SPD SPD DIR MIN PSBL S-S WX    SPD DR
================================================================================

 1  93  56  75   1   0  10 0.00  0.0    0  8.0 24 210   M    M   0        29 200
 2  95  54  75   1   0  10 0.00  0.0    0  6.6 21 200   M    M   0        24 190
 3  93  51  72  -2   0   7 0.00  0.0    0  6.6 21 200   M    M   1        24 210
 4  89  50  70  -4   0   5 0.00  0.0    0  7.2 18 290   M    M   3 128    23 290
 5  80  55  68  -6   0   3 0.00  0.0    0  8.0 21 210   M    M   4 18     24 200
 6  91  52  72  -2   0   7 0.00  0.0    0  8.8 22 300   M    M   3 128    26 300
 7  97  51  74   0   0   9 0.00  0.0    0  9.0 20 320   M    M   2 1      26 300
 8  99  49  74   0   0   9 0.00  0.0    0  7.1 18 310   M    M   0        24 310
 9  79  53  66  -8   0   1 0.00  0.0    0  9.2 25 200   M    M   2 1      31 200
10  83  47  65  -9   0   0 0.00  0.0    0  7.6 21 210   M    M   0        26 200
11  86  48  67  -7   0   2 0.00    M    0  6.7 22 210   M    M   1 12     26 210
12  98  50  74   1   0   9 0.00  0.0    0  5.1 21 210   M    M   0 8      25 200
13 105  54  80   7   0  15 0.00  0.0    0  4.6 18 200   M    M   0        24 210
14 103  58  81   8   0  16 0.00  0.0    0  5.8 21 230   M    M   0         M  M
15  97  50  74   1   0   9 0.00  0.0    0  5.9 24 210   M    M   1 12     30 230
16  97  52  75   2   0  10 0.00  0.0    0  5.6 20 200   M    M   2 128    23 210
17  99  51  75   2   0  10 0.00  0.0    0  5.6 22 210   M    M   0        28 220
18  95  51  73   0   0   8 0.00  0.0    0  6.2 21 210   M    M   0        27 220
19  91  51  71  -2   0   6 0.00  0.0    0  5.3 21 210   M    M   0        27 210
20  94  54  74   1   0   9 0.00  0.0    0  6.2 21 220   M    M   0        25 220
21  96  54  75   2   0  10 0.00  0.0    0  6.7 23 190   M    M   0        30 210
22  92  56  74   1   0   9 0.00  0.0    0  6.1 21 210   M    M   1        29 250
23  94  55  75   2   0  10 0.00  0.0    0  6.0 18 290   M    M   1 18     21 300
24  96  53  75   2   0  10 0.00  0.0    0  4.2 14 190   M    M   1 1      16 190
25  84  53  69  -4   0   4 0.00  0.0    0  6.7 23 210   M    M   1 1      31 170
================================================================================
SM 2326 1308         0 198  0.00     0.0 164.7          M       23
================================================================================
AV 93.0 52.3                               6.6 FASTST   M    M   1    MAX(MPH)
                                 MISC ---->  # 25 200               # 31  200
================================================================================
NOTES:
# LAST OF SEVERAL OCCURRENCES

COLUMN 17 PEAK WIND IN M.P.H.

PRELIMINARY LOCAL CLIMATOLOGICAL DATA (WS FORM: F-6) , PAGE 2

                                          STATION:  PASO ROBLES AIRPORT CA
                                          MONTH:    AUGUST
                                          YEAR:     2016
                                          LATITUDE:   35 40 N
                                          LONGITUDE: 120 38 W

[TEMPERATURE DATA]      [PRECIPITATION DATA]       SYMBOLS USED IN COLUMN 16

AVERAGE MONTHLY: 72.7   TOTAL FOR MONTH:   0.00    1 = FOG OR MIST
DPTR FM NORMAL:  -0.8   DPTR FM NORMAL:   -0.08    2 = FOG REDUCING VISIBILITY
HIGHEST:   105 ON 13    GRTST 24HR    T  ON  6- 7      TO 1/4 MILE OR LESS
LOWEST:     47 ON 10                               3 = THUNDER
                        SNOW, ICE PELLETS, HAIL    4 = ICE PELLETS
                        TOTAL MONTH:   0.0 INCH    5 = HAIL
                        GRTST 24HR     0.0         6 = FREEZING RAIN OR DRIZZLE
                        GRTST DEPTH:   0           7 = DUSTSTORM OR SANDSTORM:
                                                       VSBY 1/2 MILE OR LESS
                                                   8 = SMOKE OR HAZE
[NO. OF DAYS WITH]      [WEATHER - DAYS WITH]      9 = BLOWING SNOW
                                                   X = TORNADO
MAX 32 OR BELOW:   0    0.01 INCH OR MORE:   0
MAX 90 OR ABOVE:  19    0.10 INCH OR MORE:   0
MIN 32 OR BELOW:   0    0.50 INCH OR MORE:   0
MIN  0 OR BELOW:   0    1.00 INCH OR MORE:   0

[HDD (BASE 65) ]
TOTAL THIS MO.     0    CLEAR  (SCALE 0-3)  24
DPTR FM NORMAL     0    PTCLDY (SCALE 4-7)   1
TOTAL FM JUL 1     0    CLOUDY (SCALE 8-10)  0
DPTR FM NORMAL    -4

[CDD (BASE 65) ]
TOTAL THIS MO.   198
DPTR FM NORMAL   -15    [PRESSURE DATA]
TOTAL FM JAN 1   844    HIGHEST SLP M ON M
DPTR FM NORMAL   154    LOWEST  SLP 29.72 ON  7

[REMARKS]
