000
CXUS54 KFWD 260730
CF6PRX
PRELIMINARY LOCAL CLIMATOLOGICAL DATA (WS FORM: F-6)

                                          STATION:   PARIS
                                          MONTH:     MAY
                                          YEAR:      2015
                                          LATITUDE:   33 37 N
                                          LONGITUDE:  95 27 W

  TEMPERATURE IN F:       :PCPN:    SNOW:  WIND      :SUNSHINE: SKY     :PK WND
================================================================================
1   2   3   4   5  6A  6B    7    8   9   10  11  12  13   14  15   16   17  18
                                     12Z  AVG MX 2MIN
DY MAX MIN AVG DEP HDD CDD  WTR  SNW DPTH SPD SPD DIR MIN PSBL S-S WX    SPD DR
================================================================================

 1  79  54  67  -1   0   2 0.00  0.0    0   M   M   M   M    M   0         M  M
 2  81  54  68   0   0   3 0.00  0.0    0   M   M   M   M    M   0         M  M
 3  81  57  69   0   0   4 0.00  0.0    0   M   M   M   M    M   0         M  M
 4  82  61  72   3   0   7 0.00  0.0    0   M   M   M   M    M   2         M  M
 5  79  61  70   1   0   5 0.73  0.0    0   M   M   M   M    M   7 3       M  M
 6  81  66  74   4   0   9 0.02  0.0    0 12.5 18 140   M    M   5        24 130
 7  82  64  73   3   0   8 0.66  0.0    0 10.1 18 160   M    M   6 3      20 160
 8  84  64  74   4   0   9 0.62  0.0    0  8.5 20 180   M    M   6 3      29 180
 9  75  64  70   0   0   5 0.13  0.0    0 12.5 17 100   M    M   5 3      21 150
10  73  66  70  -1   0   5 0.60  0.0    0 11.5 22 130   M    M   5 3      30 130
11  73  59  66  -5   0   1 0.02  0.0    0  9.2 14 320   M    M   5        18 350
12  72  55  64  -7   1   0 0.00  0.0    0  9.1 15 100   M    M   3        21 110
13  66  59  63  -9   2   0 0.21  0.0    0 12.8 18 130   M    M   9        25 120
14  84  63  74   2   0   9 0.43  0.0    0  9.5 16 190   M    M   6 3      23 160
15  77  64  71  -1   0   6 0.00  0.0    0  9.7 15 160   M    M   6        21 190
16  86  66  76   4   0  11 0.00  0.0    0 13.1 20 170   M    M   8        25 160
17  81  66  74   1   0   9 2.02  0.0    0 10.0 18 160   M    M   4 3      28 160
18  84  64  74   1   0   9 0.00  0.0    0  5.1  9  70   M    M   6         M  M
19  81  68  75   2   0  10 0.00  0.0    0  9.6 16 120   M    M   9        20 130
20  81  61  71  -3   0   6 1.47  0.0    0  9.6 16  10   M    M   8 3      23  10
21  68  55  62 -12   3   0 0.72  0.0    0  8.6 17 350   M    M   8 3      21 350
22  70  55  63 -11   2   0 0.15  0.0    0 10.9 22  80   M    M   6        21 110
23  81  63  72  -2   0   7 0.58  0.0    0 12.1 20 140   M    M   6 3      24 150
24  73  66  70  -5   0   5 2.13  0.0    0  9.0 15 190   M    M   6 3      20 140
25  82  63  73  -2   0   8 1.17  0.0    0 10.7 20 140   M    M   9 3      29 140
================================================================================
SM 1956 1538         8 138 11.66     0.0 204.1          M      135
================================================================================
AV 78.2 61.5                              10.2 FASTST   M    M   5    MAX(MPH)
                                 MISC ---->    22   M                 30    M
================================================================================
NOTES:
# LAST OF SEVERAL OCCURRENCES

COLUMN 17 PEAK WIND IN M.P.H.

PRELIMINARY LOCAL CLIMATOLOGICAL DATA (WS FORM: F-6) , PAGE 2

                                          STATION:  PARIS
                                          MONTH:    MAY
                                          YEAR:     2015
                                          LATITUDE:   33 37 N
                                          LONGITUDE:  95 27 W

[TEMPERATURE DATA]      [PRECIPITATION DATA]       SYMBOLS USED IN COLUMN 16

AVERAGE MONTHLY: 69.9   TOTAL FOR MONTH:  11.66    1 = FOG OR MIST
DPTR FM NORMAL:  -1.7   DPTR FM NORMAL:    7.24    2 = FOG REDUCING VISIBILITY
HIGHEST:    86 ON 16    GRTST 24HR  2.13 ON 24-24      TO 1/4 MILE OR LESS
LOWEST:     54 ON  2, 1                            3 = THUNDER
                        SNOW, ICE PELLETS, HAIL    4 = ICE PELLETS
                        TOTAL MONTH:   0.0 INCH    5 = HAIL
                        GRTST 24HR     0.0         6 = FREEZING RAIN OR DRIZZLE
                        GRTST DEPTH:   0           7 = DUSTSTORM OR SANDSTORM:
                                                       VSBY 1/2 MILE OR LESS
                                                   8 = SMOKE OR HAZE
[NO. OF DAYS WITH]      [WEATHER - DAYS WITH]      9 = BLOWING SNOW
                                                   X = TORNADO
MAX 32 OR BELOW:   0    0.01 INCH OR MORE:  16
MAX 90 OR ABOVE:   0    0.10 INCH OR MORE:  14
MIN 32 OR BELOW:   0    0.50 INCH OR MORE:  10
MIN  0 OR BELOW:   0    1.00 INCH OR MORE:   4

[HDD (BASE 65) ]
TOTAL THIS MO.     8    CLEAR  (SCALE 0-3)   4
DPTR FM NORMAL    -7    PTCLDY (SCALE 4-7)  18
TOTAL FM JUL 1  2821    CLOUDY (SCALE 8-10)  3
DPTR FM NORMAL   134

[CDD (BASE 65) ]
TOTAL THIS MO.   138
DPTR FM NORMAL   -43    [PRESSURE DATA]
TOTAL FM JAN 1   194    HIGHEST SLP M ON M
DPTR FM NORMAL   -98    LOWEST  SLP M ON M

[REMARKS]
