000
CXUS56 KPDT 301832
CF6PSC
PRELIMINARY LOCAL CLIMATOLOGICAL DATA (WS FORM: F-6)

                                          STATION:   PASCO WA
                                          MONTH:     AUGUST
                                          YEAR:      2015
                                          LATITUDE:   46 16 N
                                          LONGITUDE: 119  7 W

  TEMPERATURE IN F:       :PCPN:    SNOW:  WIND      :SUNSHINE: SKY     :PK WND
================================================================================
1   2   3   4   5  6A  6B    7    8   9   10  11  12  13   14  15   16   17  18
                                     12Z  AVG MX 2MIN
DY MAX MIN AVG DEP HDD CDD  WTR  SNW DPTH SPD SPD DIR MIN PSBL S-S WX    SPD DR
================================================================================

 1 104  56  80   5   0  15 0.00  0.0    0  3.4 14 310   M    M   0 8      16 320
 2 103  55  79   4   0  14 0.00  0.0    0  3.6 13  40   M    M   0 8      16  30
 3  96  60  78   3   0  13 0.00  0.0    0  6.2 18 220   M    M   1        21 210
 4  96  58  77   2   0  12 0.00  0.0    0  5.0 20 250   M    M   0        24 210
 5  90  54  72  -3   0   7 0.00  0.0    0  8.6 20 320   M    M   0        24 320
 6  84  54  69  -6   0   4 0.00  0.0    0  3.5 13 180   M    M   0        15 280
 7  89  50  70  -5   0   5 0.00  0.0    0  3.5  9 340   M    M   0        12 310
 8  96  52  74  -1   0   9 0.00  0.0    0  8.0 21 220   M    M   0        26 240
 9  88  67  78   4   0  13    T  0.0    0  5.7 13 220   M    M   0        14 220
10  88  57  73  -1   0   8    T  0.0    0  4.2 21 140   M    M   0        26 160
11  96  57  77   3   0  12 0.00  0.0    0  7.9 21 330   M    M   0        26 330
12 104  61  83   9   0  18 0.00  0.0    0  4.8 14 220   M    M   0        16 210
13 100  69  85  11   0  20 0.00  0.0    0  3.5 13 320   M    M   0        16 320
14  89  66  78   4   0  13 0.00  0.0    0 17.3 41 260   M    M   1 78     53 260
15  85  56  71  -2   0   6 0.00  0.0    0  7.0 20 220   M    M   1 78     25 210
16  83  49  66  -7   0   1 0.00  0.0    0  2.2  8 330   M    M   1 8      13  20
17  91  51  71  -2   0   6 0.00  0.0    0  2.7 10 320   M    M   0 18     11 320
18  93  52  73   0   0   8 0.00  0.0    0  2.9  8 270   M    M   0 8      11 260
19  98  56  77   5   0  12 0.00  0.0    0  3.9 15 330   M    M   0 8      18 330
20  95  57  76   4   0  11 0.00  0.0    0  9.1 23 210   M    M   0 8      26 210
21  86  57  72   0   0   7 0.00  0.0    0 10.3 23 270   M    M   1        33 250
22  83  51  67  -5   0   2 0.00  0.0    0  5.3 12 340   M    M   3 8      14 340
23  84  47  66  -5   0   1 0.00  0.0    0  3.3 10 330   M    M   3 8      13 330
24  93  53  73   2   0   8 0.03  0.0    0  3.7 15 360   M    M   1 38     16  10
25  90  56  73   2   0   8 0.00  0.0    0  3.9 10 360   M    M   0 38     15 130
26  93  52  73   3   0   8 0.00  0.0    0  2.9  9 130   M    M   0 8      11 340
27  98  56  77   7   0  12 0.00  0.0    0  5.3 16 240   M    M   0 8      22 240
28  89  60  75   5   0  10 0.00  0.0    0  5.5 14 200   M    M   1 8      16 200
29  85  59  72   2   0   7 0.00  0.0    0  9.5 32 270   M    M   2 78     39 270
================================================================================
SM 2669 1628         0 270  0.03     0.0 162.7          M       15
================================================================================
AV 92.0 56.1                               5.6 FASTST   M    M   1    MAX(MPH)
                                 MISC ---->  # 41 260               # 53  260
================================================================================
NOTES:
# LAST OF SEVERAL OCCURRENCES

COLUMN 17 PEAK WIND IN M.P.H.

PRELIMINARY LOCAL CLIMATOLOGICAL DATA (WS FORM: F-6) , PAGE 2

                                          STATION:  PASCO WA
                                          MONTH:    AUGUST
                                          YEAR:     2015
                                          LATITUDE:   46 16 N
                                          LONGITUDE: 119  7 W

[TEMPERATURE DATA]      [PRECIPITATION DATA]       SYMBOLS USED IN COLUMN 16

AVERAGE MONTHLY: 74.1   TOTAL FOR MONTH:   0.03    1 = FOG OR MIST
DPTR FM NORMAL:   1.1   DPTR FM NORMAL:   -0.22    2 = FOG REDUCING VISIBILITY
HIGHEST:   104 ON 12, 1 GRTST 24HR  0.03 ON 24-24      TO 1/4 MILE OR LESS
LOWEST:     47 ON 23                               3 = THUNDER
                        SNOW, ICE PELLETS, HAIL    4 = ICE PELLETS
                        TOTAL MONTH:   0.0 INCH    5 = HAIL
                        GRTST 24HR     0.0         6 = FREEZING RAIN OR DRIZZLE
                        GRTST DEPTH:   0           7 = DUSTSTORM OR SANDSTORM:
                                                       VSBY 1/2 MILE OR LESS
                                                   8 = SMOKE OR HAZE
[NO. OF DAYS WITH]      [WEATHER - DAYS WITH]      9 = BLOWING SNOW
                                                   X = TORNADO
MAX 32 OR BELOW:   0    0.01 INCH OR MORE:   1
MAX 90 OR ABOVE:  17    0.10 INCH OR MORE:   0
MIN 32 OR BELOW:   0    0.50 INCH OR MORE:   0
MIN  0 OR BELOW:   0    1.00 INCH OR MORE:   0

[HDD (BASE 65) ]
TOTAL THIS MO.     0    CLEAR  (SCALE 0-3)  29
DPTR FM NORMAL    -4    PTCLDY (SCALE 4-7)   0
TOTAL FM JUL 1     0    CLOUDY (SCALE 8-10)  0
DPTR FM NORMAL    -9

[CDD (BASE 65) ]
TOTAL THIS MO.   270
DPTR FM NORMAL    33    [PRESSURE DATA]
TOTAL FM JAN 1  1063    HIGHEST SLP 29.98 ON  5
DPTR FM NORMAL   416    LOWEST  SLP 29.50 ON 29

[REMARKS]
