000
CXUS54 KFWD 270730
CF6PSN
PRELIMINARY LOCAL CLIMATOLOGICAL DATA (WS FORM: F-6)

                                          STATION:   PALESTINE
                                          MONTH:     MAY
                                          YEAR:      2015
                                          LATITUDE:   31 46 N
                                          LONGITUDE:  95 42 W

  TEMPERATURE IN F:       :PCPN:    SNOW:  WIND      :SUNSHINE: SKY     :PK WND
================================================================================
1   2   3   4   5  6A  6B    7    8   9   10  11  12  13   14  15   16   17  18
                                     12Z  AVG MX 2MIN
DY MAX MIN AVG DEP HDD CDD  WTR  SNW DPTH SPD SPD DIR MIN PSBL S-S WX    SPD DR
================================================================================

 1  81  51  66  -2   0   1 0.00  0.0    0  0.3  5  30   M    M   1         M  M
 2  82  55  69   0   0   4 0.00  0.0    0  2.8  8 210   M    M   1         M  M
 3  80  57  69   0   0   4 0.00  0.0    0  4.8 13 170   M    M   2        18 170
 4  83  62  73   4   0   8 0.00  0.0    0  5.7  9 120   M    M   2         M  M
 5  81  62  72   2   0   7 0.82  0.0    0  6.0 14 130   M    M   5 1      18 130
 6  81  68  75   5   0  10 0.19  0.0    0  7.4 10 150   M    M   7        18 170
 7  83  70  77   7   0  12 0.03  0.0    0  6.1 10 140   M    M   6         M  M
 8  84  73  79   9   0  14 0.11  0.0    0  6.5 13 150   M    M   7        20 150
 9  86  73  80   9   0  15 0.01  0.0    0  9.0 16 140   M    M   6        24 140
10  83  74  79   8   0  14 0.12  0.0    0  7.7 13 140   M    M   6 13     21 140
11  75  66  71   0   0   6 0.97  0.0    0  4.7 16 270   M    M   7        27 270
12  69  63  66  -6   0   1 0.13  0.0    0  6.2 10  40   M    M   9         M  M
13  76  64  70  -2   0   5 0.72  0.0    0  7.1 12 120   M    M   7        17 120
14  85  63  74   2   0   9 0.09  0.0    0  4.3 12 180   M    M   6 1      25 180
15  77  69  73   1   0   8 0.00  0.0    0  5.6  8 100   M    M   5         M  M
16  87  72  80   8   0  15 0.00  0.0    0  8.5 14 160   M    M   6        22 160
17  77  66  72  -1   0   7 0.68  0.0    0  5.7 14 140   M    M   4 1      21 110
18  83  69  76   3   0  11 0.18  0.0    0  3.7  8 130   M    M   6 1       M  M
19  84  69  77   4   0  12 0.00  0.0    0  6.2 10 150   M    M   6 1      17 140
20  87  73  80   6   0  15 0.00  0.0    0  1.7  6 210   M    M   4         M  M
21  77  60  69  -5   0   4 0.56  0.0    0  8.1 15  30   M    M  10 1      23  30
22  79  59  69  -5   0   4 0.00  0.0    0  6.0  9  70   M    M   8 1       M  M
23  85  68  77   3   0  12 0.00  0.0    0  7.9 14 130   M    M   5 1      18 130
24  77  67  72  -2   0   7 0.71  0.0    0  6.5 15 180   M    M   7 1      22 180
25  84  64  74  -1   0   9 0.86  0.0    0  7.4 25 260   M    M   7 1      43 260
26  86  64  75   0   0  10    M  0.0    0  6.2 15 150   M    M   5        21 150
================================================================================
SM 2112 1701         0 224  6.18     0.0 152.1          M      145
================================================================================
AV 81.2 65.4                               5.8 FASTST   M    M   6    MAX(MPH)
                                 MISC ---->    25   M                 43    M
================================================================================
NOTES:
# LAST OF SEVERAL OCCURRENCES

COLUMN 17 PEAK WIND IN M.P.H.

PRELIMINARY LOCAL CLIMATOLOGICAL DATA (WS FORM: F-6) , PAGE 2

                                          STATION:  PALESTINE
                                          MONTH:    MAY
                                          YEAR:     2015
                                          LATITUDE:   31 46 N
                                          LONGITUDE:  95 42 W

[TEMPERATURE DATA]      [PRECIPITATION DATA]       SYMBOLS USED IN COLUMN 16

AVERAGE MONTHLY: 73.3   TOTAL FOR MONTH:   6.18    1 = FOG OR MIST
DPTR FM NORMAL:   1.5   DPTR FM NORMAL:    2.75    2 = FOG REDUCING VISIBILITY
HIGHEST:    87 ON 20,16 GRTST 24HR  0.97 ON 11-11      TO 1/4 MILE OR LESS
LOWEST:     51 ON  1                               3 = THUNDER
                        SNOW, ICE PELLETS, HAIL    4 = ICE PELLETS
                        TOTAL MONTH:   0.0 INCH    5 = HAIL
                        GRTST 24HR     0.0         6 = FREEZING RAIN OR DRIZZLE
                        GRTST DEPTH:   0           7 = DUSTSTORM OR SANDSTORM:
                                                       VSBY 1/2 MILE OR LESS
                                                   8 = SMOKE OR HAZE
[NO. OF DAYS WITH]      [WEATHER - DAYS WITH]      9 = BLOWING SNOW
                                                   X = TORNADO
MAX 32 OR BELOW:   0    0.01 INCH OR MORE:  15
MAX 90 OR ABOVE:   0    0.10 INCH OR MORE:  12
MIN 32 OR BELOW:   0    0.50 INCH OR MORE:   7
MIN  0 OR BELOW:   0    1.00 INCH OR MORE:   0

[HDD (BASE 65) ]
TOTAL THIS MO.     0    CLEAR  (SCALE 0-3)   4
DPTR FM NORMAL   -10    PTCLDY (SCALE 4-7)  19
TOTAL FM JUL 1  2085    CLOUDY (SCALE 8-10)  3
DPTR FM NORMAL  -285

[CDD (BASE 65) ]
TOTAL THIS MO.   224
DPTR FM NORMAL    35    [PRESSURE DATA]
TOTAL FM JAN 1   441    HIGHEST SLP M ON M
DPTR FM NORMAL   144    LOWEST  SLP M ON M

[REMARKS]
