000
CXUS56 KSGX 251445
CF6PSP

PRELIMINARY LOCAL CLIMATOLOGICAL DATA (WS FORM: F-6)

                                          STATION:   PALM SPRINGS INTL AIRPORT CA
                                          MONTH:     DECEMBER
                                          YEAR:      2014
                                          LATITUDE:   33 49 N
                                          LONGITUDE: 116 30 W

  TEMPERATURE IN F:       :PCPN:    SNOW:  WIND      :SUNSHINE: SKY     :PK WND
================================================================================
1   2   3   4   5  6A  6B    7    8   9   10  11  12  13   14  15   16   17  18
                                     12Z  AVG MX 2MIN
DY MAX MIN AVG DEP HDD CDD  WTR  SNW DPTH SPD SPD DIR MIN PSBL S-S WX    SPD DR
================================================================================

 1  71  47  59   1   6   0 0.00  0.0    0  3.4  9 340   M    M   3        12 310
 2  65  51  58   0   7   0 0.33  0.0    0  4.6 14 230   M    M   8 1      17 230
 3  64  51  58   1   7   0 0.08  0.0    0  2.8  9 120   M    M  10 1      10 120
 4  68  57  63   6   2   0 0.05  0.0    0  2.4  9 200   M    M   4 18     11 120
 5  70  53  62   5   3   0 0.00  0.0    0  4.0  9 350   M    M   5        11 280
 6  78  60  69  12   0   4    T  0.0    0  4.8 15 330   M    M   2        18 340
 7  80  57  69  13   0   4 0.00  0.0    0  4.4  9 310   M    M   1        11 270
 8  79  59  69  13   0   4 0.00  0.0    0  4.4  8 270   M    M   2        13 290
 9  83  56  70  14   0   5 0.00  0.0    0  6.9 15 340   M    M   1        18 340
10  79  55  67  11   0   2 0.00  0.0    0  5.0 12 340   M    M   1        12 330
11  72  56  64   8   1   0 0.00  0.0    0  3.8 10 330   M    M   3        12 340
12  61  51  56   1   9   0 0.12  0.0    0  4.2 17  10   M    M   6 1      22  20
13  68  49  59   4   6   0 0.02    M    0  4.8 17 320   M    M   3        24 320
14  69  48  59   4   6   0 0.00  0.0    0  3.8 10 320   M    M   1        15 330
15  65  48  57   2   8   0 0.00  0.0    0  2.8  9 330   M    M   3        12 310
16  63  47  55   0  10   0 0.02  0.0    0  2.2  8 330   M    M   6         9 320
17  60  50  55   0  10   0 0.12  0.0    0  3.1 10  90   M    M   7 18     12  90
18  68  48  58   3   7   0 0.00  0.0    0  3.3 14 330   M    M   1 18     16 310
19  67  45  56   1   9   0 0.00  0.0    0  3.8  9 320   M    M   1        11 320
20  67  47  57   2   8   0 0.00  0.0    0  3.3  9 350   M    M   2        11 340
21  69  47  58   3   7   0 0.00  0.0    0  2.6  9 350   M    M   2        10 330
22  78  48  63   8   2   0 0.00  0.0    0  4.6 15 340   M    M   0        17 330
23  82  58  70  15   0   5 0.00  0.0    0  5.8 15  20   M    M   0        21  10
24  69  48  59   4   6   0 0.00  0.0    0  2.9  9 330   M    M   1        13  90
================================================================================
SM 1695 1236       114  24  0.74     0.0  93.7          M       73
================================================================================
AV 70.6 51.5                               3.9 FASTST   M    M   3    MAX(MPH)
                                 MISC ---->  # 17  10               # 24  320
================================================================================
NOTES:
# LAST OF SEVERAL OCCURRENCES

COLUMN 17 PEAK WIND IN M.P.H.

PRELIMINARY LOCAL CLIMATOLOGICAL DATA (WS FORM: F-6) , PAGE 2

                                          STATION:  PALM SPRINGS INTL AIRPORT CA
                                          MONTH:    DECEMBER
                                          YEAR:     2014
                                          LATITUDE:   33 49 N
                                          LONGITUDE: 116 30 W

[TEMPERATURE DATA]      [PRECIPITATION DATA]       SYMBOLS USED IN COLUMN 16

AVERAGE MONTHLY: 61.1   TOTAL FOR MONTH:   0.74    1 = FOG OR MIST
DPTR FM NORMAL:   5.3   DPTR FM NORMAL:    0.17    2 = FOG REDUCING VISIBILITY
HIGHEST:    83 ON  9    GRTST 24HR  0.36 ON  2- 3      TO 1/4 MILE OR LESS
LOWEST:     45 ON 19                               3 = THUNDER
                        SNOW, ICE PELLETS, HAIL    4 = ICE PELLETS
                        TOTAL MONTH:   0.0 INCH    5 = HAIL
                        GRTST 24HR     0.0         6 = FREEZING RAIN OR DRIZZLE
                        GRTST DEPTH:   0           7 = DUSTSTORM OR SANDSTORM:
                                                       VSBY 1/2 MILE OR LESS
                                                   8 = SMOKE OR HAZE
[NO. OF DAYS WITH]      [WEATHER - DAYS WITH]      9 = BLOWING SNOW
                                                   X = TORNADO
MAX 32 OR BELOW:   0    0.01 INCH OR MORE:   7
MAX 90 OR ABOVE:   0    0.10 INCH OR MORE:   3
MIN 32 OR BELOW:   0    0.50 INCH OR MORE:   0
MIN  0 OR BELOW:   0    1.00 INCH OR MORE:   0

[HDD (BASE 65) ]
TOTAL THIS MO.   114    CLEAR  (SCALE 0-3)  15
DPTR FM NORMAL  -109    PTCLDY (SCALE 4-7)   8
TOTAL FM JUL 1   147    CLOUDY (SCALE 8-10)  1
DPTR FM NORMAL  -172

[CDD (BASE 65) ]
TOTAL THIS MO.    24
DPTR FM NORMAL    24    [PRESSURE DATA]
TOTAL FM JAN 1  4948    HIGHEST SLP M ON M
DPTR FM NORMAL   811    LOWEST  SLP 29.81 ON 24

[REMARKS]
