825
CXUS56 KSGX 261445
CF6PSP
PRELIMINARY LOCAL CLIMATOLOGICAL DATA (WS FORM: F-6)

                                          STATION:   PALM SPRINGS INTL AIRPORT CA
                                          MONTH:     APRIL
                                          YEAR:      2017
                                          LATITUDE:   33 49 N
                                          LONGITUDE: 116 30 W

  TEMPERATURE IN F:       :PCPN:    SNOW:  WIND      :SUNSHINE: SKY     :PK WND
================================================================================
1   2   3   4   5  6A  6B    7    8   9   10  11  12  13   14  15   16   17  18
                                     12Z  AVG MX 2MIN
DY MAX MIN AVG DEP HDD CDD  WTR  SNW DPTH SPD SPD DIR MIN PSBL S-S WX    SPD DR
================================================================================

 1  90  55  73   5   0   8 0.00  0.0    0  6.7 18  20   M    M   0        27  20
 2  90  60  75   7   0  10 0.00  0.0    0  8.4 21 320   M    M   0        28 310
 3  89  60  75   7   0  10 0.00  0.0    0  7.7 37 330   M    M   0        42 330
 4  87  56  72   4   0   7 0.00  0.0    0  5.0 15  90   M    M   0        21 110
 5  90  60  75   6   0  10 0.00  0.0    0  5.3 12 130   M    M   0        17 140
 6  94  60  77   8   0  12 0.00  0.0    0  6.3 23 330   M    M   0        31 330
 7  89  64  77   8   0  12 0.00  0.0    0  3.6 17 330   M    M   1        22 320
 8  84  59  72   3   0   7 0.00  0.0    0 10.2 36 340   M    M   2        48 330
 9  80  58  69   0   0   4 0.00  0.0    0  7.1 33 330   M    M   0        41 330
10  87  59  73   3   0   8 0.00  0.0    0  4.5 14 330   M    M   0        16 330
11  91  58  75   5   0  10 0.00  0.0    0  6.7 25 330   M    M   0        35 320
12  92  60  76   6   0  11 0.00  0.0    0  8.4 24 320   M    M   0        31 300
13  85  62  74   4   0   9 0.00  0.0    0  4.7 17 320   M    M   0        24 320
14  85  58  72   2   0   7 0.00  0.0    M  8.9 20 320   M    M   0        29 320
15  93  58  76   5   0  11 0.00  0.0    0  5.4 15 110   M    M   0        19 110
16  93  62  78   7   0  13 0.00  0.0    0  4.9 21 320   M    M   0        27 340
17  93  71  82  11   0  17 0.00  0.0    0  7.7 23 340   M    M   0        30 340
18  92  64  78   7   0  13 0.00  0.0    0  8.8 31 320   M    M   0        44 310
19  92  66  79   7   0  14 0.00  0.0    0 11.2 24 320   M    M   0        32 330
20  95  62  79   7   0  14 0.00  0.0    0  9.3 25 320   M    M   0        33 320
21  95  65  80   8   0  15 0.00  0.0    0  6.0 14 350   M    M   0        19 360
22  99  67  83  11   0  18 0.00  0.0    0  4.6 13  30   M    M   0        16  30
23  99  67  83  10   0  18 0.00  0.0    0  8.6 28 320   M    M   0        35 330
24  91  65  78   5   0  13 0.00  0.0    0  9.1 28 330   M    M   1        43 330
25  84  67  76   3   0  11 0.00  0.0    0 16.1 35 320   M    M   0        43 320
================================================================================
SM 2259 1543         0 282  0.00     0.0 185.2          M        4
================================================================================
AV 90.4 61.7                               7.4 FASTST   M    M   0    MAX(MPH)
                                 MISC ---->  # 37 330               # 48  330
================================================================================
NOTES:
# LAST OF SEVERAL OCCURRENCES

COLUMN 17 PEAK WIND IN M.P.H.

PRELIMINARY LOCAL CLIMATOLOGICAL DATA (WS FORM: F-6) , PAGE 2

                                          STATION:  PALM SPRINGS INTL AIRPORT CA
                                          MONTH:    APRIL
                                          YEAR:     2017
                                          LATITUDE:   33 49 N
                                          LONGITUDE: 116 30 W

[TEMPERATURE DATA]      [PRECIPITATION DATA]       SYMBOLS USED IN COLUMN 16

AVERAGE MONTHLY: 76.0   TOTAL FOR MONTH:   0.00    1 = FOG OR MIST
DPTR FM NORMAL:   5.7   DPTR FM NORMAL:   -0.10    2 = FOG REDUCING VISIBILITY
HIGHEST:    99 ON 23,22 GRTST 24HR  0.00 ON 25-25      TO 1/4 MILE OR LESS
LOWEST:     55 ON  1                               3 = THUNDER
                        SNOW, ICE PELLETS, HAIL    4 = ICE PELLETS
                        TOTAL MONTH:   0.0 INCH    5 = HAIL
                        GRTST 24HR     0.0         6 = FREEZING RAIN OR DRIZZLE
                        GRTST DEPTH:   0           7 = DUSTSTORM OR SANDSTORM:
                                                       VSBY 1/2 MILE OR LESS
                                                   8 = SMOKE OR HAZE
[NO. OF DAYS WITH]      [WEATHER - DAYS WITH]      9 = BLOWING SNOW
                                                   X = TORNADO
MAX 32 OR BELOW:   0    0.01 INCH OR MORE:   0
MAX 90 OR ABOVE:  16    0.10 INCH OR MORE:   0
MIN 32 OR BELOW:   0    0.50 INCH OR MORE:   0
MIN  0 OR BELOW:   0    1.00 INCH OR MORE:   0

[HDD (BASE 65) ]
TOTAL THIS MO.     0    CLEAR  (SCALE 0-3)  25
DPTR FM NORMAL   -17    PTCLDY (SCALE 4-7)   0
TOTAL FM JUL 1   679    CLOUDY (SCALE 8-10)  0
DPTR FM NORMAL  -189

[CDD (BASE 65) ]
TOTAL THIS MO.   282
DPTR FM NORMAL   129    [PRESSURE DATA]
TOTAL FM JAN 1   573    HIGHEST SLP M ON M
DPTR FM NORMAL   300    LOWEST  SLP 29.80 ON 25

[REMARKS]
