000
CXUS54 KHGX 281426
CF6PSX
PRELIMINARY LOCAL CLIMATOLOGICAL DATA (WS FORM: F-6)

                                          STATION:   PALACIOS
                                          MONTH:     FEBRUARY
                                          YEAR:      2015
                                          LATITUDE:   28 43 N
                                          LONGITUDE:  96 15 W

  TEMPERATURE IN F:       :PCPN:    SNOW:  WIND      :SUNSHINE: SKY     :PK WND
================================================================================
1   2   3   4   5  6A  6B    7    8   9   10  11  12  13   14  15   16   17  18
                                     12Z  AVG MX 2MIN
DY MAX MIN AVG DEP HDD CDD  WTR  SNW DPTH SPD SPD DIR MIN PSBL S-S WX    SPD DR
================================================================================

 1  72  54  63   8   2   0 0.00  0.0    0  9.3 33 360   M    M   4 12     40 360
 2  54  41  48  -7  17   0 0.00  0.0    0 16.5 36 360   M    M   0        46 360
 3  48  44  46  -9  19   0 0.49    M    0  8.5 16  40   M    M   9 1      19  50
 4  60  46  53  -3  12   0 0.01  0.0    0  6.7 16  50   M    M   7 1      24  60
 5  56  44  50  -6  15   0    T  0.0    0 12.8 25 340   M    M  10 1      29 340
 6  58  43  51  -5  14   0 0.00  0.0    0  6.9 13 350   M    M   9 18     15 350
 7  67  43  55  -1  10   0 0.00  0.0    0  6.7 16 160   M    M   3 12     20 160
 8  69  56  63   7   2   0 0.00  0.0    0  8.4 20 210   M    M   2 12     25 220
 9  83  54  69  13   0   4 0.00  0.0    0  6.4 15 350   M    M   4 12     17  20
10  74  49  62   6   3   0 0.00  0.0    0  6.9 14 150   M    M   0 12     22 270
11  73  51  62   6   3   0 0.00  0.0    0  7.8 14 120   M    M   4 12     19 160
12  68  49  59   2   6   0 0.00  0.0    0 11.4 26 360   M    M   0 1      31 360
13  67  45  56  -1   9   0 0.00  0.0    0  7.1 14 150   M    M   3 1      16 150
14  73  51  62   5   3   0 0.00  0.0    0  7.1 16 190   M    M   3 128    20 190
15  72  61  67  10   0   2    T  0.0    0  9.9 18 150   M    M   4 1      42 150
16  70  38  54  -3  11   0 0.10    M    0 16.8 32 350   M    M   8 1      39 340
17  53  37  45 -13  20   0    T  0.0    0 13.1 26 360   M    M   6        33 360
18  61  35  48 -10  17   0 0.00  0.0    0  5.2 13 190   M    M   0        15 190
19  68  42  55  -3  10   0 0.00  0.0    0 10.8 21 130   M    M   2        25 130
20  72  62  67   9   0   2 0.00  0.0    0 15.0 24 170   M    M  10        31 160
21  72  64  68  10   0   3    T  0.0    0 10.4 17 170   M    M   9 18     23 180
22  76  49  63   5   2   0 0.00  0.0    0 13.5 33 350   M    M   8 1      40 350
23  49  37  43 -15  22   0    T  0.0    0 19.3 31  10   M    M  10 1      36  10
24  40  36  38 -21  27   0    T    M    0 11.3 20 350   M    M  10 1      23 350
25  58  39  49 -10  16   0    T  0.0    0 12.5 23 320   M    M   6 1      29 300
26  59  35  47 -12  18   0 0.00  0.0    0 13.3 26  10   M    M   0 1      32  10
27  50  37  44 -15  21   0    T    M    0 15.8 26  60   M    M   8        31  60
================================================================================
SM 1722 1242       279  11  0.60     0.0 289.4          M      139
================================================================================
AV 63.8 46.0                              10.7 FASTST   M    M   5    MAX(MPH)
                                 MISC ---->  # 36 360               # 46  360
================================================================================
NOTES:
# LAST OF SEVERAL OCCURRENCES

COLUMN 17 PEAK WIND IN M.P.H.

PRELIMINARY LOCAL CLIMATOLOGICAL DATA (WS FORM: F-6) , PAGE 2

                                          STATION:  PALACIOS
                                          MONTH:    FEBRUARY
                                          YEAR:     2015
                                          LATITUDE:   28 43 N
                                          LONGITUDE:  96 15 W

[TEMPERATURE DATA]      [PRECIPITATION DATA]       SYMBOLS USED IN COLUMN 16

AVERAGE MONTHLY: 54.9   TOTAL FOR MONTH:   0.60    1 = FOG OR MIST
DPTR FM NORMAL:  -2.1   DPTR FM NORMAL:   -1.66    2 = FOG REDUCING VISIBILITY
HIGHEST:    83 ON  9    GRTST 24HR  0.50 ON  3- 4      TO 1/4 MILE OR LESS
LOWEST:     35 ON 26,18                            3 = THUNDER
                        SNOW, ICE PELLETS, HAIL    4 = ICE PELLETS
                        TOTAL MONTH:   0.0 INCH    5 = HAIL
                        GRTST 24HR     0.0         6 = FREEZING RAIN OR DRIZZLE
                        GRTST DEPTH:   0           7 = DUSTSTORM OR SANDSTORM:
                                                       VSBY 1/2 MILE OR LESS
                                                   8 = SMOKE OR HAZE
[NO. OF DAYS WITH]      [WEATHER - DAYS WITH]      9 = BLOWING SNOW
                                                   X = TORNADO
MAX 32 OR BELOW:   0    0.01 INCH OR MORE:   3
MAX 90 OR ABOVE:   0    0.10 INCH OR MORE:   2
MIN 32 OR BELOW:   0    0.50 INCH OR MORE:   0
MIN  0 OR BELOW:   0    1.00 INCH OR MORE:   0

[HDD (BASE 65) ]
TOTAL THIS MO.   279    CLEAR  (SCALE 0-3)  10
DPTR FM NORMAL    48    PTCLDY (SCALE 4-7)   9
TOTAL FM JUL 1  1118    CLOUDY (SCALE 8-10)  8
DPTR FM NORMAL    88

[CDD (BASE 65) ]
TOTAL THIS MO.    11
DPTR FM NORMAL   -13    [PRESSURE DATA]
TOTAL FM JAN 1    11    HIGHEST SLP M ON M
DPTR FM NORMAL   -25    LOWEST  SLP 29.81 ON 21

[REMARKS]
