000
CXUS54 KHGX 011415
CF6PSX
PRELIMINARY LOCAL CLIMATOLOGICAL DATA (WS FORM: F-6)

                                          STATION:   PALACIOS
                                          MONTH:     AUGUST
                                          YEAR:      2014
                                          LATITUDE:   28 43 N
                                          LONGITUDE:  96 15 W

  TEMPERATURE IN F:       :PCPN:    SNOW:  WIND      :SUNSHINE: SKY     :PK WND
================================================================================
1   2   3   4   5  6A  6B    7    8   9   10  11  12  13   14  15   16   17  18
                                     12Z  AVG MX 2MIN
DY MAX MIN AVG DEP HDD CDD  WTR  SNW DPTH SPD SPD DIR MIN PSBL S-S WX    SPD DR
================================================================================

 1  90  75  83  -1   0  18 0.87  0.0    0  6.9 17 190   M    M   8 138    21 200
 2  89  74  82  -2   0  17    T  0.0    0  9.5 16  30   M    M   6        23 360
 3  94  70  82  -2   0  17 0.00  0.0    0  7.7 17 110   M    M   1 1      23 360
 4  92  74  83  -2   0  18 0.05  0.0    0  5.7 16 130   M    M   4 1      21 130
 5  93  72  83  -2   0  18 0.00  0.0    0  8.5 18 140   M    M   1 18     23 150
 6  91  76  84  -1   0  19 0.00  0.0    0  9.9 17 160   M    M   3        22 180
 7  92  84  88   3   0  23 0.00  0.0    0 13.3 20 170   M    M   2        26 170
 8  93  84  89   4   0  24    T  0.0    0 11.5 20 190   M    M   3        27 170
 9  92  84  88   3   0  23 0.00  0.0    0 11.1 16 160   M    M   1        22 160
10  91  83  87   2   0  22 0.00  0.0    0  8.4 15 170   M    M   2 38     25 220
11  95  79  87   2   0  22 0.00  0.0    0  7.3 16 170   M    M   1 3      19 160
12  98  76  87   2   0  22 0.00  0.0    0  5.8 17 350   M    M   1 3      24 360
13 100  78  89   4   0  24 0.00  0.0    0  7.2 16 170   M    M   1 18     21 190
14  94  76  85   0   0  20 0.00  0.0    0  7.6 17 160   M    M   2 1      22 160
15  92  82  87   2   0  22 0.01  0.0    0 11.4 18 170   M    M   2        24 160
16  92  85  89   4   0  24 0.00  0.0    M 15.7 23 160   M    M   3        29 170
17  93  83  88   4   0  23 0.00  0.0    0 14.7 21 180   M    M   5        28 170
18  93  83  88   4   0  23    T  0.0    0 12.7 22 170   M    M   2        27 170
19  93  84  89   5   0  24 0.00  0.0    0 13.4 20 170   M    M   2        25 200
20  93  83  88   4   0  23 0.00  0.0    0 14.7 21 150   M    M   1        30 110
21  92  84  88   4   0  23 0.00  0.0    0 15.7 21 140   M    M   3        26 150
22  92  83  88   4   0  23 0.00  0.0    0 11.8 20 160   M    M   3        26 160
23  93  81  87   3   0  22 0.00  0.0    0 10.3 18 160   M    M   0        23 140
24  93  82  88   4   0  23 0.00  0.0    0  9.9 18 170   M    M   1        24 160
25  96  76  86   2   0  21 0.00  0.0    0  7.5 17 160   M    M   1        22 150
26  92  77  85   1   0  20    T  0.0    0  5.0 20 260   M    M   3 13     24 120
27  92  76  84   0   0  19    T  0.0    0 11.0 22  30   M    M   2 13     27  40
28  92  77  85   1   0  20 0.01  0.0    0  9.5 17  90   M    M   1        23 100
29  92  77  85   1   0  20 0.05  0.0    0  9.0 21 130   M    M   2 1      24 110
30  86  74  80  -3   0  15 0.00  0.0    0  7.5 18 140   M    M   2 3      23 130
31  86  75  81  -2   0  16 0.76  0.0    0  8.9 13  90   M    M   4 13      M  M
================================================================================
SM 2866 2447         0 648  1.75     0.0 309.1          M       73
================================================================================
AV 92.5 78.9                              10.0 FASTST   M    M   2    MAX(MPH)
                                 MISC ---->  # 23 160               # 30  110
================================================================================
NOTES:
# LAST OF SEVERAL OCCURRENCES

COLUMN 17 PEAK WIND IN M.P.H.

PRELIMINARY LOCAL CLIMATOLOGICAL DATA (WS FORM: F-6) , PAGE 2

                                          STATION:  PALACIOS
                                          MONTH:    AUGUST
                                          YEAR:     2014
                                          LATITUDE:   28 43 N
                                          LONGITUDE:  96 15 W

[TEMPERATURE DATA]      [PRECIPITATION DATA]       SYMBOLS USED IN COLUMN 16

AVERAGE MONTHLY: 85.7   TOTAL FOR MONTH:   1.75    1 = FOG OR MIST
DPTR FM NORMAL:   1.4   DPTR FM NORMAL:   -1.21    2 = FOG REDUCING VISIBILITY
HIGHEST:   100 ON 13    GRTST 24HR  0.87 ON  1- 1      TO 1/4 MILE OR LESS
LOWEST:     70 ON  3                               3 = THUNDER
                        SNOW, ICE PELLETS, HAIL    4 = ICE PELLETS
                        TOTAL MONTH:   0.0 INCH    5 = HAIL
                        GRTST 24HR     0.0         6 = FREEZING RAIN OR DRIZZLE
                        GRTST DEPTH:   0           7 = DUSTSTORM OR SANDSTORM:
                                                       VSBY 1/2 MILE OR LESS
                                                   8 = SMOKE OR HAZE
[NO. OF DAYS WITH]      [WEATHER - DAYS WITH]      9 = BLOWING SNOW
                                                   X = TORNADO
MAX 32 OR BELOW:   0    0.01 INCH OR MORE:   6
MAX 90 OR ABOVE:  28    0.10 INCH OR MORE:   2
MIN 32 OR BELOW:   0    0.50 INCH OR MORE:   2
MIN  0 OR BELOW:   0    1.00 INCH OR MORE:   0

[HDD (BASE 65) ]
TOTAL THIS MO.     0    CLEAR  (SCALE 0-3)  24
DPTR FM NORMAL     0    PTCLDY (SCALE 4-7)   7
TOTAL FM JUL 1     0    CLOUDY (SCALE 8-10)  0
DPTR FM NORMAL     0

[CDD (BASE 65) ]
TOTAL THIS MO.   648
DPTR FM NORMAL    50    [PRESSURE DATA]
TOTAL FM JAN 1  2390    HIGHEST SLP 30.09 ON 21
DPTR FM NORMAL    45    LOWEST  SLP 29.79 ON 29

[REMARKS]
#FINAL-08-14#
#FINAL-08-14#
