000
CXUS54 KOUN 010800
CF6PWA
PRELIMINARY LOCAL CLIMATOLOGICAL DATA (WS FORM: F-6)

                                          STATION:   BETHANY/WILEY POST
                                          MONTH:     JULY
                                          YEAR:      2015
                                          LATITUDE:   35 31 N
                                          LONGITUDE:  97 38 W

  TEMPERATURE IN F:       :PCPN:    SNOW:  WIND      :SUNSHINE: SKY     :PK WND
================================================================================
1   2   3   4   5  6A  6B    7    8   9   10  11  12  13   14  15   16   17  18
                                     12Z  AVG MX 2MIN
DY MAX MIN AVG DEP HDD CDD  WTR  SNW DPTH SPD SPD DIR MIN PSBL S-S WX    SPD DR
================================================================================

 1  96  75  86   5   0  21 0.00  0.0    0 15.8 26 210   M    M   0        33 210
 2  93  72  83   2   0  18 0.62  0.0    0 13.6 21 220   M    M   2 13     26 200
 3  92  70  81   0   0  16 0.74  0.0    0  5.0 17 160   M    M   3 138    23  60
 4  90  70  80  -1   0  15    T  0.0    0  7.6 22 160   M    M   2 18     26 170
 5  92  74  83   2   0  18 0.00  0.0    0 15.2 22 170   M    M   1        29 150
 6  91  71  81  -1   0  16 0.81  0.0    0 15.1 29  40   M    M   4 13     39  30
 7  78  66  72 -10   0   7 0.79  0.0    0  9.0 16  40   M    M   9 1      20  30
 8  72  65  69 -13   0   4 0.03  0.0    0  5.4 14  10   M    M  10 18     17  10
 9  84  70  77  -5   0  12 0.49  0.0    0  7.2 16 260   M    M   5 123    20 260
10  90  74  82   0   0  17 0.00  0.0    0 13.4 21 170   M    M   1        25 180
11  91  76  84   2   0  19 0.00  0.0    0 15.5 23 210   M    M   0        28 200
12  93  75  84   2   0  19 0.00  0.0    0 16.0 25 190   M    M   0        31 210
13  97  75  86   4   0  21 0.00  0.0    0 16.1 22 190   M    M   0        30 190
14  97  75  86   3   0  21 0.00  0.0    0 10.8 16 200   M    M   0        21 190
15  97  75  86   3   0  21 0.00  0.0    0 11.4 18 180   M    M   0        28 180
16  94  75  85   2   0  20 0.00  0.0    0 14.5 22 210   M    M   0        28 210
17  94  77  86   3   0  21 0.00  0.0    0 15.7 21 180   M    M   0        28 190
18  96  78  87   4   0  22 0.00  0.0    0 16.2 23 190   M    M   0        29 180
19  96  77  87   4   0  22 0.00  0.0    0 11.9 20 190   M    M   0        26 190
20  99  76  88   5   0  23 0.54  0.0    0  7.9 30 210   M    M   1 138    36 210
21  81  73  77  -6   0  12 1.33  0.0    0  8.2 24 310   M    M   6 13     30 310
22  93  74  84   1   0  19    T  0.0    0  8.2 16 170   M    M   5 13     21 170
23  96  78  87   4   0  22 0.00  0.0    0 10.3 17 190   M    M   1        22 180
24  97  77  87   4   0  22 0.00  0.0    0 10.4 16 180   M    M   0        21 210
25  97  75  86   3   0  21 0.00  0.0    0 10.7 17 160   M    M   0        28 120
26  96  72  84   1   0  19 0.00  0.0    0  9.6 17 170   M    M   0        22 190
27  96  75  86   3   0  21 0.00  0.0    0 11.2 18 180   M    M   0        24 170
28  96  78  87   4   0  22 0.00  0.0    0 14.6 23 180   M    M   0        28 180
29  96  73  85   2   0  20 0.00  0.0    0  7.6 15 150   M    M   0        20 200
30  92  77  85   2   0  20 0.00  0.0    0  9.7 23  10   M    M   1        29  10
31  92  72  82  -1   0  17    T  0.0    0  3.6 16 140   M    M   4 13     22 250
================================================================================
SM 2864 2290         0 568  5.35     0.0 347.4          M       55
================================================================================
AV 92.4 73.9                              11.2 FASTST   M    M   2    MAX(MPH)
                                 MISC ---->  # 30 210               # 39   30
================================================================================
NOTES:
# LAST OF SEVERAL OCCURRENCES

COLUMN 17 PEAK WIND IN M.P.H.

PRELIMINARY LOCAL CLIMATOLOGICAL DATA (WS FORM: F-6) , PAGE 2

                                          STATION:  BETHANY/WILEY POST
                                          MONTH:    JULY
                                          YEAR:     2015
                                          LATITUDE:   35 31 N
                                          LONGITUDE:  97 38 W

[TEMPERATURE DATA]      [PRECIPITATION DATA]       SYMBOLS USED IN COLUMN 16

AVERAGE MONTHLY: 83.1   TOTAL FOR MONTH:   5.35    1 = FOG OR MIST
DPTR FM NORMAL:   0.5   DPTR FM NORMAL:    2.66    2 = FOG REDUCING VISIBILITY
HIGHEST:    99 ON 20    GRTST 24HR  1.87 ON 20-21      TO 1/4 MILE OR LESS
LOWEST:     65 ON  8                               3 = THUNDER
                        SNOW, ICE PELLETS, HAIL    4 = ICE PELLETS
                        TOTAL MONTH:   0.0 INCH    5 = HAIL
                        GRTST 24HR     0.0         6 = FREEZING RAIN OR DRIZZLE
                        GRTST DEPTH:   0           7 = DUSTSTORM OR SANDSTORM:
                                                       VSBY 1/2 MILE OR LESS
                                                   8 = SMOKE OR HAZE
[NO. OF DAYS WITH]      [WEATHER - DAYS WITH]      9 = BLOWING SNOW
                                                   X = TORNADO
MAX 32 OR BELOW:   0    0.01 INCH OR MORE:   8
MAX 90 OR ABOVE:  27    0.10 INCH OR MORE:   7
MIN 32 OR BELOW:   0    0.50 INCH OR MORE:   6
MIN  0 OR BELOW:   0    1.00 INCH OR MORE:   1

[HDD (BASE 65) ]
TOTAL THIS MO.     0    CLEAR  (SCALE 0-3)  24
DPTR FM NORMAL     0    PTCLDY (SCALE 4-7)   5
TOTAL FM JUL 1     0    CLOUDY (SCALE 8-10)  2
DPTR FM NORMAL     0

[CDD (BASE 65) ]
TOTAL THIS MO.   568
DPTR FM NORMAL    24    [PRESSURE DATA]
TOTAL FM JAN 1  1187    HIGHEST SLP M ON M
DPTR FM NORMAL    60    LOWEST  SLP 29.72 ON 13

[REMARKS]
#FINAL-07-15#
