000
CXUS51 KGYX 291000
CF6PWM
PRELIMINARY LOCAL CLIMATOLOGICAL DATA (WS FORM: F-6)

                                          STATION:   PORTLAND ME
                                          MONTH:     MARCH
                                          YEAR:      2015
                                          LATITUDE:   43 39 N
                                          LONGITUDE:  70 19 W

  TEMPERATURE IN F:       :PCPN:    SNOW:  WIND      :SUNSHINE: SKY     :PK WND
================================================================================
1   2   3   4   5  6A  6B    7    8   9   10  11  12  13   14  15   16   17  18
                                     12Z  AVG MX 2MIN
DY MAX MIN AVG DEP HDD CDD  WTR  SNW DPTH SPD SPD DIR MIN PSBL S-S WX    SPD DR
================================================================================

 1  30  -2  14 -15  51   0 0.05  0.4   22  5.9 14 180   M    M   7 1      19 220
 2  36  19  28  -1  37   0    T    T   22 12.7 32 290   M    M   6 1      47 290
 3  32   8  20 -10  45   0 0.24  1.2   21  7.8 20 200   M    M   5 1      27 190
 4  46  31  39   9  26   0 0.03  0.2   22  9.8 21 280   M    M   8 1      26 260
 5  39  12  26  -4  39   0 0.00  0.0   21 12.7 24 300   M    M   9        36 290
 6  23   2  13 -17  52   0 0.00  0.0   20  7.2 15 180   M    M   0        20 190
 7  38  14  26  -5  39   0 0.00  0.0   20  7.0 15 240   M    M   3        21 250
 8  40  12  26  -5  39   0    T  0.0   20  5.9 20 270   M    M   5        24 280
 9  44  27  36   5  29   0 0.00  0.0   20 10.4 29 290   M    M   4        37 310
10  47  25  36   4  29   0    T  0.0   19  7.6 20 170   M    M   5        24 170
11  56  37  47  15  18   0    T    M    M 10.4 31 310   M    M   3 1      38 330
12  41  20  31  -1  34   0    T    T   14 17.1 33 330   M    M   1        47 340
13  39  15  27  -5  38   0 0.00  0.0   14  4.6 15 200   M    M   4        21 250
14  38  30  34   1  31   0 0.83    T   14  6.2 16  30   M    M  10 14     22  20
15  36  27  32  -1  33   0 0.05  0.3   14 15.5 30 360   M    M  10 1      38 350
16  45  23  34   1  31   0 0.00  0.0   14  9.2 23 340   M    M   3        34 330
17  44  25  35   1  30   0 0.04  0.2   14 11.1 39 320   M    M   7 18     53 300
18  28  18  23 -11  42   0 0.00  0.0   13 18.7 31 320   M    M   1        42 310
19  32  16  24 -10  41   0 0.00  0.0   13 15.4 31 320   M    M   0        42 310
20  34  13  24 -11  41   0 0.00  0.0   13  5.6 13 200   M    M   7        17 190
21  36  29  33  -2  32   0 0.02    T   12  4.9 12 130   M    M  10 18     16 230
22  35  14  25 -10  40   0 0.00  0.0   11 18.4 31 300   M    M   1        44 310
23  34  13  24 -12  41   0 0.00  0.0   11 11.8 22 300   M    M   3 8      26 280
24  39  15  27  -9  38   0 0.00  0.0   11  4.9 13 180   M    M   1        17 160
25  42  20  31  -5  34   0 0.01  0.0   11  6.3 17 210   M    M   3        26 200
26  49  37  43   6  22   0 0.43  0.0   11  5.9 15 190   M    M   9 1      19 190
27  49  38  44   7  21   0 0.07  0.0    9  4.4 10  10   M    M   9 1      13  10
28  41  30  36  -1  29   0    T  0.1    8 11.7 23 350   M    M   9 1      26 350
================================================================================
SM 1093  568       982   0  1.77     2.4 269.1          M      143
================================================================================
AV 39.0 20.3                               9.6 FASTST   M    M   5    MAX(MPH)
                                 MISC ---->  # 39 320               # 53  300
================================================================================
NOTES:
# LAST OF SEVERAL OCCURRENCES

COLUMN 17 PEAK WIND IN M.P.H.

PRELIMINARY LOCAL CLIMATOLOGICAL DATA (WS FORM: F-6) , PAGE 2

                                          STATION:  PORTLAND ME
                                          MONTH:    MARCH
                                          YEAR:     2015
                                          LATITUDE:   43 39 N
                                          LONGITUDE:  70 19 W

[TEMPERATURE DATA]      [PRECIPITATION DATA]       SYMBOLS USED IN COLUMN 16

AVERAGE MONTHLY: 29.7   TOTAL FOR MONTH:   1.77    1 = FOG OR MIST
DPTR FM NORMAL:  -3.3   DPTR FM NORMAL:   -2.05    2 = FOG REDUCING VISIBILITY
HIGHEST:    56 ON 11    GRTST 24HR  0.83 ON 14-14      TO 1/4 MILE OR LESS
LOWEST:     -2 ON  1                               3 = THUNDER
                        SNOW, ICE PELLETS, HAIL    4 = ICE PELLETS
                        TOTAL MONTH:   2.4 INCHES  5 = HAIL
                        GRTST 24HR   1.2 ON   M    6 = FREEZING RAIN OR DRIZZLE
                        GRTST DEPTH:  22 ON  4, 2  7 = DUSTSTORM OR SANDSTORM:
                                                       VSBY 1/2 MILE OR LESS
                                                   8 = SMOKE OR HAZE
[NO. OF DAYS WITH]      [WEATHER - DAYS WITH]      9 = BLOWING SNOW
                                                   X = TORNADO
MAX 32 OR BELOW:   5    0.01 INCH OR MORE:  10
MAX 90 OR ABOVE:   0    0.10 INCH OR MORE:   3
MIN 32 OR BELOW:  25    0.50 INCH OR MORE:   1
MIN  0 OR BELOW:   1    1.00 INCH OR MORE:   0

[HDD (BASE 65) ]
TOTAL THIS MO.   982    CLEAR  (SCALE 0-3)  10
DPTR FM NORMAL    86    PTCLDY (SCALE 4-7)  11
TOTAL FM JUL 1  6036    CLOUDY (SCALE 8-10)  7
DPTR FM NORMAL    98

[CDD (BASE 65) ]
TOTAL THIS MO.     0
DPTR FM NORMAL     0    [PRESSURE DATA]
TOTAL FM JAN 1     0    HIGHEST SLP M ON M
DPTR FM NORMAL     0    LOWEST  SLP 29.37 ON 17

[REMARKS]
