000
CXUS53 KMKX 260656
CF6RAC
PRELIMINARY LOCAL CLIMATOLOGICAL DATA (WS FORM: F-6)

                                          STATION:   RACINE WI
                                          MONTH:     MARCH
                                          YEAR:      2015
                                          LATITUDE:   42 45 N
                                          LONGITUDE:  87 49 W

  TEMPERATURE IN F:       :PCPN:    SNOW:  WIND      :SUNSHINE: SKY     :PK WND
================================================================================
1   2   3   4   5  6A  6B    7    8   9   10  11  12  13   14  15   16   17  18
                                     12Z  AVG MX 2MIN
DY MAX MIN AVG DEP HDD CDD  WTR  SNW DPTH SPD SPD DIR MIN PSBL S-S WX    SPD DR
================================================================================

 1  26   6  16 -14  49   0 0.00  0.0    M  8.0 15 230   M    M   3 18     21 220
 2  28  12  20 -10  45   0 0.00  0.0    0  6.1 12 310   M    M   2        16 290
 3  33  26  30  -1  35   0    M    M    0 11.6 23 170   M    M  10 1268   32 170
 4  30   8  19 -12  46   0 0.00  0.0    0  9.5 21 300   M    M   3        29 300
 5  15   1   8 -23  57   0 0.00  0.0    0  7.2 14 270   M    M   0        19 280
 6  29  -3  13 -19  52   0 0.00  0.0    0 11.7 24 230   M    M   2        34 230
 7  46  21  34   2  31   0 0.00  0.0    0  8.1 17 260   M    M   2 8      24 260
 8  42  29  36   4  29   0 0.00  0.0    0  8.1 18 230   M    M   0        23 240
 9  48  26  37   4  28   0 0.00  0.0    0  6.7 17 230   M    M   0        22 210
10  50  31  41   8  24   0 0.00  0.0    0  8.9 16 230   M    M   4 128    22 220
11  49  31  40   6  25   0 0.00  0.0    0  6.6 15  20   M    M   0 18     21  20
12  46  27  37   3  28   0 0.00  0.0    0  9.1 21 160   M    M   0        25 160
13  62  33  48  14  17   0 0.00  0.0    0  6.8 13 170   M    M   0 8      16 220
14  57  29  43   9  22   0 0.00  0.0    0  8.0 18 330   M    M   0 8      25 330
15  60  27  44   9  21   0 0.00  0.0    0 10.2 20 240   M    M   0        29 240
16  70  38  54  19  11   0 0.00  0.0    0 12.1 29  10   M    M   1        35  20
17  42  30  36   0  29   0 0.00  0.0    0 13.0 29  30   M    M   2        39  30
18  48  29  39   3  26   0 0.00  0.0    0  6.7 14 160   M    M   2        17 160
19  41  34  38   2  27   0 0.00  0.0    0  6.7 15 130   M    M   7        20 120
20  56  29  43   7  22   0 0.00  0.0    0  9.3 20 220   M    M   6        26 210
21  45  27  36  -1  29   0 0.00  0.0    0  8.5 20  50   M    M   2 18     23  50
22  33  29  31  -6  34   0 0.00  0.0    0 11.1 17  50   M    M   8        21  60
23  31  22  27 -10  38   0 0.03    M    M  8.9 15  80   M    M   7 18     20  80
24  36  19  28 -10  37   0    T    M    M  9.0 18 110   M    M   1        24 120
25  42  33  38   0  27   0 0.34    M    M 12.1 24 250   M    M   7 18     36 250
================================================================================
SM 1065  594       789   0  0.37     0.0 224.0          M       69
================================================================================
AV 42.6 23.8                               9.0 FASTST   M    M   3    MAX(MPH)
                                 MISC ---->  # 29  10               # 39   30
================================================================================
NOTES:
# LAST OF SEVERAL OCCURRENCES

COLUMN 17 PEAK WIND IN M.P.H.

PRELIMINARY LOCAL CLIMATOLOGICAL DATA (WS FORM: F-6) , PAGE 2

                                          STATION:  RACINE WI
                                          MONTH:    MARCH
                                          YEAR:     2015
                                          LATITUDE:   42 45 N
                                          LONGITUDE:  87 49 W

[TEMPERATURE DATA]      [PRECIPITATION DATA]       SYMBOLS USED IN COLUMN 16

AVERAGE MONTHLY: 33.2   TOTAL FOR MONTH:   0.37    1 = FOG OR MIST
DPTR FM NORMAL:  -0.9   DPTR FM NORMAL:   -1.21    2 = FOG REDUCING VISIBILITY
HIGHEST:    70 ON 16    GRTST 24HR  0.34 ON 25-25      TO 1/4 MILE OR LESS
LOWEST:     -3 ON  6                               3 = THUNDER
                        SNOW, ICE PELLETS, HAIL    4 = ICE PELLETS
                        TOTAL MONTH:   0.0 INCH    5 = HAIL
                        GRTST 24HR     0.0         6 = FREEZING RAIN OR DRIZZLE
                        GRTST DEPTH:   0           7 = DUSTSTORM OR SANDSTORM:
                                                       VSBY 1/2 MILE OR LESS
                                                   8 = SMOKE OR HAZE
[NO. OF DAYS WITH]      [WEATHER - DAYS WITH]      9 = BLOWING SNOW
                                                   X = TORNADO
MAX 32 OR BELOW:   6    0.01 INCH OR MORE:   2
MAX 90 OR ABOVE:   0    0.10 INCH OR MORE:   1
MIN 32 OR BELOW:  21    0.50 INCH OR MORE:   0
MIN  0 OR BELOW:   1    1.00 INCH OR MORE:   0

[HDD (BASE 65) ]
TOTAL THIS MO.   789    CLEAR  (SCALE 0-3)  18
DPTR FM NORMAL    14    PTCLDY (SCALE 4-7)   5
TOTAL FM JUL 1  6146    CLOUDY (SCALE 8-10)  2
DPTR FM NORMAL   425

[CDD (BASE 65) ]
TOTAL THIS MO.     0
DPTR FM NORMAL     0    [PRESSURE DATA]
TOTAL FM JAN 1     0    HIGHEST SLP M ON M
DPTR FM NORMAL     0    LOWEST  SLP 29.63 ON  3

[REMARKS]
