000
CXUS56 KSGX 241445
CF6RAL
PRELIMINARY LOCAL CLIMATOLOGICAL DATA (WS FORM: F-6)

                                          STATION:   RIVERSIDE MUNI AIRPORT CA
                                          MONTH:     OCTOBER
                                          YEAR:      2014
                                          LATITUDE:   33 57 N
                                          LONGITUDE: 117 27 W

  TEMPERATURE IN F:       :PCPN:    SNOW:  WIND      :SUNSHINE: SKY     :PK WND
================================================================================
1   2   3   4   5  6A  6B    7    8   9   10  11  12  13   14  15   16   17  18
                                     12Z  AVG MX 2MIN
DY MAX MIN AVG DEP HDD CDD  WTR  SNW DPTH SPD SPD DIR MIN PSBL S-S WX    SPD DR
================================================================================

 1  89  59  74   2   0   9 0.00  0.0    0  3.2 15 280   M    M   0        20 270
 2  97  60  79   7   0  14 0.00  0.0    0  5.8 15  30   M    M   0        24  30
 3 101  59  80   8   0  15 0.00  0.0    0  4.4  9  40   M    M   0        12  40
 4 103  63  83  11   0  18 0.00  0.0    0  4.8 17 250   M    M   1        22 250
 5  99  62  81  10   0  16 0.00  0.0    0  4.3 15 280   M    M   0        22 280
 6  97  60  79   8   0  14 0.00  0.0    0  3.8 15 280   M    M   0        23 270
 7  95  64  80   9   0  15 0.00  0.0    0  2.7 14 250   M    M   1        17 250
 8  92  62  77   7   0  12 0.00  0.0    0  4.5 15 260   M    M   0        21 280
 9  83  63  73   3   0   8 0.00  0.0    0  3.2 14 270   M    M   2 8      19 280
10  85  60  73   3   0   8 0.00  0.0    0  3.2 14 260   M    M   0 18     19 270
11  89  59  74   4   0   9 0.00  0.0    0  3.6 14 260   M    M   0 18     18 260
12  86  60  73   4   0   8 0.00  0.0    0  3.4 14 280   M    M   0 18     19 280
13  89  57  73   4   0   8 0.00  0.0    0  5.1 14 280   M    M   0 1      19 280
14  82  58  70   1   0   5 0.00  0.0    0  5.0 13 270   M    M   3 128    17 280
15  79  61  70   2   0   5 0.00  0.0    0  4.0 17 250   M    M   5        22 250
16  80  58  69   1   0   4 0.00  0.0    0  3.3 15 250   M    M   3        18 250
17  78  56  67  -1   0   2 0.00  0.0    0  3.4 14 260   M    M   3        21 250
18  80  62  71   3   0   6 0.00  0.0    0  2.9 13 250   M    M   4        16 250
19  81  57  69   1   0   4 0.00  0.0    0  3.0 12 260   M    M   0        16 270
20  81  58  70   3   0   5 0.00  0.0    0  2.0 13 250   M    M   2 18     16 250
21  82  58  70   3   0   5 0.00  0.0    0  2.5 13 250   M    M   3 18     16 280
22  90  55  73   6   0   8 0.00  0.0    0  2.5 12 260   M    M   0        16 270
23  93  59  76  10   0  11 0.00  0.0    0  4.0 13 270   M    M   0        17 250
================================================================================
SM 2031 1370         0 209  0.00     0.0  84.6          M       27
================================================================================
AV 88.3 59.6                               3.7 FASTST   M    M   1    MAX(MPH)
                                 MISC ---->  # 17 250               # 24   30
================================================================================
NOTES:
# LAST OF SEVERAL OCCURRENCES

COLUMN 17 PEAK WIND IN M.P.H.

PRELIMINARY LOCAL CLIMATOLOGICAL DATA (WS FORM: F-6) , PAGE 2

                                          STATION:  RIVERSIDE MUNI AIRPORT CA
                                          MONTH:    OCTOBER
                                          YEAR:     2014
                                          LATITUDE:   33 57 N
                                          LONGITUDE: 117 27 W

[TEMPERATURE DATA]      [PRECIPITATION DATA]       SYMBOLS USED IN COLUMN 16

AVERAGE MONTHLY: 73.9   TOTAL FOR MONTH:   0.00    1 = FOG OR MIST
DPTR FM NORMAL:   4.6   DPTR FM NORMAL:   -0.17    2 = FOG REDUCING VISIBILITY
HIGHEST:   103 ON  4    GRTST 24HR  0.00 ON 23-23      TO 1/4 MILE OR LESS
LOWEST:     55 ON 22                               3 = THUNDER
                        SNOW, ICE PELLETS, HAIL    4 = ICE PELLETS
                        TOTAL MONTH:   0.0 INCH    5 = HAIL
                        GRTST 24HR     0.0         6 = FREEZING RAIN OR DRIZZLE
                        GRTST DEPTH:   0           7 = DUSTSTORM OR SANDSTORM:
                                                       VSBY 1/2 MILE OR LESS
                                                   8 = SMOKE OR HAZE
[NO. OF DAYS WITH]      [WEATHER - DAYS WITH]      9 = BLOWING SNOW
                                                   X = TORNADO
MAX 32 OR BELOW:   0    0.01 INCH OR MORE:   0
MAX 90 OR ABOVE:   9    0.10 INCH OR MORE:   0
MIN 32 OR BELOW:   0    0.50 INCH OR MORE:   0
MIN  0 OR BELOW:   0    1.00 INCH OR MORE:   0

[HDD (BASE 65) ]
TOTAL THIS MO.     0    CLEAR  (SCALE 0-3)  21
DPTR FM NORMAL   -14    PTCLDY (SCALE 4-7)   2
TOTAL FM JUL 1     0    CLOUDY (SCALE 8-10)  0
DPTR FM NORMAL   -16

[CDD (BASE 65) ]
TOTAL THIS MO.   209
DPTR FM NORMAL    92    [PRESSURE DATA]
TOTAL FM JAN 1  2252    HIGHEST SLP M ON M
DPTR FM NORMAL   543    LOWEST  SLP 29.74 ON  1

[REMARKS]
