000
CXUS51 KPHI 270800
CF6RDG
PRELIMINARY LOCAL CLIMATOLOGICAL DATA (WS FORM: F-6)

                                          STATION:   READING PA
                                          MONTH:     MARCH
                                          YEAR:      2017
                                          LATITUDE:   40 22 N
                                          LONGITUDE:  75 58 W

  TEMPERATURE IN F:       :PCPN:    SNOW:  WIND      :SUNSHINE: SKY     :PK WND
================================================================================
1   2   3   4   5  6A  6B    7    8   9   10  11  12  13   14  15   16   17  18
                                     12Z  AVG MX 2MIN
DY MAX MIN AVG DEP HDD CDD  WTR  SNW DPTH SPD SPD DIR MIN PSBL S-S WX    SPD DR
================================================================================

 1  68  57  63  27   2   0 0.67    M    M  7.6 24 260   M    M   6 13     33 270
 2  60  33  47  11  18   0    T    M    M 20.2 32 310   M    M   4        44 280
 3  40  24  32  -5  33   0    T    M    M 12.5 33 290   M    M   3        41 280
 4  35  18  27 -10  38   0 0.00    M    M 13.3 28 350   M    M   2        35 310
 5  38  11  25 -12  40   0 0.00    M    M  6.2 17 350   M    M   0        21 350
 6  53  22  38   0  27   0    T    M    M  4.8 12 170   M    M   5        16 170
 7  57  39  48  10  17   0 0.26    M    M  2.9 13 180   M    M   9 1      19 170
 8  62  45  54  16  11   0 0.01    M    M 14.0 33 310   M    M   4        42 310
 9  65  46  56  17   9   0 0.00    M    M 13.8 30 280   M    M   2        39 290
10  46  23  35  -4  30   0 0.12    M    M 15.2 36 320   M    M   7 128    45 310
11  30  17  24 -15  41   0 0.00    M    M 17.1 29 320   M    M   4        35 300
12  32  19  26 -14  39   0 0.00    M    M 10.7 21 300   M    M   5        26 300
13  39  14  27 -13  38   0 0.11    M    M  4.8 15 160   M    M   2 1      23 150
14  32  20  26 -14  39   0 0.83    M    M 18.8 33 320   M    M  10 1289   42 310
15  30  17  24 -17  41   0    T    M    M 16.9 33 290   M    M   9        43 290
16  38  22  30 -11  35   0 0.00    M    M 12.8 28 290   M    M   2        37 290
17  43  22  33  -8  32   0 0.00    M    M  6.5 16 270   M    M   0        22 280
18  37  33  35  -7  30   0 0.01    M    M  4.3 13  60   M    M  10 1      15  50
19  46  34  40  -2  25   0 0.00    M    M  9.5 18 310   M    M   5        22 310
20  47  29  38  -4  27   0 0.00    M    M  5.6 15 310   M    M   4        19 280
21  57  37  47   4  18   0 0.03    M    M  5.1 20 310   M    M   5 1      23 310
22  48  25  37  -6  28   0 0.00    M    M 16.1 32 320   M    M   1        43 360
23  44  20  32 -12  33   0 0.00    M    M  4.6 15 280   M    M   0        19 220
24  56  31  44   0  21   0    T    M    M  8.5 20 190   M    M   2        25 200
25  72  42  57  13   8   0    T    M    M  3.4 20  30   M    M   4        27  40
26  47  40  44   0  21   0    T    M    M  8.1 15  80   M    M  10 1      20  80
================================================================================
SM 1222  740       701   0  2.04    M    263.3          M      115
================================================================================
AV 47.0 28.5                              10.1 FASTST   M    M   4    MAX(MPH)
                                 MISC ---->  # 36 320               # 45  310
================================================================================
NOTES:
# LAST OF SEVERAL OCCURRENCES

COLUMN 17 PEAK WIND IN M.P.H.

PRELIMINARY LOCAL CLIMATOLOGICAL DATA (WS FORM: F-6) , PAGE 2

                                          STATION:  READING PA
                                          MONTH:    MARCH
                                          YEAR:     2017
                                          LATITUDE:   40 22 N
                                          LONGITUDE:  75 58 W

[TEMPERATURE DATA]      [PRECIPITATION DATA]       SYMBOLS USED IN COLUMN 16

AVERAGE MONTHLY: 37.7   TOTAL FOR MONTH:   2.04    1 = FOG OR MIST
DPTR FM NORMAL:  -2.5   DPTR FM NORMAL:   -0.76    2 = FOG REDUCING VISIBILITY
HIGHEST:    72 ON 25    GRTST 24HR  0.83 ON 14-14      TO 1/4 MILE OR LESS
LOWEST:     11 ON  5                               3 = THUNDER
                        SNOW, ICE PELLETS, HAIL    4 = ICE PELLETS
                        TOTAL MONTH:    M          5 = HAIL
                        GRTST 24HR    M  ON   M    6 = FREEZING RAIN OR DRIZZLE
                        GRTST DEPTH:  M  ON   M    7 = DUSTSTORM OR SANDSTORM:
                                                       VSBY 1/2 MILE OR LESS
                                                   8 = SMOKE OR HAZE
[NO. OF DAYS WITH]      [WEATHER - DAYS WITH]      9 = BLOWING SNOW
                                                   X = TORNADO
MAX 32 OR BELOW:   4    0.01 INCH OR MORE:   8
MAX 90 OR ABOVE:   0    0.10 INCH OR MORE:   5
MIN 32 OR BELOW:  16    0.50 INCH OR MORE:   2
MIN  0 OR BELOW:   0    1.00 INCH OR MORE:   0

[HDD (BASE 65) ]
TOTAL THIS MO.   701    CLEAR  (SCALE 0-3)  10
DPTR FM NORMAL    56    PTCLDY (SCALE 4-7)  11
TOTAL FM JUL 1  4063    CLOUDY (SCALE 8-10)  5
DPTR FM NORMAL  -624

[CDD (BASE 65) ]
TOTAL THIS MO.     0
DPTR FM NORMAL     0    [PRESSURE DATA]
TOTAL FM JAN 1     0    HIGHEST SLP M ON M
DPTR FM NORMAL     0    LOWEST  SLP 29.09 ON 14

[REMARKS]
