000
CXUS52 KRAH 301345
CF6RDU
PRELIMINARY LOCAL CLIMATOLOGICAL DATA (WS FORM: F-6)

                                          STATION:   RALEIGH-DURHAM INTL AIRPORT NC
                                          MONTH:     JANUARY
                                          YEAR:      2015
                                          LATITUDE:   35 52 N
                                          LONGITUDE:  78 47 W

  TEMPERATURE IN F:       :PCPN:    SNOW:  WIND      :SUNSHINE: SKY     :PK WND
================================================================================
1   2   3   4   5  6A  6B    7    8   9   10  11  12  13   14  15   16   17  18
                                     12Z  AVG MX 2MIN
DY MAX MIN AVG DEP HDD CDD  WTR  SNW DPTH SPD SPD DIR MIN PSBL S-S WX    SPD DR
================================================================================

 1  51  23  37  -4  28   0 0.00  0.0    0  4.6 15 230   M    M   3        18 230
 2  54  41  48   7  17   0 0.00  0.0    0  2.8  9 230   M    M   9        12 230
 3  51  46  49   8  16   0 0.16  0.0    0  3.9  9  80   M    M  10 12     24 330
 4  69  49  59  18   6   0 0.29  0.0    0 10.0 26 240   M    M  10 12     39 210
 5  56  32  44   4  21   0 0.00  0.0    0  5.4 15 310   M    M   5        22 280
 6  55  26  41   1  24   0 0.00  0.0    0  4.7 21 230   M    M   5        26 230
 7  39  16  28 -12  37   0 0.00  0.0    0  6.2 17 330   M    M   7        28 340
 8  27  11  19 -21  46   0 0.00  0.0    0  5.3 15 210   M    M   2        23 360
 9  45  22  34  -6  31   0 0.00  0.0    0  8.3 21 240   M    M   5        26 230
10  39  22  31  -9  34   0 0.00  0.0    0  1.5  8  20   M    M   1        14  30
11  49  17  33  -7  32   0 0.00  0.0    0  0.8  7  80   M    M   6        12 140
12  48  36  42   2  23   0 1.29  0.0    0  2.1 13 130   M    M  10 12     18 130
13  44  31  38  -3  27   0 0.03  0.0    0 11.3 20  40   M    M  10 16     28  50
14  33  28  31 -10  34   0 0.01  0.0    0  4.9 12  30   M    M  10 16     17  30
15  41  31  36  -5  29   0    T  0.0    0  3.1  9 230   M    M  10 12     10 240
16  53  30  42   1  23   0    T  0.0    0  3.6 14 330   M    M   1 1      22 330
17  51  27  39  -2  26   0 0.00  0.0    0  4.7 12 170   M    M   2        21 140
18  60  41  51  10  14   0 0.49  0.0    0  5.3 18 300   M    M   6 18     31 310
19  63  31  47   6  18   0 0.00  0.0    0  5.1 15 280   M    M   1        22 270
20  67  39  53  12  12   0 0.00  0.0    0  6.2 16 230   M    M   7        20 220
21  54  36  45   4  20   0 0.00  0.0    0  4.8 12  20   M    M   5        16 100
22  59  30  45   4  20   0 0.00  0.0    0  2.8 13 270   M    M   5 1      17 280
23  41  35  38  -3  27   0 0.67  0.0    0  6.9 14  60   M    M   9 1      17  50
24  49  35  42   1  23   0 0.14  0.0    0  5.9 13 310   M    M   6 1      21 330
25  55  29  42   1  23   0 0.00  0.0    0  4.7 13 230   M    M   3        17 230
26  50  38  44   2  21   0 0.24  0.0    0  2.8  9 330   M    M   9 1      17 330
27  44  30  37  -5  28   0 0.01    T    0  5.2 12 280   M    M   6 1      18 330
28  46  25  36  -6  29   0 0.00  0.0    0  2.9 12  40   M    M   1        16  50
29  47  23  35  -7  30   0 0.02    T    0  4.6 15 220   M    M   6 14     18 200
================================================================================
SM 1440  880       719   0  3.35    T    140.4          M      170
================================================================================
AV 49.7 30.3                               4.8 FASTST   M    M   6    MAX(MPH)
                                 MISC ---->  # 26 240               # 39  210
================================================================================
NOTES:
# LAST OF SEVERAL OCCURRENCES

COLUMN 17 PEAK WIND IN M.P.H.

PRELIMINARY LOCAL CLIMATOLOGICAL DATA (WS FORM: F-6) , PAGE 2

                                          STATION:  RALEIGH-DURHAM INTL AIRPORT NC
                                          MONTH:    JANUARY
                                          YEAR:     2015
                                          LATITUDE:   35 52 N
                                          LONGITUDE:  78 47 W

[TEMPERATURE DATA]      [PRECIPITATION DATA]       SYMBOLS USED IN COLUMN 16

AVERAGE MONTHLY: 40.0   TOTAL FOR MONTH:   3.35    1 = FOG OR MIST
DPTR FM NORMAL:  -0.9   DPTR FM NORMAL:    0.08    2 = FOG REDUCING VISIBILITY
HIGHEST:    69 ON  4    GRTST 24HR  1.29 ON 12-12      TO 1/4 MILE OR LESS
LOWEST:     11 ON  8                               3 = THUNDER
                        SNOW, ICE PELLETS, HAIL    4 = ICE PELLETS
                        TOTAL MONTH:    T          5 = HAIL
                        GRTST 24HR    T  ON 29-29  6 = FREEZING RAIN OR DRIZZLE
                        GRTST DEPTH:   0           7 = DUSTSTORM OR SANDSTORM:
                                                       VSBY 1/2 MILE OR LESS
                                                   8 = SMOKE OR HAZE
[NO. OF DAYS WITH]      [WEATHER - DAYS WITH]      9 = BLOWING SNOW
                                                   X = TORNADO
MAX 32 OR BELOW:   1    0.01 INCH OR MORE:  11
MAX 90 OR ABOVE:   0    0.10 INCH OR MORE:   7
MIN 32 OR BELOW:  19    0.50 INCH OR MORE:   2
MIN  0 OR BELOW:   0    1.00 INCH OR MORE:   1

[HDD (BASE 65) ]
TOTAL THIS MO.   719    CLEAR  (SCALE 0-3)   7
DPTR FM NORMAL    21    PTCLDY (SCALE 4-7)  13
TOTAL FM JUL 1  2005    CLOUDY (SCALE 8-10)  9
DPTR FM NORMAL    56

[CDD (BASE 65) ]
TOTAL THIS MO.     0
DPTR FM NORMAL     0    [PRESSURE DATA]
TOTAL FM JAN 1     0    HIGHEST SLP M ON M
DPTR FM NORMAL     0    LOWEST  SLP 29.56 ON 24

[REMARKS]
