000
CXUS56 KBOI 291002
CF6REO
PRELIMINARY LOCAL CLIMATOLOGICAL DATA (WS FORM: F-6)

                                          STATION:   ROME OR
                                          MONTH:     APRIL
                                          YEAR:      2017
                                          LATITUDE:   42 35 N
                                          LONGITUDE: 117 52 W

  TEMPERATURE IN F:       :PCPN:    SNOW:  WIND      :SUNSHINE: SKY     :PK WND
================================================================================
1   2   3   4   5  6A  6B    7    8   9   10  11  12  13   14  15   16   17  18
                                     12Z  AVG MX 2MIN
DY MAX MIN AVG DEP HDD CDD  WTR  SNW DPTH SPD SPD DIR MIN PSBL S-S WX    SPD DR
================================================================================

 1  65  30  48   6  17   0 0.02    M    M  4.8 13 320   M    M   0        17 320
 2  59  35  47   4  18   0 0.11    M    M  7.8 20 280   M    M   0        27 270
 3  51  24  38  -5  27   0 0.00    M    M  6.7 16 350   M    M   0        24 360
 4  62  22  42  -1  23   0 0.00    M    M  5.2 16 150   M    M   0        21 140
 5  74  42  58  15   7   0 0.00    M    M 10.0 25 210   M    M   0        38 220
 6  63  48  56  13   9   0 0.00    M    M 11.0 29 220   M    M   0        37 230
 7  59  41  50   6  15   0 0.00    M    M 20.8 36 190   M    M   0        45 210
 8  48  29  39  -5  26   0 0.05    M    M 11.1 31 230   M    M   0        39 230
 9  54  23  39  -5  26   0 0.00    M    M  9.2 21 170   M    M   0        24 180
10  58  33  46   2  19   0 0.00    M    M  9.1 28 220   M    M   0        36 220
11  53  31  42  -2  23   0 0.00    M    M  3.9 15 230   M    M   0        19 250
12  72  42  57  12   8   0 0.00    M    M 14.6 29 190   M    M   0        37 180
13  54  38  46   1  19   0 0.15    M    M 12.3 28 200   M    M   0        37 210
14  49  32  41  -4  24   0 0.02    M    M  8.0 22 250   M    M   0        25 260
15  57  22  40  -5  25   0 0.00    M    M  3.7 12 360   M    M   0        14 360
16  71  26  49   3  16   0 0.00    M    M  8.9 36 200   M    M   0        52 200
17  62  39  51   5  14   0 0.07    M    M  9.5 26 220   M    M   0        32 230
18  65  42  54   8  11   0 0.01    M    M  8.5 24 290   M    M   0        31 280
19  67  32  50   4  15   0 0.00    M    M  8.1 20 210   M    M   0        26 210
20  56  32  44  -3  21   0 0.01    M    M 13.7 29 290   M    M   0        36 300
21  58  27  43  -4  22   0 0.00    M    M  6.7 14  40   M    M   0        19  80
22  71  29  50   3  15   0 0.00    M    M  8.5 26 150   M    M   0        33 150
23  66  43  55   7  10   0 0.00    M    M  9.0 25 250   M    M   0        32 250
24  56  39  48   0  17   0 0.18    M    M 12.1 31 230   M    M   0        40 230
25  57  32  45  -3  20   0 0.00    M    M  9.8 22 220   M    M   0        28 220
26  57  38  48   0  17   0 0.13    M    M 13.4 26 280   M    M   0        34 270
27  51  33  42  -7  23   0 0.06    M    M 10.6 30 270   M    M   0        36 270
28  56  33  45  -4  20   0 0.00    M    M  9.8 20 320   M    M   0        24 310
================================================================================
SM 1671  937       507   0  0.81    M    266.8          M        0
================================================================================
AV 59.7 33.5                               9.5 FASTST   M    M   0    MAX(MPH)
                                 MISC ---->  # 36 190               # 52  200
================================================================================
NOTES:
# LAST OF SEVERAL OCCURRENCES

COLUMN 17 PEAK WIND IN M.P.H.

PRELIMINARY LOCAL CLIMATOLOGICAL DATA (WS FORM: F-6) , PAGE 2

                                          STATION:  ROME OR
                                          MONTH:    APRIL
                                          YEAR:     2017
                                          LATITUDE:   42 35 N
                                          LONGITUDE: 117 52 W

[TEMPERATURE DATA]      [PRECIPITATION DATA]       SYMBOLS USED IN COLUMN 16

AVERAGE MONTHLY: 46.6   TOTAL FOR MONTH:   0.81    1 = FOG OR MIST
DPTR FM NORMAL:   1.1   DPTR FM NORMAL:   -0.11    2 = FOG REDUCING VISIBILITY
HIGHEST:    74 ON  5    GRTST 24HR  0.18 ON 24-24      TO 1/4 MILE OR LESS
LOWEST:     22 ON 15, 4                            3 = THUNDER
                        SNOW, ICE PELLETS, HAIL    4 = ICE PELLETS
                        TOTAL MONTH:    M          5 = HAIL
                        GRTST 24HR    M  ON   M    6 = FREEZING RAIN OR DRIZZLE
                        GRTST DEPTH:  M  ON   M    7 = DUSTSTORM OR SANDSTORM:
                                                       VSBY 1/2 MILE OR LESS
                                                   8 = SMOKE OR HAZE
[NO. OF DAYS WITH]      [WEATHER - DAYS WITH]      9 = BLOWING SNOW
                                                   X = TORNADO
MAX 32 OR BELOW:   0    0.01 INCH OR MORE:  11
MAX 90 OR ABOVE:   0    0.10 INCH OR MORE:   4
MIN 32 OR BELOW:  14    0.50 INCH OR MORE:   0
MIN  0 OR BELOW:   0    1.00 INCH OR MORE:   0

[HDD (BASE 65) ]
TOTAL THIS MO.   507    CLEAR  (SCALE 0-3)  28
DPTR FM NORMAL   -41    PTCLDY (SCALE 4-7)   0
TOTAL FM JUL 1  5634    CLOUDY (SCALE 8-10)  0
DPTR FM NORMAL  -429

[CDD (BASE 65) ]
TOTAL THIS MO.     0
DPTR FM NORMAL     0    [PRESSURE DATA]
TOTAL FM JAN 1     0    HIGHEST SLP M ON M
DPTR FM NORMAL     0    LOWEST  SLP 29.47 ON  7

[REMARKS]
