000
CXUS53 KMPX 251000
CF6RGK
PRELIMINARY LOCAL CLIMATOLOGICAL DATA (WS FORM: F-6)

                                          STATION:   RED_WING MN
                                          MONTH:     NOVEMBER
                                          YEAR:      2014
                                          LATITUDE:   44 34 N
                                          LONGITUDE:  92 29 W

  TEMPERATURE IN F:       :PCPN:    SNOW:  WIND      :SUNSHINE: SKY     :PK WND
================================================================================
1   2   3   4   5  6A  6B    7    8   9   10  11  12  13   14  15   16   17  18
                                     12Z  AVG MX 2MIN
DY MAX MIN AVG DEP HDD CDD  WTR  SNW DPTH SPD SPD DIR MIN PSBL S-S WX    SPD DR
================================================================================

 1  45  18  32   M  33   0    M    M    M  6.4 13 160   M    M   0        18 140
 2  59  34  47   M  18   0    M    M    M  9.3 18 170   M    M   0        23 170
 3  54  45  50   M  15   0    M    M    M  5.6 10 300   M    M   5 1       M  M
 4  55  36  46   M  19   0    M    M    M 11.6 22 280   M    M   5        30 280
 5  46  28  37   M  28   0    M    M    M  4.5 12  20   M    M   7 1      17  20
 6  43  28  36   M  29   0    M    M    M  6.0 12 340   M    M   9        17  10
 7  46  25  36   M  29   0    M    M    M  6.6 21 310   M    M   6        28 160
 8  43  37  40   M  25   0    M    M    M 11.7 20 330   M    M   7        32 320
 9  41  34  38   M  27   0    M    M    M  3.6  8 320   M    M  10         M  M
10  34  28  31   M  34   0    M    M    M 11.0 16  90   M    M  10 1      25  40
11  28  19  24   M  41   0    M    M    M  9.4 13 340   M    M   9        21 340
12  25  12  19   M  46   0    M    M    M  7.5 13 280   M    M   8        16 280
13  27  19  23   M  42   0    M    M    M  7.5 13 300   M    M  10        18 300
14  25   5  15   M  50   0    M    M    M  4.0  8 310   M    M   4         M  M
15  23   1  12   M  53   0    M    M    M  1.2  5 130   M    M   7         M  M
16  23   9  16   M  49   0    M    M    M  8.0 15 240   M    M   4        21 240
17  16   9  13   M  52   0    M    M    M 10.4 15 320   M    M   4 8      24 300
18  19   9  14   M  51   0    M    M    M  8.8 13 260   M    M   6        17 290
19  25  18  22   M  43   0    M    M    M  9.6 18 310   M    M   9        24 320
20  19  -2   9   M  56   0    M    M    M  7.9 17 290   M    M   0        27 290
21  34  -4  15   M  50   0    M    M    M  6.7 14 180   M    M   1        21 180
22  43  34  39   M  26   0    M    M    M  6.4 10 130   M    M   6 128     M  M
23  52  37  45   M  20   0    M    M    M  6.0 13 190   M    M   0 1      17 210
24  37  21  29   M  36   0    M    M    M 12.7 18 300   M    M   7        25 300
================================================================================
SM  862  500       872   0    M     M    182.4          M      134
================================================================================
AV 35.9 20.8                               7.6 FASTST   M    M   6    MAX(MPH)
                                 MISC ---->    22   M                 32    M
================================================================================
NOTES:
# LAST OF SEVERAL OCCURRENCES

COLUMN 17 PEAK WIND IN M.P.H.

PRELIMINARY LOCAL CLIMATOLOGICAL DATA (WS FORM: F-6) , PAGE 2

                                          STATION:  RED_WING MN
                                          MONTH:    NOVEMBER
                                          YEAR:     2014
                                          LATITUDE:   44 34 N
                                          LONGITUDE:  92 29 W

[TEMPERATURE DATA]      [PRECIPITATION DATA]       SYMBOLS USED IN COLUMN 16

AVERAGE MONTHLY: 28.4   TOTAL FOR MONTH:      M    1 = FOG OR MIST
DPTR FM NORMAL:     M   DPTR FM NORMAL:       M    2 = FOG REDUCING VISIBILITY
HIGHEST:    59 ON  2    GRTST 24HR    M  ON   M        TO 1/4 MILE OR LESS
LOWEST:     -4 ON 21                               3 = THUNDER
                        SNOW, ICE PELLETS, HAIL    4 = ICE PELLETS
                        TOTAL MONTH:    M          5 = HAIL
                        GRTST 24HR    M  ON   M    6 = FREEZING RAIN OR DRIZZLE
                        GRTST DEPTH:  M  ON   M    7 = DUSTSTORM OR SANDSTORM:
                                                       VSBY 1/2 MILE OR LESS
                                                   8 = SMOKE OR HAZE
[NO. OF DAYS WITH]      [WEATHER - DAYS WITH]      9 = BLOWING SNOW
                                                   X = TORNADO
MAX 32 OR BELOW:  10    0.01 INCH OR MORE:   0
MAX 90 OR ABOVE:   0    0.10 INCH OR MORE:   0
MIN 32 OR BELOW:  17    0.50 INCH OR MORE:   0
MIN  0 OR BELOW:   2    1.00 INCH OR MORE:   0

[HDD (BASE 65) ]
TOTAL THIS MO.   872    CLEAR  (SCALE 0-3)   5
DPTR FM NORMAL     M    PTCLDY (SCALE 4-7)  13
TOTAL FM JUL 1  1551    CLOUDY (SCALE 8-10)  6
DPTR FM NORMAL     M

[CDD (BASE 65) ]
TOTAL THIS MO.     0
DPTR FM NORMAL     M    [PRESSURE DATA]
TOTAL FM JAN 1   645    HIGHEST SLP M ON M
DPTR FM NORMAL     M    LOWEST  SLP M ON M

[REMARKS]
