000
CXUS53 KGRB 180644
CF6RHI
PRELIMINARY LOCAL CLIMATOLOGICAL DATA (WS FORM: F-6)

                                          STATION:   RHINELANDER WI
                                          MONTH:     DECEMBER
                                          YEAR:      2014
                                          LATITUDE:   45 37 N
                                          LONGITUDE:  89 27 W

  TEMPERATURE IN F:       :PCPN:    SNOW:  WIND      :SUNSHINE: SKY     :PK WND
================================================================================
1   2   3   4   5  6A  6B    7    8   9   10  11  12  13   14  15   16   17  18
                                     12Z  AVG MX 2MIN
DY MAX MIN AVG DEP HDD CDD  WTR  SNW DPTH SPD SPD DIR MIN PSBL S-S WX    SPD DR
================================================================================

 1   4 -13  -4 -26  69   0 0.00  0.0    9  6.6 17 270   M    M   0        21 270
 2  19  -6   7 -15  58   0 0.08  2.0   11 10.4 21 270   M    M   7 128    27 180
 3  17   3  10 -11  55   0    T    T   11 10.5 20 280   M    M   6 1      29 270
 4  21  -7   7 -14  58   0 0.00  0.0   11  5.4 15 200   M    M   6 8      19 210
 5  29  13  21   1  44   0 0.00  0.0   10  5.4 10 270   M    M   9 12     13 220
 6  29   6  18  -2  47   0 0.00  0.0    9  2.7 10  30   M    M   1 1      13  10
 7  30  12  21   1  44   0 0.01  0.2    9  9.7 17 180   M    M   7 168    26 160
 8  32  26  29  10  36   0 0.02  0.1    9  7.4 15 190   M    M  10 126    22 170
 9  28  17  23   4  42   0 0.00  0.0    9  5.0 10  30   M    M  10        17 350
10  24   6  15  -3  50   0 0.00  0.0    9  2.8  7 260   M    M   6 12      9  70
11  21   3  12  -6  53   0    T    T    9  7.6 14 260   M    M  10 1      17 280
12  30  21  26   8  39   0 0.00  0.0    9  8.6 13 230   M    M  10 1      17 220
13  38  29  34  17  31   0    T  0.0    7  9.8 16 260   M    M  10 12     21 230
14  42  36  39  22  26   0 0.00  0.0    4  4.6  9 210   M    M  10 12     13 240
15  43  37  40  23  25   0 0.18  0.0    2  4.6  9 200   M    M  10 12     14 220
16  37  20  29  13  36   0 0.39  2.8    5  8.8 15 330   M    M  10 168    24 360
17  21  14  18   2  47   0 0.01  0.5    5  8.7 15 290   M    M  10 18     20 290
================================================================================
SM  465  217       760   0  0.69     5.6 118.6          M      132
================================================================================
AV 27.4 12.8                               7.0 FASTST   M    M   8    MAX(MPH)
                                 MISC ---->  # 21 270               # 29  270
================================================================================
NOTES:
# LAST OF SEVERAL OCCURRENCES

COLUMN 17 PEAK WIND IN M.P.H.

PRELIMINARY LOCAL CLIMATOLOGICAL DATA (WS FORM: F-6) , PAGE 2

                                          STATION:  RHINELANDER WI
                                          MONTH:    DECEMBER
                                          YEAR:     2014
                                          LATITUDE:   45 37 N
                                          LONGITUDE:  89 27 W

[TEMPERATURE DATA]      [PRECIPITATION DATA]       SYMBOLS USED IN COLUMN 16

AVERAGE MONTHLY: 20.1   TOTAL FOR MONTH:   0.69    1 = FOG OR MIST
DPTR FM NORMAL:   1.2   DPTR FM NORMAL:   -0.15    2 = FOG REDUCING VISIBILITY
HIGHEST:    43 ON 15    GRTST 24HR  0.39 ON 16-16      TO 1/4 MILE OR LESS
LOWEST:    -13 ON  1                               3 = THUNDER
                        SNOW, ICE PELLETS, HAIL    4 = ICE PELLETS
                        TOTAL MONTH:   5.6 INCHES  5 = HAIL
                        GRTST 24HR   2.8 ON   M    6 = FREEZING RAIN OR DRIZZLE
                        GRTST DEPTH:  11 ON  4, 3  7 = DUSTSTORM OR SANDSTORM:
                                                       VSBY 1/2 MILE OR LESS
                                                   8 = SMOKE OR HAZE
[NO. OF DAYS WITH]      [WEATHER - DAYS WITH]      9 = BLOWING SNOW
                                                   X = TORNADO
MAX 32 OR BELOW:  13    0.01 INCH OR MORE:   6
MAX 90 OR ABOVE:   0    0.10 INCH OR MORE:   2
MIN 32 OR BELOW:  15    0.50 INCH OR MORE:   0
MIN  0 OR BELOW:   3    1.00 INCH OR MORE:   0

[HDD (BASE 65) ]
TOTAL THIS MO.   760    CLEAR  (SCALE 0-3)   2
DPTR FM NORMAL   -24    PTCLDY (SCALE 4-7)   5
TOTAL FM JUL 1  3281    CLOUDY (SCALE 8-10) 10
DPTR FM NORMAL   363

[CDD (BASE 65) ]
TOTAL THIS MO.     0
DPTR FM NORMAL     0    [PRESSURE DATA]
TOTAL FM JAN 1   148    HIGHEST SLP M ON M
DPTR FM NORMAL  -113    LOWEST  SLP 29.68 ON 16

[REMARKS]
SNOWFALL AND PRECIPITATION AMOUNTS, AND SNOWDEPTH DURING
MIXED OR ALL SNOW EVENTS PROVIDED BY WJFW-TV.
