000
CXUS56 KSGX 191445
CF6RIV
PRELIMINARY LOCAL CLIMATOLOGICAL DATA (WS FORM: F-6)

                                          STATION:   RIVERSIDE/MARCH FIELD CA
                                          MONTH:     OCTOBER
                                          YEAR:      2014
                                          LATITUDE:   33 54 N
                                          LONGITUDE: 117 15 W

  TEMPERATURE IN F:       :PCPN:    SNOW:  WIND      :SUNSHINE: SKY     :PK WND
================================================================================
1   2   3   4   5  6A  6B    7    8   9   10  11  12  13   14  15   16   17  18
                                     12Z  AVG MX 2MIN
DY MAX MIN AVG DEP HDD CDD  WTR  SNW DPTH SPD SPD DIR MIN PSBL S-S WX    SPD DR
================================================================================

 1  89  54  72   M   0   7 0.00  0.0    0  4.0 16 300   M    M   0         M  M
 2  93  55  74   M   0   9 0.00  0.0    0  6.2 14  50   M    M   0         M  M
 3  96  49  73   M   0   8 0.00  0.0    0  3.8  9 320   M    M   0 8      20 330
 4 100  53  77   M   0  12 0.00  0.0    0  2.1 14 310   M    M   0         M  M
 5 100  53  77   M   0  12 0.00  0.0    0  3.0 15 300   M    M   0         M  M
 6  96  53  75   M   0  10 0.00  0.0    0  3.2 12 310   M    M   0         M  M
 7  92  60  76   M   0  11 0.00  0.0    0  2.6 12  50   M    M   2         M  M
 8  90  57  74   M   0   9 0.00  0.0    0  3.6 13 300   M    M   0         M  M
 9  81  56  69   M   0   4 0.00  0.0    0  4.1 10 280   M    M   1         M  M
10  84  54  69   M   0   4 0.00  0.0    0  3.8 13 320   M    M   0 1       M  M
11  90  53  72   M   0   7 0.00  0.0    0  3.7 15 310   M    M   0         M  M
12  89  53  71   M   0   6 0.00  0.0    0  3.8 13 290   M    M   0         M  M
13  92  50  71   M   0   6 0.00  0.0    0  5.0 13 320   M    M   0 1       M  M
14  82  52  67   M   0   2 0.00  0.0    0  4.6 10 290   M    M   0         M  M
15  77  58  68   M   0   3 0.00  0.0    0  5.4 13 300   M    M   4         M  M
16  77  51  64   M   1   0 0.00  0.0    0  3.5 10 300   M    M   2         M  M
17  75  52  64   M   1   0 0.00  0.0    0  4.1 10 290   M    M   4         M  M
18  76  57  67   M   0   2 0.00  0.0    0  4.7  9 290   M    M   4         M  M
================================================================================
SM 1579  970         2 112  0.00     0.0  71.2          M       17
================================================================================
AV 87.7 53.9                               4.0 FASTST   M    M   1    MAX(MPH)
                                 MISC ---->    16   M                 20    M
================================================================================
NOTES:
# LAST OF SEVERAL OCCURRENCES

COLUMN 17 PEAK WIND IN M.P.H.

PRELIMINARY LOCAL CLIMATOLOGICAL DATA (WS FORM: F-6) , PAGE 2

                                          STATION:  RIVERSIDE/MARCH FIELD CA
                                          MONTH:    OCTOBER
                                          YEAR:     2014
                                          LATITUDE:   33 54 N
                                          LONGITUDE: 117 15 W

[TEMPERATURE DATA]      [PRECIPITATION DATA]       SYMBOLS USED IN COLUMN 16

AVERAGE MONTHLY: 70.8   TOTAL FOR MONTH:   0.00    1 = FOG OR MIST
DPTR FM NORMAL:     M   DPTR FM NORMAL:       M    2 = FOG REDUCING VISIBILITY
HIGHEST:   100 ON  5, 4 GRTST 24HR  0.00 ON 18-18      TO 1/4 MILE OR LESS
LOWEST:     49 ON  3                               3 = THUNDER
                        SNOW, ICE PELLETS, HAIL    4 = ICE PELLETS
                        TOTAL MONTH:   0.0 INCH    5 = HAIL
                        GRTST 24HR     0.0         6 = FREEZING RAIN OR DRIZZLE
                        GRTST DEPTH:   0           7 = DUSTSTORM OR SANDSTORM:
                                                       VSBY 1/2 MILE OR LESS
                                                   8 = SMOKE OR HAZE
[NO. OF DAYS WITH]      [WEATHER - DAYS WITH]      9 = BLOWING SNOW
                                                   X = TORNADO
MAX 32 OR BELOW:   0    0.01 INCH OR MORE:   0
MAX 90 OR ABOVE:   9    0.10 INCH OR MORE:   0
MIN 32 OR BELOW:   0    0.50 INCH OR MORE:   0
MIN  0 OR BELOW:   0    1.00 INCH OR MORE:   0

[HDD (BASE 65) ]
TOTAL THIS MO.     2    CLEAR  (SCALE 0-3)  15
DPTR FM NORMAL     M    PTCLDY (SCALE 4-7)   3
TOTAL FM JUL 1     2    CLOUDY (SCALE 8-10)  0
DPTR FM NORMAL     M

[CDD (BASE 65) ]
TOTAL THIS MO.   112
DPTR FM NORMAL     M    [PRESSURE DATA]
TOTAL FM JAN 1  1724    HIGHEST SLP M ON M
DPTR FM NORMAL     M    LOWEST  SLP M ON M

[REMARKS]
