000
CXUS55 KRIW 260945
CF6RIW
PRELIMINARY LOCAL CLIMATOLOGICAL DATA (WS FORM: F-6)

                                          STATION:   RIVERTON WY
                                          MONTH:     JUNE
                                          YEAR:      2017
                                          LATITUDE:   43  2 N
                                          LONGITUDE: 108 27 W

  TEMPERATURE IN F:       :PCPN:    SNOW:  WIND      :SUNSHINE: SKY     :PK WND
================================================================================
1   2   3   4   5  6A  6B    7    8   9   10  11  12  13   14  15   16   17  18
                                     12Z  AVG MX 2MIN
DY MAX MIN AVG DEP HDD CDD  WTR  SNW DPTH SPD SPD DIR MIN PSBL S-S WX    SPD DR
================================================================================

 1  83  49  66   7   0   1 0.01  0.0    0  8.1 31 270   M    M   1 3      37 280
 2  78  54  66   7   0   1 0.00  0.0    0  8.7 22  20   M    M   2        30 280
 3  82  46  64   5   1   0 0.00  0.0    0  6.8 17 150   M    M   0        23 160
 4  86  49  68   8   0   3    T  0.0    0  7.3 43 290   M    M   1        58 290
 5  86  53  70  10   0   5    T  0.0    0 10.0 25  20   M    M   2 3      33  20
 6  76  54  65   5   0   0    T  0.0    0  9.0 32 330   M    M   3 3      41 330
 7  84  50  67   7   0   2    T  0.0    0  7.5 33 310   M    M   1        39 310
 8  89  53  71  10   0   6 0.00  0.0    0  6.1 20 210   M    M   0        30 210
 9  84  52  68   7   0   3 0.00  0.0    0 10.6 26 310   M    M   0        32 300
10  76  47  62   1   3   0 0.00  0.0    0  9.9 31 330   M    M   1        36 330
11  75  49  62   0   3   0 0.10  0.0    0 11.1 31 280   M    M   5 13     38 280
12  80  41  61  -1   4   0 0.00  0.0    0  9.6 37 230   M    M   4        47 230
13  67  40  54  -8  11   0 0.00  0.0    0 13.8 31 250   M    M   3        43 240
14  74  43  59  -4   6   0 0.00  0.0    0 13.1 25 310   M    M   0        32 320
15  82  50  66   3   0   1 0.00  0.0    0  7.3 23 250   M    M   1        31 250
16  83  51  67   4   0   2 0.07  0.0    0 10.7 31 280   M    M   5 1      40 280
17  69  49  59  -5   6   0    T  0.0    0  9.0 17 310   M    M   6        22 300
18  80  42  61  -3   4   0 0.00  0.0    0  9.9 32 320   M    M   1        42 310
19  82  50  66   2   0   1 0.00  0.0    0  6.3 14  30   M    M   0        18  90
20  91  50  71   6   0   6    T  0.0    0 10.2 47 310   M    M   0        57 320
21  92  57  75  10   0  10 0.00  0.0    0 11.7 33 270   M    M   0        42 260
22  81  53  67   2   0   2 0.00  0.0    0 14.0 28  10   M    M   0        36  20
23  69  43  56 -10   9   0 0.00  0.0    0  6.1 20  20   M    M   1        26  30
24  74  41  58  -8   7   0 0.00  0.0    0  7.6 17  90   M    M   2        22  80
25  79  50  65  -1   0   0 0.00  0.0    0  7.5 14  60   M    M   0        18  80
================================================================================
SM 2002 1216        54  43  0.18     0.0 231.9          M       39
================================================================================
AV 80.1 48.6                               9.3 FASTST   M    M   2    MAX(MPH)
                                 MISC ---->  # 47 310               # 58  290
================================================================================
NOTES:
# LAST OF SEVERAL OCCURRENCES

COLUMN 17 PEAK WIND IN M.P.H.

PRELIMINARY LOCAL CLIMATOLOGICAL DATA (WS FORM: F-6) , PAGE 2

                                          STATION:  RIVERTON WY
                                          MONTH:    JUNE
                                          YEAR:     2017
                                          LATITUDE:   43  2 N
                                          LONGITUDE: 108 27 W

[TEMPERATURE DATA]      [PRECIPITATION DATA]       SYMBOLS USED IN COLUMN 16

AVERAGE MONTHLY: 64.4   TOTAL FOR MONTH:   0.18    1 = FOG OR MIST
DPTR FM NORMAL:   2.0   DPTR FM NORMAL:   -0.93    2 = FOG REDUCING VISIBILITY
HIGHEST:    92 ON 21    GRTST 24HR  0.10 ON 11-11      TO 1/4 MILE OR LESS
LOWEST:     40 ON 13                               3 = THUNDER
                        SNOW, ICE PELLETS, HAIL    4 = ICE PELLETS
                        TOTAL MONTH:   0.0 INCH    5 = HAIL
                        GRTST 24HR     0.0         6 = FREEZING RAIN OR DRIZZLE
                        GRTST DEPTH:   0           7 = DUSTSTORM OR SANDSTORM:
                                                       VSBY 1/2 MILE OR LESS
                                                   8 = SMOKE OR HAZE
[NO. OF DAYS WITH]      [WEATHER - DAYS WITH]      9 = BLOWING SNOW
                                                   X = TORNADO
MAX 32 OR BELOW:   0    0.01 INCH OR MORE:   3
MAX 90 OR ABOVE:   2    0.10 INCH OR MORE:   1
MIN 32 OR BELOW:   0    0.50 INCH OR MORE:   0
MIN  0 OR BELOW:   0    1.00 INCH OR MORE:   0

[HDD (BASE 65) ]
TOTAL THIS MO.    54    CLEAR  (SCALE 0-3)  20
DPTR FM NORMAL   -57    PTCLDY (SCALE 4-7)   5
TOTAL FM JUL 1  7626    CLOUDY (SCALE 8-10)  0
DPTR FM NORMAL  -236

[CDD (BASE 65) ]
TOTAL THIS MO.    43
DPTR FM NORMAL    -3    [PRESSURE DATA]
TOTAL FM JAN 1    43    HIGHEST SLP M ON M
DPTR FM NORMAL   -12    LOWEST  SLP 29.58 ON 12

[REMARKS]
