000
CXUS54 KCRP 271300
CF6RKP
PRELIMINARY LOCAL CLIMATOLOGICAL DATA (WS FORM: F-6)

                                          STATION:   ROCKPORT
                                          MONTH:     NOVEMBER
                                          YEAR:      2014
                                          LATITUDE:   28  4 N
                                          LONGITUDE:  97  3 W

  TEMPERATURE IN F:       :PCPN:    SNOW:  WIND      :SUNSHINE: SKY     :PK WND
================================================================================
1   2   3   4   5  6A  6B    7    8   9   10  11  12  13   14  15   16   17  18
                                     12Z  AVG MX 2MIN
DY MAX MIN AVG DEP HDD CDD  WTR  SNW DPTH SPD SPD DIR MIN PSBL S-S WX    SPD DR
================================================================================

 1  74  53  64  -7   1   0 0.00  0.0    0 13.9 20 100   M    M   0        24 100
 2  79  66  73   2   0   8    T  0.0    0 14.0 20 120   M    M   4        26 140
 3  83  73  78   7   0  13    T  0.0    0 13.9 21 140   M    M   4        28 140
 4  85  74  80  10   0  15 0.11  0.0    0  9.6 17 140   M    M   3 1      23 140
 5  77  64  71   1   0   6 0.52  0.0    0 11.0 23  10   M    M   9 1      30  10
 6  67  61  64  -6   1   0 0.62  0.0    0 14.5 22  10   M    M   9 1      28  20
 7  64  57  61  -9   4   0    T  0.0    0  8.2 15  40   M    M   4 8      18  20
 8  74  52  63  -6   2   0 0.00  0.0    0  4.8 15  10   M    M   3        19  20
 9  74  55  65  -4   0   0 0.00  0.0    0  6.4 14  10   M    M   0        24 300
10  79  53  66  -3   0   1 0.00  0.0    0  8.1 17 170   M    M   0        29 180
11  81  53  67  -1   0   2 0.00  0.0    0 10.2 25 360   M    M   6 1      32 360
12  53  43  48 -20  17   0 0.12    M    0 15.8 23 350   M    M  10        29  10
13  48  36  42 -26  23   0 0.09    M    0 17.5 29 360   M    M   8 1      37 350
14  49  39  44 -23  21   0 0.00  0.0    0 10.8 20  20   M    M  10        25 350
15  57  47  52 -15  13   0 0.01    M    0  7.9 17  50   M    M  10 18     22  40
16  60  46  53 -14  12   0 0.01    M    0  9.0 31 350   M    M  10 12     39 350
17  54  37  46 -20  19   0 0.00  0.0    0 18.4 35 340   M    M   2        42 340
18  55  39  47 -19  18   0 0.00  0.0    0  9.0 17  40   M    M   3        22  40
19  72  43  58  -8   7   0 0.00  0.0    0  3.6  9 180   M    M   4        15 150
20  69  54  62  -3   3   0 0.45  0.0    0  4.3 12 150   M    M   9 1      16 140
21  77  65  71   6   0   6 0.01  0.0    0  7.5 18 150   M    M   9 1      25 160
22  74  61  68   3   0   3 0.39  0.0    0 12.4 32 120   M    M   7 138    39 120
23  80  59  70   6   0   5 0.00  0.0    0  6.7 13 240   M    M   0 1      18 240
24  69  52  61  -3   4   0 0.00  0.0    0 12.3 22  10   M    M   1        29  20
25  68  48  58  -6   7   0 0.00  0.0    0  7.6 13  40   M    M   0        17  30
26  72  46  59  -4   6   0 0.00  0.0    0  6.7 15 210   M    M   0        23 210
================================================================================
SM 1794 1376       158  59  2.33     0.0 264.1          M      125
================================================================================
AV 69.0 52.9                              10.2 FASTST   M    M   5    MAX(MPH)
                                 MISC ---->  # 35 340               # 42  340
================================================================================
NOTES:
# LAST OF SEVERAL OCCURRENCES

COLUMN 17 PEAK WIND IN M.P.H.

PRELIMINARY LOCAL CLIMATOLOGICAL DATA (WS FORM: F-6) , PAGE 2

                                          STATION:  ROCKPORT
                                          MONTH:    NOVEMBER
                                          YEAR:     2014
                                          LATITUDE:   28  4 N
                                          LONGITUDE:  97  3 W

[TEMPERATURE DATA]      [PRECIPITATION DATA]       SYMBOLS USED IN COLUMN 16

AVERAGE MONTHLY: 61.0   TOTAL FOR MONTH:   2.33    1 = FOG OR MIST
DPTR FM NORMAL:  -6.5   DPTR FM NORMAL:   -0.17    2 = FOG REDUCING VISIBILITY
HIGHEST:    85 ON  4    GRTST 24HR  1.10 ON  5- 6      TO 1/4 MILE OR LESS
LOWEST:     36 ON 13                               3 = THUNDER
                        SNOW, ICE PELLETS, HAIL    4 = ICE PELLETS
                        TOTAL MONTH:   0.0 INCH    5 = HAIL
                        GRTST 24HR     0.0         6 = FREEZING RAIN OR DRIZZLE
                        GRTST DEPTH:   0           7 = DUSTSTORM OR SANDSTORM:
                                                       VSBY 1/2 MILE OR LESS
                                                   8 = SMOKE OR HAZE
[NO. OF DAYS WITH]      [WEATHER - DAYS WITH]      9 = BLOWING SNOW
                                                   X = TORNADO
MAX 32 OR BELOW:   0    0.01 INCH OR MORE:  10
MAX 90 OR ABOVE:   0    0.10 INCH OR MORE:   6
MIN 32 OR BELOW:   0    0.50 INCH OR MORE:   2
MIN  0 OR BELOW:   0    1.00 INCH OR MORE:   0

[HDD (BASE 65) ]
TOTAL THIS MO.   158    CLEAR  (SCALE 0-3)  10
DPTR FM NORMAL    98    PTCLDY (SCALE 4-7)   8
TOTAL FM JUL 1   158    CLOUDY (SCALE 8-10)  8
DPTR FM NORMAL    91

[CDD (BASE 65) ]
TOTAL THIS MO.    59
DPTR FM NORMAL   -64    [PRESSURE DATA]
TOTAL FM JAN 1  3564    HIGHEST SLP M ON M
DPTR FM NORMAL   -50    LOWEST  SLP 29.57 ON 23

[REMARKS]
