000
CXUS54 KCRP 231300
CF6RKP
PRELIMINARY LOCAL CLIMATOLOGICAL DATA (WS FORM: F-6)

                                          STATION:   ROCKPORT
                                          MONTH:     JUNE
                                          YEAR:      2017
                                          LATITUDE:   28  4 N
                                          LONGITUDE:  97  3 W

  TEMPERATURE IN F:       :PCPN:    SNOW:  WIND      :SUNSHINE: SKY     :PK WND
================================================================================
1   2   3   4   5  6A  6B    7    8   9   10  11  12  13   14  15   16   17  18
                                     12Z  AVG MX 2MIN
DY MAX MIN AVG DEP HDD CDD  WTR  SNW DPTH SPD SPD DIR MIN PSBL S-S WX    SPD DR
================================================================================

 1  86  75  81  -1   0  16 0.56  0.0    0 12.8 28 100   M    M   7 138    35  70
 2  88  78  83   1   0  18 0.00  0.0    0  9.8 20 120   M    M   2        23 120
 3  89  79  84   2   0  19 0.00  0.0    0  9.0 16 120   M    M   1        19 120
 4  93  71  82   0   0  17 0.42  0.0    0  6.7 21 350   M    M   4 138    29 360
 5  90  72  81  -2   0  16 0.11  0.0    0  6.6 24 120   M    M   2 13     33 110
 6  95  73  84   1   0  19 0.00  0.0    0  9.0 16 350   M    M   0         M  M
 7  97  74  86   3   0  21 0.00  0.0    0  7.4 14  20   M    M   1        19  30
 8  89  75  82  -1   0  17 0.34  0.0    0  7.1 16 130   M    M   2 1      20 130
 9  87  78  83   0   0  18 0.00  0.0    0 12.4 20 130   M    M   0        25 120
10  89  78  84   1   0  19 0.00  0.0    0 12.9 21 140   M    M   1        27 140
11  90  79  85   1   0  20 0.00  0.0    0 10.8 18 140   M    M   1        24 140
12  89  78  84   0   0  19 0.00  0.0    0 10.9 18 130   M    M   2        23 140
13  91  81  86   2   0  21    T  0.0    0 12.8 21 120   M    M   4        25 150
14  91  81  86   2   0  21 0.00  0.0    0 13.0 22 150   M    M   3        26 150
15  91  80  86   2   0  21 0.00  0.0    0 11.5 21 140   M    M   3        24 140
16  92  80  86   2   0  21 0.00  0.0    0 11.7 20 140   M    M   4        28 150
17  92  81  87   3   0  22 0.00  0.0    0 13.8 20 150   M    M   3        30 160
18  92  82  87   3   0  22 0.00  0.0    0 13.1 21 140   M    M   4        31 170
19  92  80  86   2   0  21 0.00  0.0    0  8.4 16 140   M    M   1        20 150
20  98  77  88   4   0  23 0.00  0.0    0  8.1 16  90   M    M   1        20  90
21 101  77  89   5   0  24 0.00  0.0    0 12.3 23  20   M    M   0        29  10
22  95  76  86   2   0  21 0.00  0.0    0  9.7 20 160   M    M   0        27 170
================================================================================
SM 2017 1705         0 436  1.43     0.0 229.8          M       46
================================================================================
AV 91.7 77.5                              10.4 FASTST   M    M   2    MAX(MPH)
                                 MISC ---->  # 28 100               # 35   70
================================================================================
NOTES:
# LAST OF SEVERAL OCCURRENCES

COLUMN 17 PEAK WIND IN M.P.H.

PRELIMINARY LOCAL CLIMATOLOGICAL DATA (WS FORM: F-6) , PAGE 2

                                          STATION:  ROCKPORT
                                          MONTH:    JUNE
                                          YEAR:     2017
                                          LATITUDE:   28  4 N
                                          LONGITUDE:  97  3 W

[TEMPERATURE DATA]      [PRECIPITATION DATA]       SYMBOLS USED IN COLUMN 16

AVERAGE MONTHLY: 84.6   TOTAL FOR MONTH:   1.43    1 = FOG OR MIST
DPTR FM NORMAL:   1.2   DPTR FM NORMAL:   -0.90    2 = FOG REDUCING VISIBILITY
HIGHEST:   101 ON 21    GRTST 24HR  0.56 ON  1- 1      TO 1/4 MILE OR LESS
LOWEST:     71 ON  4                               3 = THUNDER
                        SNOW, ICE PELLETS, HAIL    4 = ICE PELLETS
                        TOTAL MONTH:   0.0 INCH    5 = HAIL
                        GRTST 24HR     0.0         6 = FREEZING RAIN OR DRIZZLE
                        GRTST DEPTH:   0           7 = DUSTSTORM OR SANDSTORM:
                                                       VSBY 1/2 MILE OR LESS
                                                   8 = SMOKE OR HAZE
[NO. OF DAYS WITH]      [WEATHER - DAYS WITH]      9 = BLOWING SNOW
                                                   X = TORNADO
MAX 32 OR BELOW:   0    0.01 INCH OR MORE:   4
MAX 90 OR ABOVE:  15    0.10 INCH OR MORE:   4
MIN 32 OR BELOW:   0    0.50 INCH OR MORE:   1
MIN  0 OR BELOW:   0    1.00 INCH OR MORE:   0

[HDD (BASE 65) ]
TOTAL THIS MO.     0    CLEAR  (SCALE 0-3)  15
DPTR FM NORMAL     0    PTCLDY (SCALE 4-7)   7
TOTAL FM JUL 1   410    CLOUDY (SCALE 8-10)  0
DPTR FM NORMAL  -466

[CDD (BASE 65) ]
TOTAL THIS MO.   436
DPTR FM NORMAL    32    [PRESSURE DATA]
TOTAL FM JAN 1  1650    HIGHEST SLP M ON M
DPTR FM NORMAL   431    LOWEST  SLP 29.61 ON 21

[REMARKS]
