000
CXUS55 KRIW 280901
CF6RKS
PRELIMINARY LOCAL CLIMATOLOGICAL DATA (WS FORM: F-6)

                                          STATION:   ROCK SPRINGS WY
                                          MONTH:     MARCH
                                          YEAR:      2015
                                          LATITUDE:   41 35 N
                                          LONGITUDE: 109  4 W

  TEMPERATURE IN F:       :PCPN:    SNOW:  WIND      :SUNSHINE: SKY     :PK WND
================================================================================
1   2   3   4   5  6A  6B    7    8   9   10  11  12  13   14  15   16   17  18
                                     12Z  AVG MX 2MIN
DY MAX MIN AVG DEP HDD CDD  WTR  SNW DPTH SPD SPD DIR MIN PSBL S-S WX    SPD DR
================================================================================

 1  30   6  18 -10  47   0 0.00  0.0    M  6.6 17  60   M    M   2        21  70
 2  31  20  26  -3  39   0 0.10    M    M  6.9 29 250   M    M   9 128    35 260
 3  28  -1  14 -15  51   0 0.03    M    M 11.4 29 260   M    M   7 128    35 260
 4  22  -3  10 -20  55   0    T    M    M  8.9 22 270   M    M   4 1      28 280
 5  36  13  25  -5  40   0 0.00  0.0    M 19.8 31 250   M    M   0        36 250
 6  44  22  33   3  32   0 0.00  0.0    M 15.7 26 250   M    M   0        31 250
 7  49  26  38   7  27   0 0.00  0.0    M  7.5 15 220   M    M   0        18 260
 8  50  27  39   8  26   0 0.00  0.0    M  5.1 14 240   M    M   0        16 240
 9  53  26  40   9  25   0 0.00  0.0    M 13.1 22 250   M    M   0        29 250
10  54   M   M   M   M   M 0.00  0.0    M  9.8 14 240   M    M   0        17 190
11  50  28  39   7  26   0 0.00  0.0    M  3.5 14 270   M    M   0        15 270
12  53  34  44  12  21   0    T    M    M  8.5 17 250   M    M   9        23 280
13  55  26  41   8  24   0 0.00  0.0    M  5.7 12 120   M    M   1         M  M
14  55  28  42   9  23   0 0.00  0.0    M  7.6 20 260   M    M   0        24 260
15  68  34  51  17  14   0 0.00  0.0    M  7.2 16 170   M    M   0        20 160
16  64  38  51  17  14   0 0.00  0.0    M  9.5 28  60   M    M   0        34  60
17  62  34  48  14  17   0 0.00  0.0    M  8.1 21  70   M    M   3        26  70
18  55  34  45  11  20   0 0.00  0.0    M 13.5 28 270   M    M   0        37 250
19  54  26  40   5  25   0 0.00  0.0    M  7.1 18 340   M    M   0        24 270
20  61  25  43   8  22   0 0.00  0.0    M  9.1 18 240   M    M   0        23 270
21  63  28  46  11  19   0 0.00  0.0    M  6.8 26 230   M    M   2        31 230
22  54  32  43   7  22   0 0.00    M    M  6.6 17 260   M    M   2        22 290
23  46  30  38   2  27   0 0.09    M    M 14.3 32 270   M    M   7 12     41 280
24  44  27  36   0  29   0    T    M    M 22.2 37 250   M    M   6 1      43 260
25  45  24  35  -1  30   0 0.00  0.0    M 15.8 28 270   M    M   4        35 260
26  58  28  43   7  22   0 0.00  0.0    M 21.3 32 260   M    M   0        38 270
27  66  37  52  15  13   0    T    M    M 13.6 25 260   M    M   1        33 260
================================================================================
SM 1350  649       710   0  0.22     0.0 285.2          M       57
================================================================================
AV 50.0 25.0                              10.6 FASTST   M    M   2    MAX(MPH)
                                 MISC ---->  # 37 250               # 43  260
================================================================================
NOTES:
# LAST OF SEVERAL OCCURRENCES

COLUMN 17 PEAK WIND IN M.P.H.

PRELIMINARY LOCAL CLIMATOLOGICAL DATA (WS FORM: F-6) , PAGE 2

                                          STATION:  ROCK SPRINGS WY
                                          MONTH:    MARCH
                                          YEAR:     2015
                                          LATITUDE:   41 35 N
                                          LONGITUDE: 109  4 W

[TEMPERATURE DATA]      [PRECIPITATION DATA]       SYMBOLS USED IN COLUMN 16

AVERAGE MONTHLY: 37.5   TOTAL FOR MONTH:   0.22    1 = FOG OR MIST
DPTR FM NORMAL:   4.6   DPTR FM NORMAL:   -0.36    2 = FOG REDUCING VISIBILITY
HIGHEST:    68 ON 15    GRTST 24HR  0.10 ON  2- 2      TO 1/4 MILE OR LESS
LOWEST:     -3 ON  4                               3 = THUNDER
                        SNOW, ICE PELLETS, HAIL    4 = ICE PELLETS
                        TOTAL MONTH:   0.0 INCH    5 = HAIL
                        GRTST 24HR     0.0         6 = FREEZING RAIN OR DRIZZLE
                        GRTST DEPTH:  M  ON   M    7 = DUSTSTORM OR SANDSTORM:
                                                       VSBY 1/2 MILE OR LESS
                                                   8 = SMOKE OR HAZE
[NO. OF DAYS WITH]      [WEATHER - DAYS WITH]      9 = BLOWING SNOW
                                                   X = TORNADO
MAX 32 OR BELOW:   4    0.01 INCH OR MORE:   3
MAX 90 OR ABOVE:   0    0.10 INCH OR MORE:   1
MIN 32 OR BELOW:  20    0.50 INCH OR MORE:   0
MIN  0 OR BELOW:   2    1.00 INCH OR MORE:   0

[HDD (BASE 65) ]
TOTAL THIS MO.   710    CLEAR  (SCALE 0-3)  19
DPTR FM NORMAL  -156    PTCLDY (SCALE 4-7)   6
TOTAL FM JUL 1  5823    CLOUDY (SCALE 8-10)  2
DPTR FM NORMAL  -895

[CDD (BASE 65) ]
TOTAL THIS MO.     0
DPTR FM NORMAL     0    [PRESSURE DATA]
TOTAL FM JAN 1     0    HIGHEST SLP M ON M
DPTR FM NORMAL     0    LOWEST  SLP 29.74 ON 23

[REMARKS]
