929
CXUS56 KSGX 291545
CF6RNM
PRELIMINARY LOCAL CLIMATOLOGICAL DATA (WS FORM: F-6)

                                          STATION:   RAMONA AIRPORT CA
                                          MONTH:     SEPTEMBER
                                          YEAR:      2016
                                          LATITUDE:   33  2 N
                                          LONGITUDE: 116 55 W

  TEMPERATURE IN F:       :PCPN:    SNOW:  WIND      :SUNSHINE: SKY     :PK WND
================================================================================
1   2   3   4   5  6A  6B    7    8   9   10  11  12  13   14  15   16   17  18
                                     12Z  AVG MX 2MIN
DY MAX MIN AVG DEP HDD CDD  WTR  SNW DPTH SPD SPD DIR MIN PSBL S-S WX    SPD DR
================================================================================

 1  89  57  73  -1   0   8 0.00  0.0    0  6.0 15 290   M    M   0 128    19 300
 2  85  55  70  -3   0   5 0.00  0.0    0  5.6 14 270   M    M   4 128    18 280
 3  82  52  67  -6   0   2 0.00  0.0    0  4.7 16 280   M    M   5 18     21 270
 4  79  55  67  -6   0   2 0.00  0.0    0  4.7 17 270   M    M   4        28  20
 5  78  53  66  -7   0   1 0.00  0.0    0  5.0 15 270   M    M   3        20 260
 6  84  46  65  -8   0   0 0.00  0.0    0  4.9 14 280   M    M   0 1      19 270
 7  85  50  68  -4   0   3 0.00  0.0    0  5.7 15 290   M    M   1 18     22 290
 8  83  57  70  -2   0   5 0.00  0.0    0  5.1 14 290   M    M   4 18     21 330
 9   M   M   M   M   M   M    M    M    M   M   M   M   M    M   M 18      M  M
10  93  51  72   0   0   7 0.00  0.0    0  4.8 16 280   M    M   0        20 290
11  89  52  71  -1   0   6 0.00  0.0    0  5.9 14 280   M    M   1 18     19 270
12  79  58  69  -3   0   4 0.00  0.0    0  6.0 15 240   M    M   7 18     22 270
13  71  52  62  -9   3   0 0.00  0.0    0  4.8 14 280   M    M   7        19 260
14  80  50  65  -6   0   0 0.00  0.0    0  4.3 14 300   M    M   2        20 310
15  83  41  62  -9   3   0 0.00  0.0    0  3.9 15 300   M    M   0        20 280
16  84  42  63  -7   2   0 0.00  0.0    0  4.5 14 280   M    M   0        19 310
17  88  45  67  -3   0   2 0.00  0.0    0  4.7 14 300   M    M   0        19 300
18 100  50  75   5   0  10 0.00  0.0    0  4.5 16 290   M    M   0 1      20 300
19  98  60  79   9   0  14 0.00  0.0    0  4.9 21 240   M    M   1 3      28 250
20  79  68  74   4   0   9 0.27  0.0    0  3.4 13  30   M    M   8 1      16  60
21  78  65  72   3   0   7 0.23  0.0    0  4.4 13 270   M    M   8 18     15 270
22  75  54  65  -4   0   0 0.00  0.0    0  6.0 18 260   M    M   6 128    24 270
23  79  51  65  -4   0   0 0.00  0.0    0  4.5 16 310   M    M   3 1      21 310
24  90  46  68   0   0   3 0.00  0.0    0  4.5 17 280   M    M   0        23 270
25  96  48  72   4   0   7 0.00  0.0    0  4.6 21  80   M    M   0        31  90
26  95  55  75   7   0  10 0.00  0.0    0  7.0 21  90   M    M   0        25  90
27   M   M   M   M   M   M 0.00  0.0    0 17.0 21  50   M    M   0         M  M
28  90  57  74   7   0   9 0.00  0.0    0  6.3 16 280   M    M   1        22 260
================================================================================
SM 2212 1370         8 114  0.50     0.0 147.7          M       65
================================================================================
AV 85.1 52.7                               5.5 FASTST   M    M   2    MAX(MPH)
                                 MISC ---->  # 21 240               # 31   90
================================================================================
NOTES:
# LAST OF SEVERAL OCCURRENCES

COLUMN 17 PEAK WIND IN M.P.H.

PRELIMINARY LOCAL CLIMATOLOGICAL DATA (WS FORM: F-6) , PAGE 2

                                          STATION:  RAMONA AIRPORT CA
                                          MONTH:    SEPTEMBER
                                          YEAR:     2016
                                          LATITUDE:   33  2 N
                                          LONGITUDE: 116 55 W

[TEMPERATURE DATA]      [PRECIPITATION DATA]       SYMBOLS USED IN COLUMN 16

AVERAGE MONTHLY: 68.9   TOTAL FOR MONTH:   0.50    1 = FOG OR MIST
DPTR FM NORMAL:  -1.8   DPTR FM NORMAL:    0.22    2 = FOG REDUCING VISIBILITY
HIGHEST:   100 ON 18    GRTST 24HR  0.46 ON 20-21      TO 1/4 MILE OR LESS
LOWEST:     41 ON 15                               3 = THUNDER
                        SNOW, ICE PELLETS, HAIL    4 = ICE PELLETS
                        TOTAL MONTH:   0.0 INCH    5 = HAIL
                        GRTST 24HR     0.0         6 = FREEZING RAIN OR DRIZZLE
                        GRTST DEPTH:   0           7 = DUSTSTORM OR SANDSTORM:
                                                       VSBY 1/2 MILE OR LESS
                                                   8 = SMOKE OR HAZE
[NO. OF DAYS WITH]      [WEATHER - DAYS WITH]      9 = BLOWING SNOW
                                                   X = TORNADO
MAX 32 OR BELOW:   0    0.01 INCH OR MORE:   2
MAX 90 OR ABOVE:   7    0.10 INCH OR MORE:   2
MIN 32 OR BELOW:   0    0.50 INCH OR MORE:   0
MIN  0 OR BELOW:   0    1.00 INCH OR MORE:   0

[HDD (BASE 65) ]
TOTAL THIS MO.     8    CLEAR  (SCALE 0-3)  17
DPTR FM NORMAL    -1    PTCLDY (SCALE 4-7)   9
TOTAL FM JUL 1     8    CLOUDY (SCALE 8-10)  1
DPTR FM NORMAL    -4

[CDD (BASE 65) ]
TOTAL THIS MO.   114
DPTR FM NORMAL   -59    [PRESSURE DATA]
TOTAL FM JAN 1   910    HIGHEST SLP M ON M
DPTR FM NORMAL   124    LOWEST  SLP 29.74 ON  5

[REMARKS]
