000
CXUS54 KFWD 310730
CF6RPH
PRELIMINARY LOCAL CLIMATOLOGICAL DATA (WS FORM: F-6)

                                          STATION:   GRAHAM
                                          MONTH:     AUGUST
                                          YEAR:      2015
                                          LATITUDE:   33  6 N
                                          LONGITUDE:  98 30 W

  TEMPERATURE IN F:       :PCPN:    SNOW:  WIND      :SUNSHINE: SKY     :PK WND
================================================================================
1   2   3   4   5  6A  6B    7    8   9   10  11  12  13   14  15   16   17  18
                                     12Z  AVG MX 2MIN
DY MAX MIN AVG DEP HDD CDD  WTR  SNW DPTH SPD SPD DIR MIN PSBL S-S WX    SPD DR
================================================================================

 1  87  71  79  -5   0  14 0.01  0.0    0  1.4  6  70   M    M   4 1       M  M
 2  95  73  84   0   0  19 0.00  0.0    0  3.9 10 110   M    M   3        16 110
 3  97  73  85   1   0  20 0.00  0.0    0  4.7 10 310   M    M   2         M  M
 4  98  73  86   2   0  21 0.01  0.0    0  5.0  9 130   M    M   1        16 140
 5 103  78  91   7   0  26 0.00  0.0    0  6.1 10 170   M    M   0        17 210
 6 105  79  92   8   0  27 0.00  0.0    0  7.0 12 150   M    M   0        17 200
 7 103  79  91   7   0  26 0.00  0.0    0  5.7 10 220   M    M   0         M  M
 8 103  75  89   5   0  24 0.00  0.0    0  6.8 12 130   M    M   0        18 130
 9 105  78  92   8   0  27 0.00  0.0    0  6.4 10 130   M    M   0         M  M
10 104  75  90   6   0  25 0.00  0.0    0  3.8  9 230   M    M   0         M  M
11 101  76  89   5   0  24 0.00  0.0    0  5.3  9  60   M    M   0         M  M
12  98  74  86   2   0  21 0.00  0.0    0  4.8 16 360   M    M   0        22 360
13 100  72  86   2   0  21 0.00  0.0    0  3.4  7 100   M    M   2         M  M
14  89  76  83  -1   0  18 0.00  0.0    0  6.6 13  70   M    M   2        21  80
15  97  73  85   1   0  20 0.00  0.0    0  4.6 10 140   M    M   2         M  M
16  98  65  82  -2   0  17 0.00  0.0    0  2.4  7  80   M    M   0         M  M
17  99  71  85   1   0  20 0.00  0.0    0  4.1  7 120   M    M   1         M  M
18 101  79  90   6   0  25 0.00  0.0    0  7.2 12 160   M    M   1        18 200
19  85  63  74  -9   0   9 0.03  0.0    0  9.2 18  10   M    M   6        28 360
20  82  63  73 -10   0   8 0.00  0.0    0  5.0 10 120   M    M   4        16 120
21  94  70  82  -1   0  17 0.00  0.0    0  9.3 15 130   M    M   5        23 130
22 100  75  88   5   0  23 0.00  0.0    0  8.1 14 160   M    M   1        20 170
23 101  72  87   4   0  22    M  0.0    0  6.9 30 290   M    M   2        40 290
24  95  68  82   0   0  17 0.00  0.0    0  3.4  7 260   M    M   3         M  M
25 100  71  86   4   0  21 0.00  0.0    0  3.7 20  70   M    M   1        29  70
26  97  65  81  -1   0  16 0.00  0.0    0  3.5  9 140   M    M   1         M  M
27  99  68  84   2   0  19 0.00  0.0    0  4.4 13 140   M    M   0        17 140
28  99  71  85   3   0  20 0.00  0.0    0  5.9 10 130   M    M   0         M  M
29 100  70  85   4   0  20    M  0.0    0  8.1 22 270   M    M   1        31 270
30  98  67  83   2   0  18 0.00  0.0    0  4.6 12 240   M    M   1        17 230
================================================================================
SM 2933 2163         0 605  0.05     0.0 161.3          M       43
================================================================================
AV 97.8 72.1                               5.4 FASTST   M    M   1    MAX(MPH)
                                 MISC ---->    30   M                 40    M
================================================================================
NOTES:
# LAST OF SEVERAL OCCURRENCES

COLUMN 17 PEAK WIND IN M.P.H.

PRELIMINARY LOCAL CLIMATOLOGICAL DATA (WS FORM: F-6) , PAGE 2

                                          STATION:  GRAHAM
                                          MONTH:    AUGUST
                                          YEAR:     2015
                                          LATITUDE:   33  6 N
                                          LONGITUDE:  98 30 W

[TEMPERATURE DATA]      [PRECIPITATION DATA]       SYMBOLS USED IN COLUMN 16

AVERAGE MONTHLY: 84.9   TOTAL FOR MONTH:   0.05    1 = FOG OR MIST
DPTR FM NORMAL:   1.6   DPTR FM NORMAL:   -1.62    2 = FOG REDUCING VISIBILITY
HIGHEST:   105 ON  9, 6 GRTST 24HR  0.03 ON 19-19      TO 1/4 MILE OR LESS
LOWEST:     63 ON 20,19                            3 = THUNDER
                        SNOW, ICE PELLETS, HAIL    4 = ICE PELLETS
                        TOTAL MONTH:   0.0 INCH    5 = HAIL
                        GRTST 24HR     0.0         6 = FREEZING RAIN OR DRIZZLE
                        GRTST DEPTH:   0           7 = DUSTSTORM OR SANDSTORM:
                                                       VSBY 1/2 MILE OR LESS
                                                   8 = SMOKE OR HAZE
[NO. OF DAYS WITH]      [WEATHER - DAYS WITH]      9 = BLOWING SNOW
                                                   X = TORNADO
MAX 32 OR BELOW:   0    0.01 INCH OR MORE:   3
MAX 90 OR ABOVE:  26    0.10 INCH OR MORE:   0
MIN 32 OR BELOW:   0    0.50 INCH OR MORE:   0
MIN  0 OR BELOW:   0    1.00 INCH OR MORE:   0

[HDD (BASE 65) ]
TOTAL THIS MO.     0    CLEAR  (SCALE 0-3)  26
DPTR FM NORMAL     0    PTCLDY (SCALE 4-7)   4
TOTAL FM JUL 1     0    CLOUDY (SCALE 8-10)  0
DPTR FM NORMAL     0

[CDD (BASE 65) ]
TOTAL THIS MO.   605
DPTR FM NORMAL    56    [PRESSURE DATA]
TOTAL FM JAN 1  2027    HIGHEST SLP M ON M
DPTR FM NORMAL   174    LOWEST  SLP M ON M

[REMARKS]
