000
CXUS53 KARX 300930
CF6RST
PRELIMINARY LOCAL CLIMATOLOGICAL DATA (WS FORM: F-6)

                                          STATION:   ROCHESTER MN
                                          MONTH:     MAY
                                          YEAR:      2015
                                          LATITUDE:   43 55 N
                                          LONGITUDE:  92 30 W

  TEMPERATURE IN F:       :PCPN:    SNOW:  WIND      :SUNSHINE: SKY     :PK WND
================================================================================
1   2   3   4   5  6A  6B    7    8   9   10  11  12  13   14  15   16   17  18
                                     12Z  AVG MX 2MIN
DY MAX MIN AVG DEP HDD CDD  WTR  SNW DPTH SPD SPD DIR MIN PSBL S-S WX    SPD DR
================================================================================

 1  65  37  51  -2  14   0    T    M    0 12.0 22 210   M    M   4        27 210
 2  80  51  66  12   0   1 0.00  0.0    0 16.1 26 220   M    M   1        34 210
 3  83  53  68  14   0   3 0.66  0.0    0 10.3 28 350   M    M   1 13     35 350
 4  67  52  60   6   5   0 0.00  0.0    0  9.8 21  30   M    M   1 1      25  20
 5  57  50  54  -1  11   0 0.21  0.0    0 14.2 25 120   M    M   9 12     31 100
 6  73  53  63   8   2   0 0.20  0.0    0 16.1 39 180   M    M   7 1238   56 210
 7  75  61  68  13   0   3 1.05  0.0    0 18.5 32 190   M    M   5 13     39 200
 8  63  47  55  -1  10   0    T  0.0    0 10.2 20 280   M    M   9 18     22 270
 9  67  46  57   1   8   0 0.00  0.0    0  7.9 15  50   M    M   5 1      19  70
10  62  51  57   1   8   0 0.13  0.0    0 16.1 23 110   M    M   9 13     29 130
11  57  41  49  -7  16   0 0.18  0.0    0 19.5 29 260   M    M  10 13     35 220
12  55  39  47 -10  18   0 0.01  0.0    0 15.9 29 310   M    M   6 1      37 330
13  65  37  51  -6  14   0 0.00  0.0    0 14.1 21 140   M    M   1        28 130
14  56  47  52  -6  13   0 0.66  0.0    0 14.5 23 140   M    M   8 1      28 130
15  68  55  62   4   3   0 0.00  0.0    0  6.7 15 300   M    M   8 1      17 300
16  76  54  65   7   0   0 0.18  0.0    0 12.7 31 150   M    M   6 13     43 150
17  73  49  61   3   4   0 0.08  0.0    0 21.6 35 220   M    M   7 13     42 190
18  49  38  44 -15  21   0    T  0.0    0 22.2 31 270   M    M   9        40 260
19  51  35  43 -16  22   0 0.00  0.0    0 11.0 20 360   M    M   4        27 340
20  56  40  48 -11  17   0 0.00  0.0    0  6.2 15 250   M    M   4        17 240
21  73  42  58  -2   7   0 0.00  0.0    0 14.0 24 310   M    M   0 8      39 330
22  72  45  59  -1   6   0 0.00  0.0    0  5.9 10 350   M    M   0        14 350
23  76  49  63   3   2   0    T  0.0    0  6.7 16 190   M    M   6        22 220
24  62  58  60   0   5   0 0.43  0.0    0 11.6 21 120   M    M   9 1      26 120
25  75  59  67   6   0   2 0.02  0.0    0 13.5 30 250   M    M   7 13     36 250
26  65  57  61   0   4   0 0.84  0.0    0 10.4 29 190   M    M   7 1      34 180
27  79  55  67   5   0   2 0.04  0.0    0  9.1 20 250   M    M   3 1      25 190
28  81  57  69   7   0   4    T  0.0    0 13.3 24 190   M    M   1        31 170
29  75  56  66   4   0   1 0.54  0.0    0 11.4 26 340   M    M   9 13     33 340
================================================================================
SM 1956 1414       210  16  5.23     0.0 371.5          M      156
================================================================================
AV 67.4 48.8                              12.8 FASTST   M    M   5    MAX(MPH)
                                 MISC ---->  # 39 180               # 56  210
================================================================================
NOTES:
# LAST OF SEVERAL OCCURRENCES

COLUMN 17 PEAK WIND IN M.P.H.

PRELIMINARY LOCAL CLIMATOLOGICAL DATA (WS FORM: F-6) , PAGE 2

                                          STATION:  ROCHESTER MN
                                          MONTH:    MAY
                                          YEAR:     2015
                                          LATITUDE:   43 55 N
                                          LONGITUDE:  92 30 W

[TEMPERATURE DATA]      [PRECIPITATION DATA]       SYMBOLS USED IN COLUMN 16

AVERAGE MONTHLY: 58.1   TOTAL FOR MONTH:   5.23    1 = FOG OR MIST
DPTR FM NORMAL:   0.3   DPTR FM NORMAL:    1.86    2 = FOG REDUCING VISIBILITY
HIGHEST:    83 ON  3    GRTST 24HR  1.05 ON  6- 7      TO 1/4 MILE OR LESS
LOWEST:     35 ON 19                               3 = THUNDER
                        SNOW, ICE PELLETS, HAIL    4 = ICE PELLETS
                        TOTAL MONTH:   0.0 INCH    5 = HAIL
                        GRTST 24HR     0.0         6 = FREEZING RAIN OR DRIZZLE
                        GRTST DEPTH:   0           7 = DUSTSTORM OR SANDSTORM:
                                                       VSBY 1/2 MILE OR LESS
                                                   8 = SMOKE OR HAZE
[NO. OF DAYS WITH]      [WEATHER - DAYS WITH]      9 = BLOWING SNOW
                                                   X = TORNADO
MAX 32 OR BELOW:   0    0.01 INCH OR MORE:  15
MAX 90 OR ABOVE:   0    0.10 INCH OR MORE:  11
MIN 32 OR BELOW:   0    0.50 INCH OR MORE:   5
MIN  0 OR BELOW:   0    1.00 INCH OR MORE:   1

[HDD (BASE 65) ]
TOTAL THIS MO.   210    CLEAR  (SCALE 0-3)   8
DPTR FM NORMAL   -27    PTCLDY (SCALE 4-7)  14
TOTAL FM JUL 1  8022    CLOUDY (SCALE 8-10)  7
DPTR FM NORMAL   360

[CDD (BASE 65) ]
TOTAL THIS MO.    16
DPTR FM NORMAL    -9    [PRESSURE DATA]
TOTAL FM JAN 1    16    HIGHEST SLP M ON M
DPTR FM NORMAL   -13    LOWEST  SLP 29.60 ON 26

[REMARKS]
