000
CXUS54 KLZK 271130
CF6RUE
PRELIMINARY LOCAL CLIMATOLOGICAL DATA (WS FORM: F-6)

                                          STATION:   Russellville
                                          MONTH:     FEBRUARY
                                          YEAR:      2017
                                          LATITUDE:   35 15 N
                                          LONGITUDE:  93  6 W

  TEMPERATURE IN F:       :PCPN:    SNOW:  WIND      :SUNSHINE: SKY     :PK WND
================================================================================
1   2   3   4   5  6A  6B    7    8   9   10  11  12  13   14  15   16   17  18
                                     12Z  AVG MX 2MIN
DY MAX MIN AVG DEP HDD CDD  WTR  SNW DPTH SPD SPD DIR MIN PSBL S-S WX    SPD DR
================================================================================

 1  68  37  53  12  12   0 0.00  0.0    0  5.5 17  70   M    M   3 8      21  70
 2  53  39  46   5  19   0    T  0.0    0  9.1 21  70   M    M  10        25  70
 3  49  33  41   0  24   0 0.00  0.0    0  6.0 14  60   M    M   5        17  50
 4  42  26  34  -8  31   0 0.00  0.0    0  4.0 12 100   M    M   7        15 110
 5  65  28  47   5  18   0 0.00  0.0    0  3.0  9 180   M    M   5        14 190
 6  69  50  60  18   5   0 0.00  0.0    0  5.5 18 180   M    M   9 1      24 170
 7  79  51  65  23   0   0 0.49  0.0    0  6.3 21 200   M    M   1 138    33 210
 8  75  32  54  12  11   0    T    M    0  7.2 25 280   M    M   0        32 280
 9  48  29  39  -3  26   0    T    M    0  4.3 10  10   M    M   0        14 140
10  71  30  51   8  14   0    T    M    0  3.8 17 180   M    M   0        26 210
11  81  57  69  26   0   4 0.00  0.0    0  5.7 17 190   M    M   5        25 190
12  71  50  61  18   4   0 0.00  0.0    0  7.2 23 360   M    M   2 1      30 360
13  58  42  50   6  15   0 0.00  0.0    0  4.6 12  70   M    M   4        18 110
14  51  41  46   2  19   0 0.64    M    0  5.1 16  60   M    M  10 1      21  60
15  57  34  46   2  19   0 0.00  0.0    0  6.0 15 270   M    M   2        19 260
16  67  27  47   3  18   0 0.00  0.0    0  3.4 12 200   M    M   0        16 260
17  70  32  51   6  14   0 0.00  0.0    0  2.9 14 190   M    M   2        17 190
18  72  42  57  12   8   0 0.00  0.0    0  2.3 10 190   M    M   3        14 190
19  76  45  61  16   4   0 0.00  0.0    0  4.3 12 100   M    M   4 1      16 100
20  76  59  68  22   0   3 0.32  0.0    0  5.9 14 170   M    M   7 1      20 180
21  62  57  60  14   5   0 0.26  0.0    0  4.0 12 340   M    M  10 1      16 350
22  69  48  59  13   6   0 0.00  0.0    0  3.0 10  90   M    M   5 12     15  90
23  81  50  66  20   0   1 0.00  0.0    0  5.0 16 190   M    M   2 12     23 200
24  69  40  55   8  10   0 0.00  0.0    0 12.0 23 280   M    M   2        30 310
25  51  30  41  -6  24   0 0.00  0.0    0  7.6 16 270   M    M   0        22 320
26  55  28  42  -5  23   0    T    M    0  4.8 12 110   M    M   5        16 140
================================================================================
SM 1685 1037       329   8  1.71     0.0 138.5          M      103
================================================================================
AV 64.8 39.9                               5.3 FASTST   M    M   4    MAX(MPH)
                                 MISC ---->  # 25 280               # 33  210
================================================================================
NOTES:
# LAST OF SEVERAL OCCURRENCES

COLUMN 17 PEAK WIND IN M.P.H.

PRELIMINARY LOCAL CLIMATOLOGICAL DATA (WS FORM: F-6) , PAGE 2

                                          STATION:  Russellville
                                          MONTH:    FEBRUARY
                                          YEAR:     2017
                                          LATITUDE:   35 15 N
                                          LONGITUDE:  93  6 W

[TEMPERATURE DATA]      [PRECIPITATION DATA]       SYMBOLS USED IN COLUMN 16

AVERAGE MONTHLY: 52.4   TOTAL FOR MONTH:   1.71    1 = FOG OR MIST
DPTR FM NORMAL:   8.5   DPTR FM NORMAL:   -1.73    2 = FOG REDUCING VISIBILITY
HIGHEST:    81 ON 23,11 GRTST 24HR  0.64 ON 14-14      TO 1/4 MILE OR LESS
LOWEST:     26 ON  4                               3 = THUNDER
                        SNOW, ICE PELLETS, HAIL    4 = ICE PELLETS
                        TOTAL MONTH:   0.0 INCH    5 = HAIL
                        GRTST 24HR     0.0         6 = FREEZING RAIN OR DRIZZLE
                        GRTST DEPTH:   0           7 = DUSTSTORM OR SANDSTORM:
                                                       VSBY 1/2 MILE OR LESS
                                                   8 = SMOKE OR HAZE
[NO. OF DAYS WITH]      [WEATHER - DAYS WITH]      9 = BLOWING SNOW
                                                   X = TORNADO
MAX 32 OR BELOW:   0    0.01 INCH OR MORE:   4
MAX 90 OR ABOVE:   0    0.10 INCH OR MORE:   4
MIN 32 OR BELOW:   9    0.50 INCH OR MORE:   1
MIN  0 OR BELOW:   0    1.00 INCH OR MORE:   0

[HDD (BASE 65) ]
TOTAL THIS MO.   329    CLEAR  (SCALE 0-3)  11
DPTR FM NORMAL  -221    PTCLDY (SCALE 4-7)  11
TOTAL FM JUL 1  2041    CLOUDY (SCALE 8-10)  4
DPTR FM NORMAL  -611

[CDD (BASE 65) ]
TOTAL THIS MO.     8
DPTR FM NORMAL     8    [PRESSURE DATA]
TOTAL FM JAN 1     8    HIGHEST SLP M ON M
DPTR FM NORMAL     7    LOWEST  SLP 29.51 ON 23

[REMARKS]
