000
CXUS54 KLZK 201130
CF6RUE
PRELIMINARY LOCAL CLIMATOLOGICAL DATA (WS FORM: F-6)

                                          STATION:   Russellville
                                          MONTH:     JANUARY
                                          YEAR:      2017
                                          LATITUDE:   35 15 N
                                          LONGITUDE:  93  6 W

  TEMPERATURE IN F:       :PCPN:    SNOW:  WIND      :SUNSHINE: SKY     :PK WND
================================================================================
1   2   3   4   5  6A  6B    7    8   9   10  11  12  13   14  15   16   17  18
                                     12Z  AVG MX 2MIN
DY MAX MIN AVG DEP HDD CDD  WTR  SNW DPTH SPD SPD DIR MIN PSBL S-S WX    SPD DR
================================================================================

 1  46  41  44   4  21   0 0.00  0.0    0  4.7 12  90   M    M  10 1      17 100
 2  56  45  51  12  14   0 0.38    M    0  2.6 10 270   M    M  10 123    13 160
 3  58  39  49  10  16   0 0.00  0.0    0  5.7 15 340   M    M  10 12     18 340
 4  42  28  35  -4  30   0 0.00  0.0    0  5.9 13  10   M    M   1        17 360
 5  37  24  31  -8  34   0 0.00  0.0    0  6.8 16  30   M    M  10        21  20
 6  24  16  20 -19  45   0    T    M    0  7.1 14 360   M    M   7 18     18 360
 7  33   6  20 -19  45   0 0.00  0.0    0  2.5 10 270   M    M   0        13 270
 8  38  11  25 -14  40   0 0.00  0.0    0  3.2  9 110   M    M   1        15 140
 9  53  18  36  -3  29   0 0.00  0.0    0  3.5 14 190   M    M   6        20 170
10  72  43  58  19   7   0 0.00  0.0    0  8.7 23 250   M    M   5        35 200
11  75  43  59  20   6   0 0.00  0.0    0  6.3 24 200   M    M   6        36 190
12  77  50  64  25   1   0    T  0.0    0  7.3 15 310   M    M  10        21 190
13  50  40  45   5  20   0 0.00  0.0    0  6.3 14  70   M    M  10 18     19  90
14  49  40  45   5  20   0 0.00  0.0    0  1.2  8 110   M    M  10 1      12 130
15  47  43  45   5  20   0 0.05  0.0    0  5.6 10 110   M    M  10 1      16 100
16  64  45  55  15  10   0 0.49  0.0    0  5.8 18 280   M    M   8 12     25 290
17  51  40  46   6  19   0 0.00  0.0    0  8.0 18 280   M    M   1        24 290
18  47  40  44   4  21   0    T    M    0  2.1 10 110   M    M   8 18     15 120
19  52  45  49   9  16   0 0.02    M    0  0.9  7 110   M    M  10 1      11 120
================================================================================
SM  971  657       414   0  0.94     0.0  94.2          M      133
================================================================================
AV 51.1 34.6                               5.0 FASTST   M    M   7    MAX(MPH)
                                 MISC ---->  # 24 200               # 36  190
================================================================================
NOTES:
# LAST OF SEVERAL OCCURRENCES

COLUMN 17 PEAK WIND IN M.P.H.

PRELIMINARY LOCAL CLIMATOLOGICAL DATA (WS FORM: F-6) , PAGE 2

                                          STATION:  Russellville
                                          MONTH:    JANUARY
                                          YEAR:     2017
                                          LATITUDE:   35 15 N
                                          LONGITUDE:  93  6 W

[TEMPERATURE DATA]      [PRECIPITATION DATA]       SYMBOLS USED IN COLUMN 16

AVERAGE MONTHLY: 42.8   TOTAL FOR MONTH:   0.94    1 = FOG OR MIST
DPTR FM NORMAL:   3.4   DPTR FM NORMAL:   -1.21    2 = FOG REDUCING VISIBILITY
HIGHEST:    77 ON 12    GRTST 24HR  0.51 ON 15-16      TO 1/4 MILE OR LESS
LOWEST:      6 ON  7                               3 = THUNDER
                        SNOW, ICE PELLETS, HAIL    4 = ICE PELLETS
                        TOTAL MONTH:   0.0 INCH    5 = HAIL
                        GRTST 24HR     0.0         6 = FREEZING RAIN OR DRIZZLE
                        GRTST DEPTH:   0           7 = DUSTSTORM OR SANDSTORM:
                                                       VSBY 1/2 MILE OR LESS
                                                   8 = SMOKE OR HAZE
[NO. OF DAYS WITH]      [WEATHER - DAYS WITH]      9 = BLOWING SNOW
                                                   X = TORNADO
MAX 32 OR BELOW:   1    0.01 INCH OR MORE:   4
MAX 90 OR ABOVE:   0    0.10 INCH OR MORE:   2
MIN 32 OR BELOW:   6    0.50 INCH OR MORE:   0
MIN  0 OR BELOW:   0    1.00 INCH OR MORE:   0

[HDD (BASE 65) ]
TOTAL THIS MO.   414    CLEAR  (SCALE 0-3)   4
DPTR FM NORMAL   -76    PTCLDY (SCALE 4-7)   6
TOTAL FM JUL 1  1506    CLOUDY (SCALE 8-10)  9
DPTR FM NORMAL  -302

[CDD (BASE 65) ]
TOTAL THIS MO.     0
DPTR FM NORMAL     0    [PRESSURE DATA]
TOTAL FM JAN 1     0    HIGHEST SLP M ON M
DPTR FM NORMAL     0    LOWEST  SLP 29.65 ON 19

[REMARKS]
