000
CXUS51 KBTV 240700
CF6RUT
PRELIMINARY LOCAL CLIMATOLOGICAL DATA (WS FORM: F-6)

                                          STATION:   RUTLAND VT
                                          MONTH:     AUGUST
                                          YEAR:      2017
                                          LATITUDE:   43 31 N
                                          LONGITUDE:  72 57 W

  TEMPERATURE IN F:       :PCPN:    SNOW:  WIND      :SUNSHINE: SKY     :PK WND
================================================================================
1   2   3   4   5  6A  6B    7    8   9   10  11  12  13   14  15   16   17  18
                                     12Z  AVG MX 2MIN
DY MAX MIN AVG DEP HDD CDD  WTR  SNW DPTH SPD SPD DIR MIN PSBL S-S WX    SPD DR
================================================================================

 1  83  58  71   M   0   6 0.00  0.0    0  5.3 13 120   M    M   0         M  M
 2  85  60  73   M   0   8 0.00  0.0    0  5.3 10 130   M    M   1 3       M  M
 3  84  58  71   M   0   6 0.51  0.0    0  4.9  9 120   M    M   0 3       M  M
 4  84  63  74   M   0   9 0.01  0.0    0  9.9 22 120   M    M   3 3      33 130
 5  76  64  70   M   0   5 0.02  0.0    0  9.1 17 100   M    M   7        22 100
 6  73  57  65   M   0   0 0.00  0.0    0  8.8 16 300   M    M   4        30 300
 7  76  52  64   M   1   0 0.10  0.0    0  5.6 12 230   M    M   3 1       M  M
 8  75  58  67   M   0   2 0.09  0.0    0  4.4 10 310   M    M   5 1      18 310
 9  79  52  66   M   0   1 0.30  0.0    0  6.6 10 270   M    M   2 13     16 250
10  82  55  69   M   0   4    T  0.0    0  5.0 12 170   M    M   2 3       M  M
11  78  61  70   M   0   5    T  0.0    0  5.4 12 130   M    M   4         M  M
12  80  64  72   M   0   7    T  0.0    0  5.2 12 210   M    M   6         M  M
13  77  60  69   M   0   4 0.00  0.0    0  6.0 13 340   M    M   3        16  10
14  78  55  67   M   0   2 0.00  0.0    0  6.3 12 120   M    M   1         M  M
15  79  57  68   M   0   3 0.00  0.0    0  4.9 10 230   M    M   6        16 230
16  72  53  63   M   2   0 0.00  0.0    0  5.4 13 340   M    M   5 1      17 360
17  76  47  62   M   3   0 0.00  0.0    0  5.4 12 120   M    M   0         M  M
18   M   M   M   M   M   M 0.35    M    0  8.6 17 120   M    M   9 1      23 120
19  80  64  72   M   0   7 0.11  0.0    0  6.6 14 250   M    M   4 12     23 240
20  78  61  70   M   0   5 0.00  0.0    0  5.7 12 310   M    M   5        21 310
21  81  56  69   M   0   4 0.00  0.0    0  6.9 12 240   M    M   0         M  M
22  87  61  74   M   0   9 0.79  0.0    0  7.8 13 180   M    M   4 13     21 210
23  74  55  65   M   0   0 0.00  0.0    0  6.9 13 260   M    M   6        17 260
================================================================================
SM 1737 1271         6  87  2.28     0.0 146.0          M       80
================================================================================
AV 79.0 57.8                               6.3 FASTST   M    M   3    MAX(MPH)
                                 MISC ---->  # 22 120               # 33  130
================================================================================
NOTES:
# LAST OF SEVERAL OCCURRENCES

COLUMN 17 PEAK WIND IN M.P.H.

PRELIMINARY LOCAL CLIMATOLOGICAL DATA (WS FORM: F-6) , PAGE 2

                                          STATION:  RUTLAND VT
                                          MONTH:    AUGUST
                                          YEAR:     2017
                                          LATITUDE:   43 31 N
                                          LONGITUDE:  72 57 W

[TEMPERATURE DATA]      [PRECIPITATION DATA]       SYMBOLS USED IN COLUMN 16

AVERAGE MONTHLY: 68.4   TOTAL FOR MONTH:   2.28    1 = FOG OR MIST
DPTR FM NORMAL:     M   DPTR FM NORMAL:       M    2 = FOG REDUCING VISIBILITY
HIGHEST:    87 ON 22    GRTST 24HR  0.79 ON 22-22      TO 1/4 MILE OR LESS
LOWEST:     47 ON 17                               3 = THUNDER
                        SNOW, ICE PELLETS, HAIL    4 = ICE PELLETS
                        TOTAL MONTH:   0.0 INCH    5 = HAIL
                        GRTST 24HR     0.0         6 = FREEZING RAIN OR DRIZZLE
                        GRTST DEPTH:   0           7 = DUSTSTORM OR SANDSTORM:
                                                       VSBY 1/2 MILE OR LESS
                                                   8 = SMOKE OR HAZE
[NO. OF DAYS WITH]      [WEATHER - DAYS WITH]      9 = BLOWING SNOW
                                                   X = TORNADO
MAX 32 OR BELOW:   0    0.01 INCH OR MORE:   9
MAX 90 OR ABOVE:   0    0.10 INCH OR MORE:   6
MIN 32 OR BELOW:   0    0.50 INCH OR MORE:   2
MIN  0 OR BELOW:   0    1.00 INCH OR MORE:   0

[HDD (BASE 65) ]
TOTAL THIS MO.     6    CLEAR  (SCALE 0-3)  10
DPTR FM NORMAL     M    PTCLDY (SCALE 4-7)  12
TOTAL FM JUL 1    26    CLOUDY (SCALE 8-10)  1
DPTR FM NORMAL     M

[CDD (BASE 65) ]
TOTAL THIS MO.    87
DPTR FM NORMAL     M    [PRESSURE DATA]
TOTAL FM JAN 1   318    HIGHEST SLP M ON M
DPTR FM NORMAL     M    LOWEST  SLP M ON M

[REMARKS]
