000
CXUS54 KTSA 280840
CF6RVS
PRELIMINARY LOCAL CLIMATOLOGICAL DATA (WS FORM: F-6)

                                          STATION:   TULSA-RIVERSIDE  OKLAHOMA
                                          MONTH:     JULY
                                          YEAR:      2017
                                          LATITUDE:   36  2 N
                                          LONGITUDE:  95 59 W

  TEMPERATURE IN F:       :PCPN:    SNOW:  WIND      :SUNSHINE: SKY     :PK WND
================================================================================
1   2   3   4   5  6A  6B    7    8   9   10  11  12  13   14  15   16   17  18
                                     12Z  AVG MX 2MIN
DY MAX MIN AVG DEP HDD CDD  WTR  SNW DPTH SPD SPD DIR MIN PSBL S-S WX    SPD DR
================================================================================

 1  89  73  81   1   0  16    T  0.0    0  3.1 13 190   M    M   4 3      22 220
 2  92  70  81   1   0  16 1.44  0.0    0  4.9 22 300   M    M   1 13     35 300
 3  87  68  78  -2   0  13 0.67  0.0    0  6.7 20  10   M    M   7 13     29 360
 4  86  69  78  -3   0  13 0.34  0.0    0  3.1 10 120   M    M   4 13     13 120
 5  89  70  80  -1   0  15 0.00  0.0    0  3.2  9  30   M    M   4 1      14 310
 6  94  71  83   2   0  18 0.00  0.0    0  1.9  8  20   M    M   0        13  30
 7  97  71  84   3   0  19 0.00  0.0    0  2.8 10 220   M    M   1 1      15 210
 8  86  71  79  -2   0  14 0.18  0.0    0  5.4 17 130   M    M   2 13     23 320
 9  92  70  81   0   0  16 0.00  0.0    0  6.4 15 180   M    M   0 1      21 170
10  94  73  84   2   0  19 0.00  0.0    0  8.9 18 190   M    M   0        24 190
11  97  76  87   5   0  22 0.00  0.0    0  9.1 16 180   M    M   0        22 180
12  97  77  87   5   0  22 0.00  0.0    0  8.0 16 200   M    M   1        21 180
13  97  75  86   4   0  21 0.00  0.0    0  5.8 13 160   M    M   0        17 170
14  89  76  83   1   0  18 0.00  0.0    0  6.2 15  80   M    M   1 3      19  80
15  92  75  84   2   0  19 0.08  0.0    0  3.2 10 120   M    M   4 13     13 100
16  96  74  85   3   0  20 0.00  0.0    0  2.6 12 110   M    M   1 1      14 110
17  96  72  84   2   0  19 0.00  0.0    0  4.2 13 180   M    M   0 1      18 170
18  96  69  83   1   0  18 0.00  0.0    0  4.6 13 140   M    M   0 1      17 120
19  98  73  86   4   0  21 0.00  0.0    0  6.1 15 170   M    M   0 18     20 170
20 102  75  89   7   0  24 0.00  0.0    0  6.8 16 190   M    M   0 18     21 180
21 102  74  88   6   0  23 0.00  0.0    0  8.2 17 180   M    M   1        23 150
22 104  76  90   8   0  25 0.00  0.0    0  7.6 15 150   M    M   1 8      22 170
23  97  75  86   4   0  21 0.00  0.0    0  6.6 16  70   M    M   1        22  80
24  97  70  84   1   0  19 0.00  0.0    0  4.0 13 190   M    M   0        19 120
25  98  72  85   2   0  20 0.00  0.0    0  6.5 14 180   M    M   0        20 130
26 100  76  88   5   0  23 0.00  0.0    0  9.1 17 180   M    M   0 8      24 190
27  93  75  84   1   0  19 0.78  0.0    0  3.7 18 160   M    M   2 13     33 140
================================================================================
SM 2557 1966         0 513  3.49     0.0 148.7          M       35
================================================================================
AV 94.7 72.8                               5.5 FASTST   M    M   1    MAX(MPH)
                                 MISC ---->  # 22 300               # 35  300
================================================================================
NOTES:
# LAST OF SEVERAL OCCURRENCES

COLUMN 17 PEAK WIND IN M.P.H.

PRELIMINARY LOCAL CLIMATOLOGICAL DATA (WS FORM: F-6) , PAGE 2

                                          STATION:  TULSA-RIVERSIDE  OKLAHOMA
                                          MONTH:    JULY
                                          YEAR:     2017
                                          LATITUDE:   36  2 N
                                          LONGITUDE:  95 59 W

[TEMPERATURE DATA]      [PRECIPITATION DATA]       SYMBOLS USED IN COLUMN 16

AVERAGE MONTHLY: 83.8   TOTAL FOR MONTH:   3.49    1 = FOG OR MIST
DPTR FM NORMAL:   2.1   DPTR FM NORMAL:    0.41    2 = FOG REDUCING VISIBILITY
HIGHEST:   104 ON 22    GRTST 24HR  1.44 ON  2- 2      TO 1/4 MILE OR LESS
LOWEST:     68 ON  3                               3 = THUNDER
                        SNOW, ICE PELLETS, HAIL    4 = ICE PELLETS
                        TOTAL MONTH:   0.0 INCH    5 = HAIL
                        GRTST 24HR     0.0         6 = FREEZING RAIN OR DRIZZLE
                        GRTST DEPTH:   0           7 = DUSTSTORM OR SANDSTORM:
                                                       VSBY 1/2 MILE OR LESS
                                                   8 = SMOKE OR HAZE
[NO. OF DAYS WITH]      [WEATHER - DAYS WITH]      9 = BLOWING SNOW
                                                   X = TORNADO
MAX 32 OR BELOW:   0    0.01 INCH OR MORE:   6
MAX 90 OR ABOVE:  21    0.10 INCH OR MORE:   5
MIN 32 OR BELOW:   0    0.50 INCH OR MORE:   3
MIN  0 OR BELOW:   0    1.00 INCH OR MORE:   1

[HDD (BASE 65) ]
TOTAL THIS MO.     0    CLEAR  (SCALE 0-3)  22
DPTR FM NORMAL     0    PTCLDY (SCALE 4-7)   5
TOTAL FM JUL 1     0    CLOUDY (SCALE 8-10)  0
DPTR FM NORMAL     0

[CDD (BASE 65) ]
TOTAL THIS MO.   513
DPTR FM NORMAL    61    [PRESSURE DATA]
TOTAL FM JAN 1  1199    HIGHEST SLP M ON M
DPTR FM NORMAL   187    LOWEST  SLP 29.83 ON 22

[REMARKS]
