000
CXUS53 KMPX 231000
CF6RWF
PRELIMINARY LOCAL CLIMATOLOGICAL DATA (WS FORM: F-6)

                                          STATION:   REDWOOD FALLS MN
                                          MONTH:     JULY
                                          YEAR:      2016
                                          LATITUDE:   44 32 N
                                          LONGITUDE:  95  5 W

  TEMPERATURE IN F:       :PCPN:    SNOW:  WIND      :SUNSHINE: SKY     :PK WND
================================================================================
1   2   3   4   5  6A  6B    7    8   9   10  11  12  13   14  15   16   17  18
                                     12Z  AVG MX 2MIN
DY MAX MIN AVG DEP HDD CDD  WTR  SNW DPTH SPD SPD DIR MIN PSBL S-S WX    SPD DR
================================================================================

 1  75  51  63  -9   2   0 0.00    M    M  4.2  8 240   M    M   0        12  30
 2  81  55  68  -4   0   3 0.00    M    M  7.4 14 190   M    M   3        18 140
 3  80  55  68  -4   0   3 0.00    M    M  8.1 18 170   M    M   0        24 170
 4  81  59  70  -2   0   5 0.00    M    M 10.7 18 160   M    M   3        28 160
 5  93  66  80   8   0  15 0.70    M    M  9.9 24 340   M    M   4 138    34 360
 6  84  63  74   1   0   9    T    M    M  3.7 12 110   M    M   3 12     15 100
 7  78  66  72  -1   0   7 0.32    M    M  7.0 29 100   M    M   4 13     37 100
 8  78  62  70  -3   0   5 0.00    M    M 11.2 21 300   M    M   1        26 300
 9  84  59  72  -1   0   7 0.00    M    M  8.2 20 160   M    M   0 1      24 160
10  79  65  72  -1   0   7 1.23    M    M 12.5 32 190   M    M   5 138    42 330
11  89  72  81   8   0  16 0.07    M    M 12.3 25 200   M    M   5 13     34 190
12  84  63  74   1   0   9 0.00    M    M 13.6 25 240   M    M   0        33 240
13  83  65  74   1   0   9 0.00    M    M 12.5 24 280   M    M   1        30 280
14  72  59  66  -7   0   1    T    M    M 12.4 24 310   M    M   6 8      33 310
15  77  53  65  -8   0   0 0.00    M    M  4.8 10 300   M    M   2        15 320
16  81  55  68  -5   0   3 1.97    M    M 11.1 38 290   M    M   3 123    51 280
17  82  63  73   0   0   8 0.12    M    M  9.8 25 150   M    M   3 13     32 160
18  84  62  73   0   0   8 0.00    M    M  5.0 12 200   M    M   0        14 160
19  84  68  76   3   0  11 0.00    M    M 11.1 23 160   M    M   2        28 160
20  90  71  81   8   0  16 0.00    M    M 11.1 20 200   M    M   2        25 210
21  93  74  84  11   0  19    T    M    M  6.4 15 150   M    M   2        23 360
22  92  71  82   9   0  17 0.00    M    M  6.2 14  90   M    M   0        17  80
================================================================================
SM 1824 1377         2 178  4.41    M    199.2          M       49
================================================================================
AV 82.9 62.6                               9.1 FASTST   M    M   2    MAX(MPH)
                                 MISC ---->  # 38 290               # 51  280
================================================================================
NOTES:
# LAST OF SEVERAL OCCURRENCES

COLUMN 17 PEAK WIND IN M.P.H.

PRELIMINARY LOCAL CLIMATOLOGICAL DATA (WS FORM: F-6) , PAGE 2

                                          STATION:  REDWOOD FALLS MN
                                          MONTH:    JULY
                                          YEAR:     2016
                                          LATITUDE:   44 32 N
                                          LONGITUDE:  95  5 W

[TEMPERATURE DATA]      [PRECIPITATION DATA]       SYMBOLS USED IN COLUMN 16

AVERAGE MONTHLY: 72.8   TOTAL FOR MONTH:   4.41    1 = FOG OR MIST
DPTR FM NORMAL:  -0.0   DPTR FM NORMAL:    1.85    2 = FOG REDUCING VISIBILITY
HIGHEST:    93 ON 21, 5 GRTST 24HR  2.09 ON 16-17      TO 1/4 MILE OR LESS
LOWEST:     51 ON  1                               3 = THUNDER
                        SNOW, ICE PELLETS, HAIL    4 = ICE PELLETS
                        TOTAL MONTH:    M          5 = HAIL
                        GRTST 24HR    M  ON   M    6 = FREEZING RAIN OR DRIZZLE
                        GRTST DEPTH:  M  ON   M    7 = DUSTSTORM OR SANDSTORM:
                                                       VSBY 1/2 MILE OR LESS
                                                   8 = SMOKE OR HAZE
[NO. OF DAYS WITH]      [WEATHER - DAYS WITH]      9 = BLOWING SNOW
                                                   X = TORNADO
MAX 32 OR BELOW:   0    0.01 INCH OR MORE:   6
MAX 90 OR ABOVE:   4    0.10 INCH OR MORE:   5
MIN 32 OR BELOW:   0    0.50 INCH OR MORE:   3
MIN  0 OR BELOW:   0    1.00 INCH OR MORE:   2

[HDD (BASE 65) ]
TOTAL THIS MO.     2    CLEAR  (SCALE 0-3)  15
DPTR FM NORMAL     2    PTCLDY (SCALE 4-7)   7
TOTAL FM JUL 1     2    CLOUDY (SCALE 8-10)  0
DPTR FM NORMAL     2

[CDD (BASE 65) ]
TOTAL THIS MO.   178
DPTR FM NORMAL     3    [PRESSURE DATA]
TOTAL FM JAN 1   434    HIGHEST SLP M ON M
DPTR FM NORMAL    71    LOWEST  SLP 29.49 ON 11

[REMARKS]
