000
CXUS55 KCYS 271000
CF6RWL
PRELIMINARY LOCAL CLIMATOLOGICAL DATA (WS FORM: F-6)

                                          STATION:   RAWLINS WYOMING AIRPORT
                                          MONTH:     FEBRUARY
                                          YEAR:      2015
                                          LATITUDE:   41 47 N
                                          LONGITUDE: 107 12 W

  TEMPERATURE IN F:       :PCPN:    SNOW:  WIND      :SUNSHINE: SKY     :PK WND
================================================================================
1   2   3   4   5  6A  6B    7    8   9   10  11  12  13   14  15   16   17  18
                                     12Z  AVG MX 2MIN
DY MAX MIN AVG DEP HDD CDD  WTR  SNW DPTH SPD SPD DIR MIN PSBL S-S WX    SPD DR
================================================================================

 1  34  17  26   4  39   0    T    M    M 11.8 30 260   M    M   4        38 250
 2  43  32  38  16  27   0    T    M    M 24.3 40 250   M    M   6        51 250
 3  46  36  41  19  24   0    T    M    M 27.7 45 260   M    M   4        55 250
 4  39  21  30   8  35   0    T    M    M 12.8 31 250   M    M   8 1      38 250
 5  53  36  45  23  20   0 0.00    M    M 16.5 36 250   M    M   1        47 250
 6  57  38  48  26  17   0 0.00    M    M 17.8 33 230   M    M   0        43 240
 7  56  39  48  26  17   0 0.00    M    M 24.2 38 260   M    M   1        46 230
 8  52  33  43  21  22   0 0.00    M    M 16.0 30 250   M    M   2        38 250
 9  56  26  41  19  24   0 0.03    M    M 19.4 41 280   M    M   1        53 210
10  46  28  37  15  28   0    T    M    M 12.9 26 280   M    M   4        33 280
11  46  24  35  13  30   0 0.00    M    M  8.0 20 260   M    M   3        22 260
12  51  31  41  18  24   0 0.00    M    M 17.1 29 260   M    M   3        37 270
13  55  30  43  20  22   0 0.00    M    M 11.1 23 250   M    M   0        30 250
14  57  35  46  23  19   0 0.00    M    M 12.6 31 240   M    M   1        38 230
15  45  23  34  11  31   0 0.02    M    M 10.0 26 260   M    M   7 1      33 260
16  30  16  23  -1  42   0    T    M    M  8.4 20 360   M    M   9 8      24 340
17  31  14  23  -1  42   0 0.00    M    M 14.4 30 270   M    M   4        37 270
18  46  23  35  11  30   0 0.00    M    M 18.7 26 260   M    M   2        33 260
19  54  33  44  20  21   0 0.00    M    M 22.3 37 250   M    M   1        45 240
20  41  23  32   7  33   0    T    M    M 13.8 25 250   M    M   6 1      34 300
21  28   9  19  -6  46   0 0.04    M    M  9.7 21  40   M    M   9 128    26  50
22  15   0   8 -17  57   0    T    M    M 15.4 22  70   M    M   3 18     27  80
23  28  -8  10 -16  55   0 0.00    M    M  5.2 16  50   M    M   0        21  50
24  43   4  24  -2  41   0 0.00    M    M 13.3 29 250   M    M   2        36 250
25  34  11  23  -3  42   0    T    M    M 13.3 29 260   M    M   8 8      39 250
26  22   3  13 -14  52   0    T    M    M 11.0 22  60   M    M   8 18     26  60
================================================================================
SM 1108  577       840   0  0.09    M    387.7          M       97
================================================================================
AV 42.6 22.2                              14.9 FASTST   M    M   4    MAX(MPH)
                                 MISC ---->  # 45 260               # 55  250
================================================================================
NOTES:
# LAST OF SEVERAL OCCURRENCES

COLUMN 17 PEAK WIND IN M.P.H.

PRELIMINARY LOCAL CLIMATOLOGICAL DATA (WS FORM: F-6) , PAGE 2

                                          STATION:  RAWLINS WYOMING AIRPORT
                                          MONTH:    FEBRUARY
                                          YEAR:     2015
                                          LATITUDE:   41 47 N
                                          LONGITUDE: 107 12 W

[TEMPERATURE DATA]      [PRECIPITATION DATA]       SYMBOLS USED IN COLUMN 16

AVERAGE MONTHLY: 32.4   TOTAL FOR MONTH:   0.09    1 = FOG OR MIST
DPTR FM NORMAL:   8.9   DPTR FM NORMAL:   -0.29    2 = FOG REDUCING VISIBILITY
HIGHEST:    57 ON 14, 6 GRTST 24HR  0.04 ON 21-21      TO 1/4 MILE OR LESS
LOWEST:     -8 ON 23                               3 = THUNDER
                        SNOW, ICE PELLETS, HAIL    4 = ICE PELLETS
                        TOTAL MONTH:    M          5 = HAIL
                        GRTST 24HR    M  ON   M    6 = FREEZING RAIN OR DRIZZLE
                        GRTST DEPTH:  M  ON   M    7 = DUSTSTORM OR SANDSTORM:
                                                       VSBY 1/2 MILE OR LESS
                                                   8 = SMOKE OR HAZE
[NO. OF DAYS WITH]      [WEATHER - DAYS WITH]      9 = BLOWING SNOW
                                                   X = TORNADO
MAX 32 OR BELOW:   6    0.01 INCH OR MORE:   3
MAX 90 OR ABOVE:   0    0.10 INCH OR MORE:   0
MIN 32 OR BELOW:  19    0.50 INCH OR MORE:   0
MIN  0 OR BELOW:   2    1.00 INCH OR MORE:   0

[HDD (BASE 65) ]
TOTAL THIS MO.   840    CLEAR  (SCALE 0-3)  14
DPTR FM NORMAL  -240    PTCLDY (SCALE 4-7)   9
TOTAL FM JUL 1  5133    CLOUDY (SCALE 8-10)  3
DPTR FM NORMAL  -746

[CDD (BASE 65) ]
TOTAL THIS MO.     0
DPTR FM NORMAL     0    [PRESSURE DATA]
TOTAL FM JAN 1     0    HIGHEST SLP M ON M
DPTR FM NORMAL     0    LOWEST  SLP 29.65 ON  7

[REMARKS]
