000
CXUS54 KEWX 270910
CF6RYW
PRELIMINARY LOCAL CLIMATOLOGICAL DATA (WS FORM: F-6)

                                          STATION:   LAGO VISTA
                                          MONTH:     AUGUST
                                          YEAR:      2015
                                          LATITUDE:   30 30 N
                                          LONGITUDE:  97 58 W

  TEMPERATURE IN F:       :PCPN:    SNOW:  WIND      :SUNSHINE: SKY     :PK WND
================================================================================
1   2   3   4   5  6A  6B    7    8   9   10  11  12  13   14  15   16   17  18
                                     12Z  AVG MX 2MIN
DY MAX MIN AVG DEP HDD CDD  WTR  SNW DPTH SPD SPD DIR MIN PSBL S-S WX    SPD DR
================================================================================

 1  98  74  86   M   0  21 0.00  0.0    0  6.1 10  50   M    M   0        17  70
 2  99   M   M   M   M   M 0.00  0.0    0  5.0 12 120   M    M   2        16 120
 3  99  77  88   M   0  23 0.00  0.0    0  6.3 12  70   M    M   0        20  80
 4  98  77  88   M   0  23 0.00  0.0    0  6.6 12 160   M    M   3        18 160
 5  99  77  88   M   0  23 0.00  0.0    0  8.2 14 170   M    M   3        21 170
 6 100  77  89   M   0  24 0.00  0.0    0  8.5 15 170   M    M   2        21 210
 7 100  75  88   M   0  23 0.00  0.0    0  7.9 10 130   M    M   0        20 200
 8 100  76  88   M   0  23 0.00    M    M  7.4 12 170   M    M   2        21 200
 9 102  75  89   M   0  24 0.00    M    M  7.4 16 190   M    M   2        20 190
10 104  75  90   M   0  25 0.00    M    M  5.4 10 120   M    M   0        16 120
11 105  80  93   M   0  28 0.00  0.0    0  6.1 10 190   M    M   0         M  M
12 104  82  93   M   0  28 0.00  0.0    0  5.4  9  50   M    M   2        17  50
13 102  79  91   M   0  26 0.00    M    0  5.7  9  30   M    M   2        17 360
14 100  78  89   M   0  24 0.00  0.0    0  5.5 10 110   M    M   2        18 110
15  96  75  86   M   0  21 0.00  0.0    0  4.5  7 150   M    M   5         M  M
16  97  75  86   M   0  21 0.00  0.0    0  4.6 12 160   M    M   2        16 160
17  96  74  85   M   0  20 0.00  0.0    0  5.6 10 120   M    M   1         M  M
18  98  75  87   M   0  22 0.00  0.0    0  9.2 15 190   M    M   3        22 150
19  96  77  87   M   0  22 0.00  0.0    0  8.1 13 180   M    M   5        18 180
20  84  73  79   M   0  14 0.00  0.0    0  7.2 12 190   M    M   6 3      17  50
21  91  71  81   M   0  16 0.00  0.0    0  6.6 10 150   M    M   6 1      21 140
22  98  75  87   M   0  22 0.00    M    M  8.6 15 170   M    M   5 1      22 180
23  99  76  88   M   0  23 0.00    M    M  6.7 10 210   M    M   3        16 210
24 100  77  89   M   0  24 0.00  0.0    0  4.8  9 120   M    M   1         M  M
25 100  78  89   M   0  24 0.00  0.0    0  6.4 15  70   M    M   1 3      27  70
26  97  71  84   M   0  19 0.00  0.0    0  3.6  8  80   M    M   1         M  M
================================================================================
SM 2562 1899         0 563  0.00     0.0 167.4          M       59
================================================================================
AV 98.5 76.0                               6.4 FASTST   M    M   2    MAX(MPH)
                                 MISC ---->    16   M               # 27   70
================================================================================
NOTES:
# LAST OF SEVERAL OCCURRENCES

COLUMN 17 PEAK WIND IN M.P.H.

PRELIMINARY LOCAL CLIMATOLOGICAL DATA (WS FORM: F-6) , PAGE 2

                                          STATION:  LAGO VISTA
                                          MONTH:    AUGUST
                                          YEAR:     2015
                                          LATITUDE:   30 30 N
                                          LONGITUDE:  97 58 W

[TEMPERATURE DATA]      [PRECIPITATION DATA]       SYMBOLS USED IN COLUMN 16

AVERAGE MONTHLY: 87.2   TOTAL FOR MONTH:   0.00    1 = FOG OR MIST
DPTR FM NORMAL:     M   DPTR FM NORMAL:       M    2 = FOG REDUCING VISIBILITY
HIGHEST:   105 ON 11    GRTST 24HR  0.00 ON 26-26      TO 1/4 MILE OR LESS
LOWEST:     71 ON 26,21                            3 = THUNDER
                        SNOW, ICE PELLETS, HAIL    4 = ICE PELLETS
                        TOTAL MONTH:   0.0 INCH    5 = HAIL
                        GRTST 24HR     0.0         6 = FREEZING RAIN OR DRIZZLE
                        GRTST DEPTH:   0           7 = DUSTSTORM OR SANDSTORM:
                                                       VSBY 1/2 MILE OR LESS
                                                   8 = SMOKE OR HAZE
[NO. OF DAYS WITH]      [WEATHER - DAYS WITH]      9 = BLOWING SNOW
                                                   X = TORNADO
MAX 32 OR BELOW:   0    0.01 INCH OR MORE:   0
MAX 90 OR ABOVE:  25    0.10 INCH OR MORE:   0
MIN 32 OR BELOW:   0    0.50 INCH OR MORE:   0
MIN  0 OR BELOW:   0    1.00 INCH OR MORE:   0

[HDD (BASE 65) ]
TOTAL THIS MO.     0    CLEAR  (SCALE 0-3)  21
DPTR FM NORMAL     M    PTCLDY (SCALE 4-7)   5
TOTAL FM JUL 1     0    CLOUDY (SCALE 8-10)  0
DPTR FM NORMAL     M

[CDD (BASE 65) ]
TOTAL THIS MO.   563
DPTR FM NORMAL     M    [PRESSURE DATA]
TOTAL FM JAN 1  2252    HIGHEST SLP M ON M
DPTR FM NORMAL     M    LOWEST  SLP M ON M

[REMARKS]
