000
CXUS53 KMKX 300658
CF6SBM
PRELIMINARY LOCAL CLIMATOLOGICAL DATA (WS FORM: F-6)

                                          STATION:   SHEBOYGAN WI
                                          MONTH:     MAY
                                          YEAR:      2015
                                          LATITUDE:   43 46 N
                                          LONGITUDE:  87 51 W

  TEMPERATURE IN F:       :PCPN:    SNOW:  WIND      :SUNSHINE: SKY     :PK WND
================================================================================
1   2   3   4   5  6A  6B    7    8   9   10  11  12  13   14  15   16   17  18
                                     12Z  AVG MX 2MIN
DY MAX MIN AVG DEP HDD CDD  WTR  SNW DPTH SPD SPD DIR MIN PSBL S-S WX    SPD DR
================================================================================

 1  64  30  47  -2  18   0 0.00    M    M  5.5 15 180   M    M   0        17 170
 2  76  45  61  12   4   0 0.00    M    M  8.4 22 170   M    M   4        27 170
 3  79  49  64  15   1   0    T    M    M 11.8 24 200   M    M   3 3      32 220
 4  69  44  57   7   8   0 0.11    M    0  9.2 18  70   M    M   2 13     21  50
 5  58  45  52   2  13   0    T    M    0  6.0 15 100   M    M   5        18 100
 6  63  44  54   4  11   0 0.09    M    0  4.5 13 140   M    M   8 128    16 150
 7  77  42  60  10   5   0 0.00  0.0    0  9.1 26 180   M    M   0 18     34 180
 8  79  50  65  14   0   0    T  0.0    0 11.2 21  30   M    M   3        26  40
 9  57  46  52   1  13   0    T    M    0 14.6 26  40   M    M   9        32  30
10  51  44  48  -3  17   0 0.04    M    0 13.4 26  40   M    M  10 1      32  40
11  69  45  57   5   8   0 0.15    M    M 12.1 29 250   M    M   8 12     36 250
12  52  40  46  -6  19   0    T    M    0 15.7 28 270   M    M  10        33 270
13  53  33  43  -9  22   0 0.00  0.0    0  6.5 16  70   M    M   1        21  50
14  56  34  45  -8  20   0 0.16    M    0  8.0 20 170   M    M   2 1      25 160
15  70  46  58   5   7   0 0.10    M    0  6.2 13 260   M    M   9 12     18 140
16  70  48  59   6   6   0 0.00  0.0    0  4.9 12  60   M    M   7 12     15  60
17  70  48  59   5   6   0    T    M    0 10.6 26 170   M    M   7 12     37 150
18  73  48  61   7   4   0 0.00  0.0    0 17.5 33 260   M    M   2        44 250
19  54  32  43 -11  22   0 0.00  0.0    0  9.8 21 330   M    M   8        30 350
20  55  30  43 -12  22   0 0.00  0.0    0  5.0 12 240   M    M   2        14 350
21  73  41  57   2   8   0 0.06  0.0    0 12.7 23  40   M    M   2        30 260
22  60  33  47  -8  18   0 0.00  0.0    0  5.4 15 110   M    M   0        22 110
23  75  40  58   2   7   0 0.00  0.0    0  8.1 22 180   M    M   0        27 180
24  68  44  56   0   9   0 1.40  0.0    0  4.6 18 210   M    M   7 18     23 210
25  78  54  66  10   0   1 0.08  0.0    0 11.0 25 250   M    M   5 12     35 230
26  71  59  65   8   0   0 0.31  0.0    0 11.0 25 230   M    M   5 18     34 230
27  73  59  66   9   0   1 0.00  0.0    0 11.1 24 240   M    M   5        29 280
28  81  56  69  11   0   4 0.00    M    M  7.1 23 180   M    M   1        29 170
29  75  58  67   9   0   2 0.76    M    M  6.4 22 190   M    M   4 138    27 180
================================================================================
SM 1949 1287       268   8  3.26     0.0 267.4          M      129
================================================================================
AV 67.2 44.4                               9.2 FASTST   M    M   4    MAX(MPH)
                                 MISC ---->  # 33 260               # 44  250
================================================================================
NOTES:
# LAST OF SEVERAL OCCURRENCES

COLUMN 17 PEAK WIND IN M.P.H.

PRELIMINARY LOCAL CLIMATOLOGICAL DATA (WS FORM: F-6) , PAGE 2

                                          STATION:  SHEBOYGAN WI
                                          MONTH:    MAY
                                          YEAR:     2015
                                          LATITUDE:   43 46 N
                                          LONGITUDE:  87 51 W

[TEMPERATURE DATA]      [PRECIPITATION DATA]       SYMBOLS USED IN COLUMN 16

AVERAGE MONTHLY: 55.8   TOTAL FOR MONTH:   3.26    1 = FOG OR MIST
DPTR FM NORMAL:   2.7   DPTR FM NORMAL:    0.32    2 = FOG REDUCING VISIBILITY
HIGHEST:    81 ON 28    GRTST 24HR  1.48 ON 24-25      TO 1/4 MILE OR LESS
LOWEST:     30 ON 20, 1                            3 = THUNDER
                        SNOW, ICE PELLETS, HAIL    4 = ICE PELLETS
                        TOTAL MONTH:   0.0 INCH    5 = HAIL
                        GRTST 24HR     0.0         6 = FREEZING RAIN OR DRIZZLE
                        GRTST DEPTH:   0           7 = DUSTSTORM OR SANDSTORM:
                                                       VSBY 1/2 MILE OR LESS
                                                   8 = SMOKE OR HAZE
[NO. OF DAYS WITH]      [WEATHER - DAYS WITH]      9 = BLOWING SNOW
                                                   X = TORNADO
MAX 32 OR BELOW:   0    0.01 INCH OR MORE:  11
MAX 90 OR ABOVE:   0    0.10 INCH OR MORE:   7
MIN 32 OR BELOW:   3    0.50 INCH OR MORE:   2
MIN  0 OR BELOW:   0    1.00 INCH OR MORE:   1

[HDD (BASE 65) ]
TOTAL THIS MO.   268    CLEAR  (SCALE 0-3)  12
DPTR FM NORMAL   -85    PTCLDY (SCALE 4-7)  12
TOTAL FM JUL 1  7816    CLOUDY (SCALE 8-10)  5
DPTR FM NORMAL   283

[CDD (BASE 65) ]
TOTAL THIS MO.     8
DPTR FM NORMAL     1    [PRESSURE DATA]
TOTAL FM JAN 1     8    HIGHEST SLP M ON M
DPTR FM NORMAL     1    LOWEST  SLP 29.61 ON 26

[REMARKS]
