000
CXUS55 KLOX 211655
CF6SDB
PRELIMINARY LOCAL CLIMATOLOGICAL DATA (WS FORM: F-6)

                                          STATION:   SANDBERG CA
                                          MONTH:     MAY
                                          YEAR:      2015
                                          LATITUDE:   34 45 N
                                          LONGITUDE: 118 44 W

  TEMPERATURE IN F:       :PCPN:    SNOW:  WIND      :SUNSHINE: SKY     :PK WND
================================================================================
1   2   3   4   5  6A  6B    7    8   9   10  11  12  13   14  15   16   17  18
                                     12Z  AVG MX 2MIN
DY MAX MIN AVG DEP HDD CDD  WTR  SNW DPTH SPD SPD DIR MIN PSBL S-S WX    SPD DR
================================================================================

 1  78  60  69  15   0   4 0.00  0.0    0 14.6 28 200   M    M   0        35 200
 2  79  58  69  15   0   4 0.00  0.0    0 11.8 25 220   M    M   0        33 230
 3  74  56  65  11   0   0 0.00  0.0    0 11.1 24 350   M    M   0        30 340
 4  69  47  58   3   7   0 0.00  0.0    0  8.8 20 180   M    M   0        31 150
 5  63  43  53  -2  12   0 0.00  0.0    0 10.2 18 220   M    M   3 128    26 180
 6  60  43  52  -3  13   0 0.00  0.0    0 14.1 22 160   M    M   4 128    30 170
 7  54  37  46 -10  19   0 0.11    M    0 18.4 32 200   M    M   9 128    45 200
 8  46  36  41 -15  24   0 0.02    M    0  9.9 17 200   M    M  10 12     25 210
 9  65  42  54  -2  11   0 0.00  0.0    0 15.2 32 320   M    M   2 128    40 320
10  80  52  66  10   0   1 0.00  0.0    0 11.0 30 340   M    M   0        38 340
11  77  54  66   9   0   1 0.00  0.0    0 12.1 23 140   M    M   0        32 180
12  67  46  57   0   8   0 0.00  0.0    0 11.8 26 160   M    M   1        33 170
13  62  42  52  -5  13   0 0.00  0.0    M 12.6 25 180   M    M   3 2      31 180
14  50  38  44 -14  21   0 0.03    M    0 13.8 28 190   M    M  10 128    37 200
15  54  38  46 -12  19   0 0.00  0.0    0 14.5 39 320   M    M   7 12     46 330
16  64  44  54  -4  11   0 0.00  0.0    0 12.2 30 330   M    M   5 128    36 340
17  66  45  56  -2   9   0 0.00  0.0    0 10.1 22 170   M    M   3 128    30 190
18  62  43  53  -6  12   0 0.00  0.0    0  9.1 21 320   M    M   4 128    25 320
19  66  44  55  -4  10   0 0.00  0.0    0 13.1 23 320   M    M   1        30 320
20  66  46  56  -3   9   0 0.00  0.0    0 12.2 24 180   M    M   0 1      33 180
================================================================================
SM 1302  914       198  10  0.16     0.0 246.7          M       62
================================================================================
AV 65.1 45.7                              12.3 FASTST   M    M   3    MAX(MPH)
                                 MISC ---->  # 39 320               # 46  330
================================================================================
NOTES:
# LAST OF SEVERAL OCCURRENCES

COLUMN 17 PEAK WIND IN M.P.H.

PRELIMINARY LOCAL CLIMATOLOGICAL DATA (WS FORM: F-6) , PAGE 2

                                          STATION:  SANDBERG CA
                                          MONTH:    MAY
                                          YEAR:     2015
                                          LATITUDE:   34 45 N
                                          LONGITUDE: 118 44 W

[TEMPERATURE DATA]      [PRECIPITATION DATA]       SYMBOLS USED IN COLUMN 16

AVERAGE MONTHLY: 55.4   TOTAL FOR MONTH:   0.16    1 = FOG OR MIST
DPTR FM NORMAL:  -1.1   DPTR FM NORMAL:   -0.17    2 = FOG REDUCING VISIBILITY
HIGHEST:    80 ON 10    GRTST 24HR  0.13 ON  7- 8      TO 1/4 MILE OR LESS
LOWEST:     36 ON  8                               3 = THUNDER
                        SNOW, ICE PELLETS, HAIL    4 = ICE PELLETS
                        TOTAL MONTH:   0.0 INCH    5 = HAIL
                        GRTST 24HR     0.0         6 = FREEZING RAIN OR DRIZZLE
                        GRTST DEPTH:   0           7 = DUSTSTORM OR SANDSTORM:
                                                       VSBY 1/2 MILE OR LESS
                                                   8 = SMOKE OR HAZE
[NO. OF DAYS WITH]      [WEATHER - DAYS WITH]      9 = BLOWING SNOW
                                                   X = TORNADO
MAX 32 OR BELOW:   0    0.01 INCH OR MORE:   3
MAX 90 OR ABOVE:   0    0.10 INCH OR MORE:   1
MIN 32 OR BELOW:   0    0.50 INCH OR MORE:   0
MIN  0 OR BELOW:   0    1.00 INCH OR MORE:   0

[HDD (BASE 65) ]
TOTAL THIS MO.   198    CLEAR  (SCALE 0-3)  10
DPTR FM NORMAL    13    PTCLDY (SCALE 4-7)   7
TOTAL FM JUL 1  2335    CLOUDY (SCALE 8-10)  3
DPTR FM NORMAL -1625

[CDD (BASE 65) ]
TOTAL THIS MO.    10
DPTR FM NORMAL    -8    [PRESSURE DATA]
TOTAL FM JAN 1    68    HIGHEST SLP M ON M
DPTR FM NORMAL    42    LOWEST  SLP 29.75 ON M

[REMARKS]
