000
CXUS53 KLMK 310800
CF6SDF
PRELIMINARY LOCAL CLIMATOLOGICAL DATA (WS FORM: F-6)

                                          STATION:   LOUISVILLE KY
                                          MONTH:     MAY
                                          YEAR:      2016
                                          LATITUDE:   38 10 N
                                          LONGITUDE:  85 44 W

  TEMPERATURE IN F:       :PCPN:    SNOW:  WIND      :SUNSHINE: SKY     :PK WND
================================================================================
1   2   3   4   5  6A  6B    7    8   9   10  11  12  13   14  15   16   17  18
                                     12Z  AVG MX 2MIN
DY MAX MIN AVG DEP HDD CDD  WTR  SNW DPTH SPD SPD DIR MIN PSBL S-S WX    SPD DR
================================================================================

 1  83  64  74  11   0   9 0.33  0.0    0  5.5 26 290   M    M   7 138    31 290
 2  70  58  64   1   1   0    T  0.0    0  9.3 15 270   M    M   9 8      20 340
 3  68  54  61  -2   4   0 0.00  0.0    0  8.1 17 320   M    M   8        25 280
 4  62  49  56  -8   9   0 0.23  0.0    0  8.3 26 310   M    M   7 1      36 330
 5  61  45  53 -11  12   0 0.05  0.0    0 10.2 22 340   M    M   8        27 330
 6  73  49  61  -3   4   0 0.00  0.0    0  7.8 17 330   M    M   3        23 360
 7  85  59  72   8   0   7 0.28  0.0    0  9.5 33 270   M    M   7 138    43 320
 8  71  56  64  -1   1   0 0.01  0.0    0  5.5 15 350   M    M   8        18  10
 9  72  60  66   1   0   1    T  0.0    0  4.7 12 160   M    M  10        14 160
10  77  62  70   5   0   5 0.81  0.0    0  8.8 32 290   M    M   9 13     41 300
11  86  61  74   8   0   9 0.69  0.0    0  7.5 39 290   M    M   8 138    51 290
12  80  63  72   6   0   7 0.11  0.0    0  8.4 23 290   M    M   9 1      30 280
13  72  54  63  -3   2   0 0.00  0.0    0  9.0 18 270   M    M   2        23 280
14  64  47  56 -10   9   0 0.06  0.0    0 12.6 30 320   M    M   9        42 320
15  66  44  55 -12  10   0 0.00  0.0    0 11.5 23 280   M    M   3        29 280
16  61  44  53 -14  12   0 0.01  0.0    0  5.6 15 130   M    M   8        19 130
17  55  50  53 -14  12   0 0.61  0.0    0  8.1 14  60   M    M  10 1      18  60
18  68  51  60  -8   5   0 0.04  0.0    0  9.0 15  10   M    M   9 18     20  40
19  73  49  61  -7   4   0 0.00  0.0    0  6.6 14  40   M    M   5        20  20
20  63  57  60  -8   5   0 0.79  0.0    0  6.1 18 100   M    M  10 1      24 100
21  72  56  64  -4   1   0 0.06  0.0    0  6.0 16 360   M    M   8 1      19  10
22  82  50  66  -3   0   1 0.00  0.0    0  6.0 21 330   M    M   2 18     27 280
23  80  55  68  -1   0   3 0.00  0.0    0  3.9 13  90   M    M   0        16 100
24  84  56  70   1   0   5 0.00  0.0    0  5.4 13 220   M    M   4 8      22 100
25  84  68  76   6   0  11    T  0.0    0  8.9 21 210   M    M   9        26 200
26  82  67  75   5   0  10 0.48  0.0    0  8.8 35 300   M    M   9 13     42 290
27  87  64  76   6   0  11    T  0.0    0  9.5 20 170   M    M   7        24 190
28  85  69  77   7   0  12    T  0.0    0  8.1 17 160   M    M   9        23 190
29  89  66  78   7   0  13 0.00  0.0    0  5.8 15 240   M    M   5        19 240
30  88  68  78   7   0  13 0.00  0.0    0  3.9 15  10   M    M   6        17  20
================================================================================
SM 2243 1695        91 117  4.56     0.0 228.4          M      208
================================================================================
AV 74.8 56.5                               7.6 FASTST   M    M   7    MAX(MPH)
                                 MISC ---->  # 39 290               # 51  290
================================================================================
NOTES:
# LAST OF SEVERAL OCCURRENCES

COLUMN 17 PEAK WIND IN M.P.H.

PRELIMINARY LOCAL CLIMATOLOGICAL DATA (WS FORM: F-6) , PAGE 2

                                          STATION:  LOUISVILLE KY
                                          MONTH:    MAY
                                          YEAR:     2016
                                          LATITUDE:   38 10 N
                                          LONGITUDE:  85 44 W

[TEMPERATURE DATA]      [PRECIPITATION DATA]       SYMBOLS USED IN COLUMN 16

AVERAGE MONTHLY: 65.6   TOTAL FOR MONTH:   4.56    1 = FOG OR MIST
DPTR FM NORMAL:  -1.2   DPTR FM NORMAL:   -0.55    2 = FOG REDUCING VISIBILITY
HIGHEST:    89 ON 29    GRTST 24HR  0.98 ON 10-11      TO 1/4 MILE OR LESS
LOWEST:     44 ON 16,15                            3 = THUNDER
                        SNOW, ICE PELLETS, HAIL    4 = ICE PELLETS
                        TOTAL MONTH:   0.0 INCH    5 = HAIL
                        GRTST 24HR     0.0         6 = FREEZING RAIN OR DRIZZLE
                        GRTST DEPTH:   0           7 = DUSTSTORM OR SANDSTORM:
                                                       VSBY 1/2 MILE OR LESS
                                                   8 = SMOKE OR HAZE
[NO. OF DAYS WITH]      [WEATHER - DAYS WITH]      9 = BLOWING SNOW
                                                   X = TORNADO
MAX 32 OR BELOW:   0    0.01 INCH OR MORE:  15
MAX 90 OR ABOVE:   0    0.10 INCH OR MORE:   9
MIN 32 OR BELOW:   0    0.50 INCH OR MORE:   4
MIN  0 OR BELOW:   0    1.00 INCH OR MORE:   0

[HDD (BASE 65) ]
TOTAL THIS MO.    91    CLEAR  (SCALE 0-3)   4
DPTR FM NORMAL    24    PTCLDY (SCALE 4-7)  12
TOTAL FM JUL 1  3252    CLOUDY (SCALE 8-10) 14
DPTR FM NORMAL  -840

[CDD (BASE 65) ]
TOTAL THIS MO.   117
DPTR FM NORMAL    -6    [PRESSURE DATA]
TOTAL FM JAN 1   180    HIGHEST SLP M ON M
DPTR FM NORMAL    14    LOWEST  SLP 29.66 ON  4

[REMARKS]
