000
CXUS53 KLMK 290800
CF6SDF
PRELIMINARY LOCAL CLIMATOLOGICAL DATA (WS FORM: F-6)

                                          STATION:   LOUISVILLE KY
                                          MONTH:     JULY
                                          YEAR:      2016
                                          LATITUDE:   38 10 N
                                          LONGITUDE:  85 44 W

  TEMPERATURE IN F:       :PCPN:    SNOW:  WIND      :SUNSHINE: SKY     :PK WND
================================================================================
1   2   3   4   5  6A  6B    7    8   9   10  11  12  13   14  15   16   17  18
                                     12Z  AVG MX 2MIN
DY MAX MIN AVG DEP HDD CDD  WTR  SNW DPTH SPD SPD DIR MIN PSBL S-S WX    SPD DR
================================================================================

 1  87  70  79   0   0  14    T  0.0    0  6.6 16  20   M    M   6        25 300
 2  81  61  71  -8   0   6    T  0.0    0  6.3 13  10   M    M   6        18 360
 3  80  67  74  -5   0   9 0.61  0.0    0  6.2 15  30   M    M  10 13     21 110
 4  78  71  75  -4   0  10 0.61  0.0    0  6.6 17 240   M    M  10 13     24 230
 5  89  75  82   3   0  17    T  0.0    0  6.5 14 260   M    M   7 18     19 260
 6  89  74  82   3   0  17 0.25  0.0    0  8.2 25 290   M    M   7 138    31 290
 7  86  71  79   0   0  14 0.04  0.0    0  7.3 22 140   M    M   9 8      25 140
 8  89  73  81   2   0  16 0.25  0.0    0  8.5 33 250   M    M   8 3      45 250
 9  85  70  78  -1   0  13 0.00  0.0    0  8.0 16 330   M    M   9        29 290
10  88  68  78  -1   0  13 0.00  0.0    0  4.0 12 160   M    M   6        16 240
11  90  70  80   1   0  15 0.00  0.0    0  4.6 13 170   M    M   4        24 260
12  83  74  79   0   0  14 0.60  0.0    0  7.4 16 200   M    M   7 18     21 210
13  93  75  84   4   0  19 0.02  0.0    0  9.9 29 280   M    M   6 3      36 280
14  89  73  81   1   0  16 0.20  0.0    0  7.5 20 320   M    M   7 13     26 320
15  92  71  82   2   0  17    T  0.0    0  5.9 26 290   M    M   5 3      34 290
16  89  71  80   0   0  15 0.00  0.0    0  4.6 12  40   M    M   4        15 330
17  91  71  81   2   0  16 0.00  0.0    0  5.2 14 180   M    M   4        19 190
18  87  72  80   1   0  15    T  0.0    0  5.8 38  10   M    M   6        46  20
19  94  75  85   6   0  20 0.00  0.0    0  3.7 13  10   M    M   5        15  40
20  92  78  85   6   0  20 0.54  0.0    0  4.6 16 360   M    M   8        19  90
21  93  75  84   5   0  19 0.00  0.0    0  3.8 13 270   M    M   4        16 270
22  91  77  84   5   0  19    T  0.0    0  5.0 17 190   M    M   9 18     21 190
23  95  74  85   6   0  20 0.00  0.0    0  3.2 10 290   M    M   5        14 280
24  95  78  87   8   0  22 0.00  0.0    0  5.1 14 210   M    M   8 18     18 200
25  93  77  85   6   0  20 0.12  0.0    0  5.3 20 280   M    M   8 38     24 310
26  94  75  85   6   0  20 0.00  0.0    0  4.8 18 320   M    M   7 8      22 330
27  92  76  84   5   0  19 0.10  0.0    0  3.6 20  50   M    M   8 138    31  50
28  88  75  82   3   0  17 0.47  0.0    0  6.1 15 360   M    M   8 138    18 360
================================================================================
SM 2493 2037         0 452  3.81     0.0 164.3          M      191
================================================================================
AV 89.0 72.8                               5.9 FASTST   M    M   7    MAX(MPH)
                                 MISC ---->  # 38  10               # 46   20
================================================================================
NOTES:
# LAST OF SEVERAL OCCURRENCES

COLUMN 17 PEAK WIND IN M.P.H.

PRELIMINARY LOCAL CLIMATOLOGICAL DATA (WS FORM: F-6) , PAGE 2

                                          STATION:  LOUISVILLE KY
                                          MONTH:    JULY
                                          YEAR:     2016
                                          LATITUDE:   38 10 N
                                          LONGITUDE:  85 44 W

[TEMPERATURE DATA]      [PRECIPITATION DATA]       SYMBOLS USED IN COLUMN 16

AVERAGE MONTHLY: 80.9   TOTAL FOR MONTH:   3.81    1 = FOG OR MIST
DPTR FM NORMAL:   1.7   DPTR FM NORMAL:   -0.01    2 = FOG REDUCING VISIBILITY
HIGHEST:    95 ON 24,23 GRTST 24HR  1.14 ON  3- 4      TO 1/4 MILE OR LESS
LOWEST:     61 ON  2                               3 = THUNDER
                        SNOW, ICE PELLETS, HAIL    4 = ICE PELLETS
                        TOTAL MONTH:   0.0 INCH    5 = HAIL
                        GRTST 24HR     0.0         6 = FREEZING RAIN OR DRIZZLE
                        GRTST DEPTH:   0           7 = DUSTSTORM OR SANDSTORM:
                                                       VSBY 1/2 MILE OR LESS
                                                   8 = SMOKE OR HAZE
[NO. OF DAYS WITH]      [WEATHER - DAYS WITH]      9 = BLOWING SNOW
                                                   X = TORNADO
MAX 32 OR BELOW:   0    0.01 INCH OR MORE:  12
MAX 90 OR ABOVE:  13    0.10 INCH OR MORE:  10
MIN 32 OR BELOW:   0    0.50 INCH OR MORE:   4
MIN  0 OR BELOW:   0    1.00 INCH OR MORE:   0

[HDD (BASE 65) ]
TOTAL THIS MO.     0    CLEAR  (SCALE 0-3)   0
DPTR FM NORMAL     0    PTCLDY (SCALE 4-7)  21
TOTAL FM JUL 1     0    CLOUDY (SCALE 8-10)  7
DPTR FM NORMAL     0

[CDD (BASE 65) ]
TOTAL THIS MO.   452
DPTR FM NORMAL    60    [PRESSURE DATA]
TOTAL FM JAN 1  1050    HIGHEST SLP M ON M
DPTR FM NORMAL   160    LOWEST  SLP 29.80 ON  7

[REMARKS]
