000
CXUS55 KSEW 260930
CF6SEA
PRELIMINARY LOCAL CLIMATOLOGICAL DATA (WS FORM: F-6)

                                          STATION:   SEATTLE-TACOMA WA AIRPORT
                                          MONTH:     AUGUST
                                          YEAR:      2016
                                          LATITUDE:   47 27 N
                                          LONGITUDE: 122 18 W

  TEMPERATURE IN F:       :PCPN:    SNOW:  WIND      :SUNSHINE: SKY     :PK WND
================================================================================
1   2   3   4   5  6A  6B    7    8   9   10  11  12  13   14  15   16   17  18
                                     12Z  AVG MX 2MIN
DY MAX MIN AVG DEP HDD CDD  WTR  SNW DPTH SPD SPD DIR MIN PSBL S-S WX    SPD DR
================================================================================

 1  77  53  65  -2   0   0 0.00  0.0    0  5.8 10 220   M    M   4 12     13 190
 2  71  57  64  -3   1   0 0.13  0.0    0  8.1 17 200   M    M   8 1      21 200
 3  76  58  67   0   0   2 0.00  0.0    0  7.0 13 350   M    M   5 8      17 330
 4  82  56  69   2   0   4 0.00  0.0    0 10.0 17 340   M    M   1        21 350
 5  79  57  68   1   0   3 0.00  0.0    0  6.5 15 260   M    M   1        19 260
 6  71  54  63  -4   2   0 0.00  0.0    0  5.8 13 170   M    M   6        17 200
 7  69  57  63  -4   2   0 0.03  0.0    0  7.2 14 240   M    M   9 1      23 320
 8  73  56  65  -2   0   0    T  0.0    0  6.5 17 260   M    M   8        23 320
 9  71  58  65  -2   0   0 0.00  0.0    0  6.3 12 190   M    M   9        28 290
10  76  58  67   0   0   2 0.00  0.0    0  6.1 15 360   M    M   6        19 340
11  81  58  70   3   0   5 0.00  0.0    0  8.4 17 340   M    M   2        22  10
12  90  63  77  10   0  12 0.00  0.0    0  7.3 12 350   M    M   2        15 340
13  91  64  78  12   0  13 0.00  0.0    0  5.8 13 340   M    M   6        25 330
14  85  57  71   5   0   6 0.00  0.0    0  6.7 14  20   M    M   1        19 320
15  83  57  70   4   0   5 0.00  0.0    0  5.4 13 260   M    M   1        17 270
16  83  56  70   4   0   5 0.00  0.0    0  6.1 17  40   M    M   3 12     22  40
17  80  56  68   2   0   3 0.00  0.0    0  7.4 14 340   M    M   2 1      20 320
18  87  60  74   8   0   9 0.00  0.0    0  9.5 18  30   M    M   1        25  10
19  95  69  82  16   0  17 0.00  0.0    0 11.6 20 350   M    M   1        25  20
20  91  62  77  11   0  12 0.00  0.0    0  4.2  9 280   M    M   4        13 270
21  73  57  65  -1   0   0 0.00  0.0    0 10.8 17 240   M    M   7        22 220
22  72  55  64  -2   1   0 0.00  0.0    0  6.2 13 240   M    M   6        19 250
23  80  54  67   1   0   2 0.00  0.0    0  7.1 18 350   M    M   1        23 350
24  85  58  72   6   0   7 0.00  0.0    0  7.5 16  40   M    M   2        19  50
25  91  61  76  11   0  11 0.00  0.0    0  7.1 18 350   M    M   2        22 350
================================================================================
SM 2012 1451         6 118  0.16     0.0 180.4          M       98
================================================================================
AV 80.5 58.0                               7.2 FASTST   M    M   4    MAX(MPH)
                                 MISC ---->  # 20 350               # 28  290
================================================================================
NOTES:
# LAST OF SEVERAL OCCURRENCES

COLUMN 17 PEAK WIND IN M.P.H.

PRELIMINARY LOCAL CLIMATOLOGICAL DATA (WS FORM: F-6) , PAGE 2

                                          STATION:  SEATTLE-TACOMA WA AIRPORT
                                          MONTH:    AUGUST
                                          YEAR:     2016
                                          LATITUDE:   47 27 N
                                          LONGITUDE: 122 18 W

[TEMPERATURE DATA]      [PRECIPITATION DATA]       SYMBOLS USED IN COLUMN 16

AVERAGE MONTHLY: 69.3   TOTAL FOR MONTH:   0.16    1 = FOG OR MIST
DPTR FM NORMAL:   2.8   DPTR FM NORMAL:   -0.49    2 = FOG REDUCING VISIBILITY
HIGHEST:    95 ON 19    GRTST 24HR  0.13 ON  2- 2      TO 1/4 MILE OR LESS
LOWEST:     53 ON  1                               3 = THUNDER
                        SNOW, ICE PELLETS, HAIL    4 = ICE PELLETS
                        TOTAL MONTH:   0.0 INCH    5 = HAIL
                        GRTST 24HR     0.0         6 = FREEZING RAIN OR DRIZZLE
                        GRTST DEPTH:   0           7 = DUSTSTORM OR SANDSTORM:
                                                       VSBY 1/2 MILE OR LESS
                                                   8 = SMOKE OR HAZE
[NO. OF DAYS WITH]      [WEATHER - DAYS WITH]      9 = BLOWING SNOW
                                                   X = TORNADO
MAX 32 OR BELOW:   0    0.01 INCH OR MORE:   2
MAX 90 OR ABOVE:   5    0.10 INCH OR MORE:   1
MIN 32 OR BELOW:   0    0.50 INCH OR MORE:   0
MIN  0 OR BELOW:   0    1.00 INCH OR MORE:   0

[HDD (BASE 65) ]
TOTAL THIS MO.     6    CLEAR  (SCALE 0-3)  12
DPTR FM NORMAL   -19    PTCLDY (SCALE 4-7)   9
TOTAL FM JUL 1    17    CLOUDY (SCALE 8-10)  4
DPTR FM NORMAL   -57

[CDD (BASE 65) ]
TOTAL THIS MO.   118
DPTR FM NORMAL    54    [PRESSURE DATA]
TOTAL FM JAN 1   273    HIGHEST SLP M ON M
DPTR FM NORMAL   111    LOWEST  SLP 29.78 ON 20

[REMARKS]
