000
CXUS53 KLSX 301600
CF6SET
PRELIMINARY LOCAL CLIMATOLOGICAL DATA (WS FORM: F-6)

                                          STATION:   ST_CHARLES MO
                                          MONTH:     JANUARY
                                          YEAR:      2015
                                          LATITUDE:   38 55 N
                                          LONGITUDE:  90 26 W

  TEMPERATURE IN F:       :PCPN:    SNOW:  WIND      :SUNSHINE: SKY     :PK WND
================================================================================
1   2   3   4   5  6A  6B    7    8   9   10  11  12  13   14  15   16   17  18
                                     12Z  AVG MX 2MIN
DY MAX MIN AVG DEP HDD CDD  WTR  SNW DPTH SPD SPD DIR MIN PSBL S-S WX    SPD DR
================================================================================

 1  38  21  30   0  35   0    T  0.0    0  9.6 22 260   M    M   1        25 260
 2  40  33  37   7  28   0 0.03  0.0    0  3.9 12 100   M    M  10 18     13 100
 3  40  35  38   8  27   0 0.62  0.0    0  3.9 18 120   M    M  10 1      22 110
 4  37  15  26  -4  39   0    T    M    0 16.0 29 290   M    M   8 18     35 290
 5  25  11  18 -12  47   0 0.00  0.0    0  8.5 16 170   M    M   2        19 140
 6  28  21  25  -5  40   0    T    M    0  9.6 23 340   M    M   6        29 330
 7  21   3  12 -18  53   0    T    M    M 14.7 26 340   M    M   3 8      34 320
 8  31   2  17 -13  48   0 0.00  0.0    M 13.3 28 300   M    M   4        34 300
 9  29   6  18 -12  47   0 0.00  0.0    M 13.7 29 310   M    M   1        38 310
10  33   5  19 -11  46   0 0.00  0.0    0  7.1 17 190   M    M   1        22 190
11  37  29  33   3  32   0 0.24  0.0    0  4.5 10 160   M    M  10 1      12 180
12  34  14  24  -6  41   0 0.04  0.0    0 13.1 21  20   M    M   5 18     27  40
13  28  11  20 -10  45   0 0.00  0.0    0  9.9 18  30   M    M   1        22  30
14  29  11  20 -10  45   0 0.00  0.0    0  2.5  8 170   M    M   6        10 200
15  45  15  30   0  35   0 0.00  0.0    0  3.7 15 270   M    M   0 1      18 260
16  50  20  35   5  30   0 0.00  0.0    0  3.5 12 130   M    M   0 1      12 130
17  59  27  43  13  22   0 0.00  0.0    0  9.8 24 280   M    M   1        29 250
18  55  28  42  12  23   0 0.00  0.0    0  5.9 17 300   M    M   0        22 300
19  53  25  39   9  26   0 0.00  0.0    0  4.7 10 110   M    M   0        11  90
20  49  26  38   8  27   0 0.00  0.0    0  4.1 14 290   M    M   0 1      17 290
21  45  25  35   5  30   0 0.00  0.0    0  6.6 21 290   M    M   2        25 280
22  37  24  31   1  34   0 0.00  0.0    0  2.9 10 350   M    M   7 1      14 350
23  39  26  33   3  32   0 0.00  0.0    0  2.3 10 280   M    M   6        13 270
24  53  22  38   7  27   0 0.00  0.0    0  5.4 17 260   M    M   0 1      22 260
25  48  28  38   7  27   0 0.13    M    0 10.6 26 360   M    M  10 1      34 360
26  38  25  32   1  33   0    T    T    0  6.4 16 340   M    M   6        19 340
27  44  27  36   5  29   0 0.00  0.0    0  7.2 14  40   M    M   4 18     16  20
28  48  27  38   7  27   0 0.00  0.0    0 12.5 24 170   M    M   0 1      29 150
29  49  35  42  11  23   0 0.00  0.0    0 15.2 30 310   M    M   8        37 310
================================================================================
SM 1162  597       998   0  1.06    T    231.1          M      112
================================================================================
AV 40.1 20.6                               8.0 FASTST   M    M   4    MAX(MPH)
                                 MISC ---->  # 30 310               # 38  310
================================================================================
NOTES:
# LAST OF SEVERAL OCCURRENCES

COLUMN 17 PEAK WIND IN M.P.H.

PRELIMINARY LOCAL CLIMATOLOGICAL DATA (WS FORM: F-6) , PAGE 2

                                          STATION:  ST_CHARLES MO
                                          MONTH:    JANUARY
                                          YEAR:     2015
                                          LATITUDE:   38 55 N
                                          LONGITUDE:  90 26 W

[TEMPERATURE DATA]      [PRECIPITATION DATA]       SYMBOLS USED IN COLUMN 16

AVERAGE MONTHLY: 30.3   TOTAL FOR MONTH:   1.06    1 = FOG OR MIST
DPTR FM NORMAL:   0.1   DPTR FM NORMAL:   -1.06    2 = FOG REDUCING VISIBILITY
HIGHEST:    59 ON 17    GRTST 24HR  0.65 ON  2- 3      TO 1/4 MILE OR LESS
LOWEST:      2 ON  8                               3 = THUNDER
                        SNOW, ICE PELLETS, HAIL    4 = ICE PELLETS
                        TOTAL MONTH:    T          5 = HAIL
                        GRTST 24HR    T  ON 26-26  6 = FREEZING RAIN OR DRIZZLE
                        GRTST DEPTH:   0           7 = DUSTSTORM OR SANDSTORM:
                                                       VSBY 1/2 MILE OR LESS
                                                   8 = SMOKE OR HAZE
[NO. OF DAYS WITH]      [WEATHER - DAYS WITH]      9 = BLOWING SNOW
                                                   X = TORNADO
MAX 32 OR BELOW:   7    0.01 INCH OR MORE:   5
MAX 90 OR ABOVE:   0    0.10 INCH OR MORE:   3
MIN 32 OR BELOW:  26    0.50 INCH OR MORE:   1
MIN  0 OR BELOW:   0    1.00 INCH OR MORE:   0

[HDD (BASE 65) ]
TOTAL THIS MO.   998    CLEAR  (SCALE 0-3)  14
DPTR FM NORMAL   -10    PTCLDY (SCALE 4-7)  11
TOTAL FM JUL 1  3003    CLOUDY (SCALE 8-10)  4
DPTR FM NORMAL    69

[CDD (BASE 65) ]
TOTAL THIS MO.     0
DPTR FM NORMAL     0    [PRESSURE DATA]
TOTAL FM JAN 1     0    HIGHEST SLP M ON M
DPTR FM NORMAL     0    LOWEST  SLP 29.58 ON 25

[REMARKS]
