000
CXUS52 KMLB 260724
CF6SFB
PRELIMINARY LOCAL CLIMATOLOGICAL DATA (WS FORM: F-6)

                                          STATION:   SANFORD
                                          MONTH:     APRIL
                                          YEAR:      2017
                                          LATITUDE:   28 46 N
                                          LONGITUDE:  81 15 W

  TEMPERATURE IN F:       :PCPN:    SNOW:  WIND      :SUNSHINE: SKY     :PK WND
================================================================================
1   2   3   4   5  6A  6B    7    8   9   10  11  12  13   14  15   16   17  18
                                     12Z  AVG MX 2MIN
DY MAX MIN AVG DEP HDD CDD  WTR  SNW DPTH SPD SPD DIR MIN PSBL S-S WX    SPD DR
================================================================================

 1  91  61  76   7   0  11 0.00  0.0    0  6.7 15 110   M    M   1 12     17  90
 2  91  61  76   7   0  11    T  0.0    0  8.4 21 110   M    M   2 12     25 110
 3  93  68  81  12   0  16 0.00  0.0    0 10.2 21 170   M    M   5        29 210
 4  80  67  74   4   0   9 0.92  0.0    0  8.7 23 130   M    M   5 13     29 130
 5  94  67  81  11   0  16 0.00  0.0    0  9.8 20 260   M    M   0 1      25 250
 6  83  62  73   3   0   8 0.05  0.0    0 13.1 25 270   M    M   1 1      33 270
 7  74  51  63  -7   2   0 0.00  0.0    0 12.3 24 310   M    M   0        29 300
 8  76  47  62  -8   3   0 0.00  0.0    0  5.2 15  60   M    M   0        18  60
 9  81  49  65  -5   0   0 0.00  0.0    0  6.2 16  50   M    M   0        24 140
10  81  59  70   0   0   5 0.00  0.0    0  8.0 18  80   M    M   3        22  70
11  84  58  71   0   0   6 0.01  0.0    0  7.2 18  80   M    M   3        23  80
12  84  64  74   3   0   9 0.01  0.0    0  7.1 18  70   M    M   6        23  80
13  82  61  72   1   0   7 0.00  0.0    0  8.7 20  60   M    M   3        27  90
14  84  61  73   2   0   8 0.00  0.0    0  9.4 24  90   M    M   2        29  80
15  84  63  74   3   0   9 0.00  0.0    0 10.8 24  90   M    M   1        31  80
16  85  60  73   1   0   8 0.00  0.0    0  7.0 18  90   M    M   1        28 110
17  85  60  73   1   0   8 0.00  0.0    0  4.2 17 110   M    M   3        21  80
18  86  61  74   2   0   9 0.00  0.0    0  6.3 20 100   M    M   2        23  80
19  86  62  74   2   0   9 0.00  0.0    0  7.6 21 130   M    M   2        28 100
20  85  60  73   1   0   8 0.00  0.0    0  7.4 15  90   M    M   0        19 140
21  88  60  74   2   0   9 0.00  0.0    0  7.7 21 130   M    M   1        25 120
22  90  64  77   5   0  12 0.00  0.0    0  7.0 22 130   M    M   3        26 130
23  86  69  78   5   0  13    T  0.0    0  7.4 20 140   M    M   4        24 100
24  86  64  75   2   0  10    T  0.0    0 11.9 29 260   M    M   5        37 260
25  83  57  70  -3   0   5 0.00  0.0    0  9.6 18 260   M    M   2        31 280
================================================================================
SM 2122 1516         5 206  0.99     0.0 207.9          M       55
================================================================================
AV 84.9 60.6                               8.3 FASTST   M    M   2    MAX(MPH)
                                 MISC ---->  # 29 260               # 37  260
================================================================================
NOTES:
# LAST OF SEVERAL OCCURRENCES

COLUMN 17 PEAK WIND IN M.P.H.

PRELIMINARY LOCAL CLIMATOLOGICAL DATA (WS FORM: F-6) , PAGE 2

                                          STATION:  SANFORD
                                          MONTH:    APRIL
                                          YEAR:     2017
                                          LATITUDE:   28 46 N
                                          LONGITUDE:  81 15 W

[TEMPERATURE DATA]      [PRECIPITATION DATA]       SYMBOLS USED IN COLUMN 16

AVERAGE MONTHLY: 72.8   TOTAL FOR MONTH:   0.99    1 = FOG OR MIST
DPTR FM NORMAL:   1.8   DPTR FM NORMAL:   -1.17    2 = FOG REDUCING VISIBILITY
HIGHEST:    94 ON  5    GRTST 24HR  0.92 ON  4- 4      TO 1/4 MILE OR LESS
LOWEST:     47 ON  8                               3 = THUNDER
                        SNOW, ICE PELLETS, HAIL    4 = ICE PELLETS
                        TOTAL MONTH:   0.0 INCH    5 = HAIL
                        GRTST 24HR     0.0         6 = FREEZING RAIN OR DRIZZLE
                        GRTST DEPTH:   0           7 = DUSTSTORM OR SANDSTORM:
                                                       VSBY 1/2 MILE OR LESS
                                                   8 = SMOKE OR HAZE
[NO. OF DAYS WITH]      [WEATHER - DAYS WITH]      9 = BLOWING SNOW
                                                   X = TORNADO
MAX 32 OR BELOW:   0    0.01 INCH OR MORE:   4
MAX 90 OR ABOVE:   5    0.10 INCH OR MORE:   1
MIN 32 OR BELOW:   0    0.50 INCH OR MORE:   1
MIN  0 OR BELOW:   0    1.00 INCH OR MORE:   0

[HDD (BASE 65) ]
TOTAL THIS MO.     5    CLEAR  (SCALE 0-3)  20
DPTR FM NORMAL   -10    PTCLDY (SCALE 4-7)   5
TOTAL FM JUL 1   243    CLOUDY (SCALE 8-10)  0
DPTR FM NORMAL  -355

[CDD (BASE 65) ]
TOTAL THIS MO.   206
DPTR FM NORMAL    42    [PRESSURE DATA]
TOTAL FM JAN 1   536    HIGHEST SLP M ON M
DPTR FM NORMAL   168    LOWEST  SLP 29.64 ON 24

[REMARKS]
