000
CXUS52 KMLB 301115
CF6SFB
PRELIMINARY LOCAL CLIMATOLOGICAL DATA (WS FORM: F-6)

                                          STATION:   SANFORD
                                          MONTH:     AUGUST
                                          YEAR:      2014
                                          LATITUDE:   28 46 N
                                          LONGITUDE:  81 15 W

  TEMPERATURE IN F:       :PCPN:    SNOW:  WIND      :SUNSHINE: SKY     :PK WND
================================================================================
1   2   3   4   5  6A  6B    7    8   9   10  11  12  13   14  15   16   17  18
                                     12Z  AVG MX 2MIN
DY MAX MIN AVG DEP HDD CDD  WTR  SNW DPTH SPD SPD DIR MIN PSBL S-S WX    SPD DR
================================================================================

 1  93  78  86   2   0  21 0.00  0.0    0  6.8 15 130   M    M   3        19 130
 2  92  77  85   1   0  20 0.00  0.0    0  5.7 18  70   M    M   1        23  70
 3  91  77  84   0   0  19 0.26  0.0    0  3.7 23 360   M    M   1 13     27 350
 4  90  75  83  -1   0  18 0.18  0.0    0  4.6 21  40   M    M   4 13     26  50
 5  91  75  83  -1   0  18 0.15  0.0    0  6.9 21  80   M    M   3 13     24  80
 6  94  76  85   1   0  20 0.49  0.0    0  4.2 26  40   M    M   2 138    31  40
 7  92  76  84   0   0  19 0.04  0.0    0  3.7 21 120   M    M   2 3      25 120
 8  94  76  85   1   0  20 0.00  0.0    0  4.5 18 330   M    M   2 3      24 150
 9  94  75  85   1   0  20 0.96  0.0    0  5.5 25 270   M    M   2 138    33  20
10  92  78  85   2   0  20 0.01  0.0    0  7.9 31 270   M    M   0 3      38 270
11  91  76  84   1   0  19 0.53  0.0    0  8.6 26 280   M    M   1 138    32 270
12  92  75  84   1   0  19 0.00  0.0    0  9.3 20 280   M    M   1 3      27 280
13  95  77  86   3   0  21 0.00  0.0    0  7.7 16 250   M    M   1 3      22 260
14  91  74  83   0   0  18 0.01  0.0    0  6.7 20 280   M    M   2 38     25 280
15  86  75  81  -2   0  16 0.09  0.0    0  6.8 16 290   M    M   2 1      22 270
16  91  74  83   0   0  18 0.11  0.0    0  5.8 28 300   M    M   2 13     37 290
17  94  76  85   2   0  20 0.00  0.0    0  4.9 13 210   M    M   2        17 210
18  95  76  86   3   0  21 0.00  0.0    0  4.2 17 290   M    M   2 3      19 290
19  95  77  86   3   0  21 0.00  0.0    0  7.1 15 260   M    M   1        20 290
20  96  76  86   3   0  21 0.00  0.0    0  5.2 12 310   M    M   2        15 300
21  97  74  86   3   0  21 0.18  0.0    0  5.1 22 320   M    M   2 138    30 230
22  97  75  86   3   0  21 0.07  0.0    0  1.3 26  10   M    M   1 3      35  10
23  98  75  87   4   0  22 0.58  0.0    0  4.2 39  50   M    M   1 3      52  60
24  95  77  86   3   0  21 0.35  0.0    0  6.9 41  60   M    M   2 38     51  60
25  90  77  84   2   0  19 0.02  0.0    0 12.9 24  70   M    M   4 1      30  70
26  90  76  83   1   0  18 0.09  0.0    0  9.7 25  70   M    M   3 1      32  70
27  91  74  83   1   0  18 0.04  0.0    0  7.5 18  50   M    M   4 1      22  50
28  94  72  83   1   0  18 0.00  0.0    0  5.0 17  90   M    M   1 8      21  90
29  93  75  84   2   0  19 0.16  0.0    0  5.5 23 180   M    M   3 13     29 180
================================================================================
SM 2694 2194         0 566  4.32     0.0 177.9          M       57
================================================================================
AV 92.9 75.7                               6.1 FASTST   M    M   2    MAX(MPH)
                                 MISC ---->  # 41  60               # 52   60
================================================================================
NOTES:
# LAST OF SEVERAL OCCURRENCES

COLUMN 17 PEAK WIND IN M.P.H.

PRELIMINARY LOCAL CLIMATOLOGICAL DATA (WS FORM: F-6) , PAGE 2

                                          STATION:  SANFORD
                                          MONTH:    AUGUST
                                          YEAR:     2014
                                          LATITUDE:   28 46 N
                                          LONGITUDE:  81 15 W

[TEMPERATURE DATA]      [PRECIPITATION DATA]       SYMBOLS USED IN COLUMN 16

AVERAGE MONTHLY: 84.3   TOTAL FOR MONTH:   4.32    1 = FOG OR MIST
DPTR FM NORMAL:   1.1   DPTR FM NORMAL:   -2.39    2 = FOG REDUCING VISIBILITY
HIGHEST:    98 ON 23    GRTST 24HR  0.97 ON  9-10      TO 1/4 MILE OR LESS
LOWEST:     72 ON 28                               3 = THUNDER
                        SNOW, ICE PELLETS, HAIL    4 = ICE PELLETS
                        TOTAL MONTH:   0.0 INCH    5 = HAIL
                        GRTST 24HR     0.0         6 = FREEZING RAIN OR DRIZZLE
                        GRTST DEPTH:   0           7 = DUSTSTORM OR SANDSTORM:
                                                       VSBY 1/2 MILE OR LESS
                                                   8 = SMOKE OR HAZE
[NO. OF DAYS WITH]      [WEATHER - DAYS WITH]      9 = BLOWING SNOW
                                                   X = TORNADO
MAX 32 OR BELOW:   0    0.01 INCH OR MORE:  19
MAX 90 OR ABOVE:  28    0.10 INCH OR MORE:  11
MIN 32 OR BELOW:   0    0.50 INCH OR MORE:   3
MIN  0 OR BELOW:   0    1.00 INCH OR MORE:   0

[HDD (BASE 65) ]
TOTAL THIS MO.     0    CLEAR  (SCALE 0-3)  25
DPTR FM NORMAL     0    PTCLDY (SCALE 4-7)   4
TOTAL FM JUL 1     0    CLOUDY (SCALE 8-10)  0
DPTR FM NORMAL     0

[CDD (BASE 65) ]
TOTAL THIS MO.   566
DPTR FM NORMAL    40    [PRESSURE DATA]
TOTAL FM JAN 1  2478    HIGHEST SLP M ON M
DPTR FM NORMAL    95    LOWEST  SLP 29.80 ON 24

[REMARKS]
