000
CXUS54 KHGX 231415
CF6SGR
PRELIMINARY LOCAL CLIMATOLOGICAL DATA (WS FORM: F-6)

                                          STATION:   SUGAR LAND/HULL FLD
                                          MONTH:     NOVEMBER
                                          YEAR:      2017
                                          LATITUDE:   29 37 N
                                          LONGITUDE:  95 39 W

  TEMPERATURE IN F:       :PCPN:    SNOW:  WIND      :SUNSHINE: SKY     :PK WND
================================================================================
1   2   3   4   5  6A  6B    7    8   9   10  11  12  13   14  15   16   17  18
                                     12Z  AVG MX 2MIN
DY MAX MIN AVG DEP HDD CDD  WTR  SNW DPTH SPD SPD DIR MIN PSBL S-S WX    SPD DR
================================================================================

 1  82  68  75   9   0  10 0.28  0.0    0  6.9 16 210   M    M   7 1      21 200
 2  90  72  81  15   0  16 0.00  0.0    0  9.4 20 220   M    M   5 1      28 230
 3  88  73  81  15   0  16 0.00  0.0    0  8.1 15 180   M    M   8        20 170
 4  89  70  80  15   0  15 0.00  0.0    0  7.8 15 170   M    M   4 12     19 180
 5  90  74  82  17   0  17 0.00  0.0    0 11.2 21 200   M    M   3        28 230
 6  90  72  81  16   0  16 0.00  0.0    0  9.2 17 210   M    M   4        23 200
 7  89  67  78  14   0  13 0.00  0.0    0  6.3 15  10   M    M   4 1      20 350
 8  67  54  61  -3   4   0 0.07  0.0    0 11.1 18 360   M    M  10 1      21 350
 9  67  51  59  -5   6   0 0.09  0.0    0 10.5 17  20   M    M   4 1      20  10
10  70  48  59  -4   6   0 0.00  0.0    0  6.8 14  70   M    M   6 1      16  70
11  78  61  70   7   0   5 0.00  0.0    0  8.6 15 150   M    M   7        18 120
12  83  62  73  10   0   8 0.00  0.0    0  5.5 10 120   M    M   6        14 120
13  80  59  70   8   0   5 0.00  0.0    0  4.6 13  70   M    M   1        15  70
14  81  59  70   8   0   5 0.00  0.0    0  6.2 14 150   M    M   2        16 140
15  83  70  77  15   0  12 0.00  0.0    M   M   M   M   M    M   M         M  M
16  83  70  77  16   0  12 0.00  0.0    0 10.2 14 140   M    M   5        18 140
17  87  68  78  17   0  13 0.00  0.0    0 10.1 16 200   M    M   2        24 190
18  86  59  73  12   0   8 0.00  0.0    0 14.2 23 350   M    M   2        36 330
19  67  45  56  -4   9   0 0.00  0.0    0  9.2 24 360   M    M   0        31 350
20  70  43  57  -3   8   0 0.00  0.0    0  6.0 14 160   M    M   1         M  M
21  79  59  69   9   0   4    T  0.0    0  6.1 18  40   M    M   7        22  40
22  71  48  60   0   5   0 0.00  0.0    0 11.6 21  10   M    M   4 8      24  20
================================================================================
SM 1770 1352        38 175  0.44     0.0 179.6          M       92
================================================================================
AV 80.5 61.5                               8.6 FASTST   M    M   4    MAX(MPH)
                                 MISC ---->  # 24 360               # 36  330
================================================================================
NOTES:
# LAST OF SEVERAL OCCURRENCES

COLUMN 17 PEAK WIND IN M.P.H.

PRELIMINARY LOCAL CLIMATOLOGICAL DATA (WS FORM: F-6) , PAGE 2

                                          STATION:  SUGAR LAND/HULL FLD
                                          MONTH:    NOVEMBER
                                          YEAR:     2017
                                          LATITUDE:   29 37 N
                                          LONGITUDE:  95 39 W

[TEMPERATURE DATA]      [PRECIPITATION DATA]       SYMBOLS USED IN COLUMN 16

AVERAGE MONTHLY: 71.0   TOTAL FOR MONTH:   0.44    1 = FOG OR MIST
DPTR FM NORMAL:   8.1   DPTR FM NORMAL:   -2.84    2 = FOG REDUCING VISIBILITY
HIGHEST:    90 ON  6, 5 GRTST 24HR  0.56 ON 31- 1      TO 1/4 MILE OR LESS
LOWEST:     43 ON 20                               3 = THUNDER
                        SNOW, ICE PELLETS, HAIL    4 = ICE PELLETS
                        TOTAL MONTH:   0.0 INCH    5 = HAIL
                        GRTST 24HR     0.0         6 = FREEZING RAIN OR DRIZZLE
                        GRTST DEPTH:   0           7 = DUSTSTORM OR SANDSTORM:
                                                       VSBY 1/2 MILE OR LESS
                                                   8 = SMOKE OR HAZE
[NO. OF DAYS WITH]      [WEATHER - DAYS WITH]      9 = BLOWING SNOW
                                                   X = TORNADO
MAX 32 OR BELOW:   0    0.01 INCH OR MORE:   3
MAX 90 OR ABOVE:   3    0.10 INCH OR MORE:   1
MIN 32 OR BELOW:   0    0.50 INCH OR MORE:   0
MIN  0 OR BELOW:   0    1.00 INCH OR MORE:   0

[HDD (BASE 65) ]
TOTAL THIS MO.    38    CLEAR  (SCALE 0-3)   6
DPTR FM NORMAL   -56    PTCLDY (SCALE 4-7)  14
TOTAL FM JUL 1    75    CLOUDY (SCALE 8-10)  1
DPTR FM NORMAL   -46

[CDD (BASE 65) ]
TOTAL THIS MO.   175
DPTR FM NORMAL   127    [PRESSURE DATA]
TOTAL FM JAN 1  3706    HIGHEST SLP M ON M
DPTR FM NORMAL   797    LOWEST  SLP 29.79 ON  1

[REMARKS]
