000
CXUS54 KSHV 241300
CF6SHV
PRELIMINARY LOCAL CLIMATOLOGICAL DATA (WS FORM: F-6)

                                          STATION:   SHREVEPORT
                                          MONTH:     AUGUST
                                          YEAR:      2016
                                          LATITUDE:   32 28 N
                                          LONGITUDE:  93 49 W

  TEMPERATURE IN F:       :PCPN:    SNOW:  WIND      :SUNSHINE: SKY     :PK WND
================================================================================
1   2   3   4   5  6A  6B    7    8   9   10  11  12  13   14  15   16   17  18
                                     12Z  AVG MX 2MIN
DY MAX MIN AVG DEP HDD CDD  WTR  SNW DPTH SPD SPD DIR MIN PSBL S-S WX    SPD DR
================================================================================

 1  97  77  87   3   0  22 0.00  0.0    0  5.7 12 240   M    M   1        14 240
 2  99  77  88   4   0  23 0.00  0.0    0  3.6 13 270   M    M   1        15 270
 3 100  79  90   6   0  25 0.00  0.0    0  4.1 12 290   M    M   2        14 260
 4 100  80  90   6   0  25 0.00  0.0    0  5.2 12 250   M    M   2        13 260
 5 100  80  90   6   0  25 0.44  0.0    0  6.0 32  70   M    M   3 38     45 160
 6  97  77  87   3   0  22 0.01  0.0    0  5.4 25  80   M    M   5 3      31  80
 7  98  73  86   2   0  21 0.13  0.0    0  4.9 40  30   M    M   5 13     49  30
 8  87  73  80  -4   0  15 0.00  0.0    0  3.3 12  80   M    M   8 1      27  40
 9  98  75  87   3   0  22    T  0.0    0  2.3 12 150   M    M   6        14 150
10  99  78  89   5   0  24 0.00  0.0    0  3.0 14 150   M    M   5 1      17 160
11  96  79  88   4   0  23 0.17  0.0    0  5.0 24 310   M    M   8 138    30 320
12 101  77  89   5   0  24 0.02  0.0    0  4.9 21  20   M    M   6 13     24  20
13  85  78  82  -2   0  17    T  0.0    0  5.7 20 350   M    M   9 3      26 350
14  85  76  81  -3   0  16 0.18  0.0    0  8.1 20 190   M    M  10 1      25 180
15  84  74  79  -5   0  14 0.24  0.0    0  4.6 13 310   M    M  10 1      16 310
16  84  73  79  -4   0  14 1.40  0.0    0  4.1 18 190   M    M  10 13     25 200
17  84  74  79  -4   0  14 0.59  0.0    0  3.8 14 240   M    M  10 13     15 240
18  87  73  80  -3   0  15 1.08  0.0    0  4.3 15  10   M    M  10 13     17 170
19  89  73  81  -2   0  16 0.44  0.0    0  4.8 22 230   M    M   9 13     33 240
20  91  77  84   1   0  19 0.01  0.0    0  7.8 25 290   M    M   8 3      30 280
21  86  74  80  -3   0  15 0.01  0.0    0  3.5 13 350   M    M  10 3      17 350
22  91  73  82  -1   0  17 0.91  0.0    0  3.4 25 240   M    M   8 13     30 230
23  94  72  83   0   0  18 0.00  0.0    0  5.5 13 160   M    M   5        16 170
================================================================================
SM 2132 1742         0 446  5.63     0.0 109.0          M      151
================================================================================
AV 92.7 75.7                               4.7 FASTST   M    M   7    MAX(MPH)
                                 MISC ---->  # 40  30               # 49   30
================================================================================
NOTES:
# LAST OF SEVERAL OCCURRENCES

COLUMN 17 PEAK WIND IN M.P.H.

PRELIMINARY LOCAL CLIMATOLOGICAL DATA (WS FORM: F-6) , PAGE 2

                                          STATION:  SHREVEPORT
                                          MONTH:    AUGUST
                                          YEAR:     2016
                                          LATITUDE:   32 28 N
                                          LONGITUDE:  93 49 W

[TEMPERATURE DATA]      [PRECIPITATION DATA]       SYMBOLS USED IN COLUMN 16

AVERAGE MONTHLY: 84.2   TOTAL FOR MONTH:   5.63    1 = FOG OR MIST
DPTR FM NORMAL:   0.6   DPTR FM NORMAL:    3.55    2 = FOG REDUCING VISIBILITY
HIGHEST:   101 ON 12    GRTST 24HR  1.40 ON 16-16      TO 1/4 MILE OR LESS
LOWEST:     72 ON 23                               3 = THUNDER
                        SNOW, ICE PELLETS, HAIL    4 = ICE PELLETS
                        TOTAL MONTH:   0.0 INCH    5 = HAIL
                        GRTST 24HR     0.0         6 = FREEZING RAIN OR DRIZZLE
                        GRTST DEPTH:   0           7 = DUSTSTORM OR SANDSTORM:
                                                       VSBY 1/2 MILE OR LESS
                                                   8 = SMOKE OR HAZE
[NO. OF DAYS WITH]      [WEATHER - DAYS WITH]      9 = BLOWING SNOW
                                                   X = TORNADO
MAX 32 OR BELOW:   0    0.01 INCH OR MORE:  14
MAX 90 OR ABOVE:  14    0.10 INCH OR MORE:  10
MIN 32 OR BELOW:   0    0.50 INCH OR MORE:   4
MIN  0 OR BELOW:   0    1.00 INCH OR MORE:   2

[HDD (BASE 65) ]
TOTAL THIS MO.     0    CLEAR  (SCALE 0-3)   5
DPTR FM NORMAL     0    PTCLDY (SCALE 4-7)   7
TOTAL FM JUL 1     0    CLOUDY (SCALE 8-10) 11
DPTR FM NORMAL     0

[CDD (BASE 65) ]
TOTAL THIS MO.   446
DPTR FM NORMAL    19    [PRESSURE DATA]
TOTAL FM JAN 1  2083    HIGHEST SLP M ON M
DPTR FM NORMAL   255    LOWEST  SLP 29.71 ON 12

[REMARKS]
