000
CXUS54 KSHV 191300
CF6SHV
PRELIMINARY LOCAL CLIMATOLOGICAL DATA (WS FORM: F-6)

                                          STATION:   SHREVEPORT
                                          MONTH:     NOVEMBER
                                          YEAR:      2017
                                          LATITUDE:   32 28 N
                                          LONGITUDE:  93 49 W

  TEMPERATURE IN F:       :PCPN:    SNOW:  WIND      :SUNSHINE: SKY     :PK WND
================================================================================
1   2   3   4   5  6A  6B    7    8   9   10  11  12  13   14  15   16   17  18
                                     12Z  AVG MX 2MIN
DY MAX MIN AVG DEP HDD CDD  WTR  SNW DPTH SPD SPD DIR MIN PSBL S-S WX    SPD DR
================================================================================

 1  75  54  65   4   0   0 0.69  0.0    0  9.4 16 180   M    M   8 1      21 130
 2  86  72  79  18   0  14 0.00  0.0    0 11.1 22 210   M    M   8        33 220
 3  88  71  80  19   0  15 0.00  0.0    0  7.7 15 180   M    M   6 1      19 220
 4  86  70  78  18   0  13 0.00  0.0    0  8.2 16 200   M    M   7 1      21 220
 5  86  71  79  19   0  14 0.00  0.0    0  9.5 20 180   M    M   7        26 220
 6  88  72  80  20   0  15 0.00  0.0    0  8.7 18 220   M    M   6        22 220
 7  73  57  65   6   0   0    T  0.0    0  7.4 16 320   M    M   9 1      21 330
 8  57  48  53  -6  12   0 0.70  0.0    0  9.1 16  10   M    M  10 1      19  50
 9  65  43  54  -5  11   0 0.00  0.0    0  4.7 14 360   M    M   4 1      18 340
10  67  38  53  -5  12   0 0.00  0.0    0  4.8 12  70   M    M   2 1      17 100
11  67  42  55  -3  10   0 0.00  0.0    0  5.0 14 150   M    M   5        23 150
12  75  58  67   9   0   2 0.04  0.0    0  4.8 13  20   M    M   9 1      15 360
13  69  52  61   4   4   0 0.00  0.0    0  5.2 10  80   M    M   8 1      14  50
14  73  52  63   6   2   0 0.00  0.0    0  4.6  9 150   M    M   5        14 150
15  74  56  65   9   0   0 0.00  0.0    0  4.9 13 250   M    M   6 1      16 220
16  72  61  67  11   0   2    T  0.0    0  4.5 10  90   M    M   8        15 200
17  80  61  71  15   0   6 0.00  0.0    0 11.2 21 190   M    M   7        28 190
18  83  49  66  10   0   1 0.00  0.0    0 17.3 32 310   M    M   7        41 300
================================================================================
SM 1364 1027        51  82  1.43     0.0 138.1          M      122
================================================================================
AV 75.8 57.1                               7.7 FASTST   M    M   7    MAX(MPH)
                                 MISC ---->  # 32 310               # 41  300
================================================================================
NOTES:
# LAST OF SEVERAL OCCURRENCES

COLUMN 17 PEAK WIND IN M.P.H.

PRELIMINARY LOCAL CLIMATOLOGICAL DATA (WS FORM: F-6) , PAGE 2

                                          STATION:  SHREVEPORT
                                          MONTH:    NOVEMBER
                                          YEAR:     2017
                                          LATITUDE:   32 28 N
                                          LONGITUDE:  93 49 W

[TEMPERATURE DATA]      [PRECIPITATION DATA]       SYMBOLS USED IN COLUMN 16

AVERAGE MONTHLY: 66.4   TOTAL FOR MONTH:   1.43    1 = FOG OR MIST
DPTR FM NORMAL:   8.0   DPTR FM NORMAL:   -1.33    2 = FOG REDUCING VISIBILITY
HIGHEST:    88 ON  6, 3 GRTST 24HR  0.70 ON  8- 8      TO 1/4 MILE OR LESS
LOWEST:     38 ON 10                               3 = THUNDER
                        SNOW, ICE PELLETS, HAIL    4 = ICE PELLETS
                        TOTAL MONTH:   0.0 INCH    5 = HAIL
                        GRTST 24HR     0.0         6 = FREEZING RAIN OR DRIZZLE
                        GRTST DEPTH:   0           7 = DUSTSTORM OR SANDSTORM:
                                                       VSBY 1/2 MILE OR LESS
                                                   8 = SMOKE OR HAZE
[NO. OF DAYS WITH]      [WEATHER - DAYS WITH]      9 = BLOWING SNOW
                                                   X = TORNADO
MAX 32 OR BELOW:   0    0.01 INCH OR MORE:   3
MAX 90 OR ABOVE:   0    0.10 INCH OR MORE:   2
MIN 32 OR BELOW:   0    0.50 INCH OR MORE:   2
MIN  0 OR BELOW:   0    1.00 INCH OR MORE:   0

[HDD (BASE 65) ]
TOTAL THIS MO.    51    CLEAR  (SCALE 0-3)   1
DPTR FM NORMAL   -88    PTCLDY (SCALE 4-7)  13
TOTAL FM JUL 1   130    CLOUDY (SCALE 8-10)  4
DPTR FM NORMAL   -95

[CDD (BASE 65) ]
TOTAL THIS MO.    82
DPTR FM NORMAL    60    [PRESSURE DATA]
TOTAL FM JAN 1  2752    HIGHEST SLP M ON M
DPTR FM NORMAL   281    LOWEST  SLP 29.72 ON 18

[REMARKS]
