000
CXUS56 KMFR 271000
CF6SIY
PRELIMINARY LOCAL CLIMATOLOGICAL DATA (WS FORM: F-6)

                                          STATION:   MONTAGUE CA
                                          MONTH:     JULY
                                          YEAR:      2016
                                          LATITUDE:   41 46 N
                                          LONGITUDE: 122 28 W

  TEMPERATURE IN F:       :PCPN:    SNOW:  WIND      :SUNSHINE: SKY     :PK WND
================================================================================
1   2   3   4   5  6A  6B    7    8   9   10  11  12  13   14  15   16   17  18
                                     12Z  AVG MX 2MIN
DY MAX MIN AVG DEP HDD CDD  WTR  SNW DPTH SPD SPD DIR MIN PSBL S-S WX    SPD DR
================================================================================

 1  96  53  75   6   0  10 0.00    M    M  7.7 22 360   M    M   0        25 360
 2  97  54  76   6   0  11 0.00    M    M  6.6 22 360   M    M   0        26 360
 3  96  60  78   8   0  13 0.00    M    M  8.6 22 360   M    M   0        25 360
 4  91  54  73   3   0   8 0.00    M    M  9.5 22  10   M    M   0 8      26  10
 5  87  51  69  -2   0   4 0.00    M    M 10.1 22 360   M    M   0 8      27  20
 6  88  48  68  -3   0   3 0.00    M    M  6.5 20  10   M    M   0        22  10
 7  90  54  72   1   0   7 0.00    M    M  6.5 18 300   M    M   1        24 310
 8  70  54  62 -10   3   0 0.05    M    M  5.8 15 360   M    M   7        17 360
 9  79  49  64  -8   1   0 0.00    M    M  9.6 21 310   M    M   3        26 310
10  71  48  60 -12   5   0    T    M    M  8.1 17 270   M    M   6        25 280
11  83  40  62 -10   3   0 0.00    M    M  5.1 16 360   M    M   0        21  10
12  85  51  68  -5   0   3 0.00    M    M  8.5 20 360   M    M   0        25  20
13  92  49  71  -2   0   6 0.00    M    M  7.0 18 330   M    M   0        23 330
14  97  53  75   2   0  10 0.00    M    M  7.1 22 360   M    M   0        27  10
15  91  52  72  -1   0   7 0.00    M    M 10.7 24 360   M    M   0        29  10
16  90  49  70  -3   0   5 0.00    M    M  7.9 22  10   M    M   0        26  10
17  88  51  70  -4   0   5 0.00    M    M  8.3 21 330   M    M   2        25 360
18  84  57  71  -3   0   6    T    M    M  8.1 16 350   M    M   5        19 220
19  84  56  70  -4   0   5 0.00    M    M  7.1 20 340   M    M   5        23 320
20  89  50  70  -4   0   5 0.00    M    M  5.1 17 170   M    M   0        21 160
21  90  49  70  -4   0   5 0.00    M    M 10.2 24 170   M    M   0        30 170
22  88  48  68  -6   0   3 0.00    M    M  8.2 20 360   M    M   0        23  10
23  93  49  71  -3   0   6 0.00    M    M  7.2 20 360   M    M   0        24  10
24  99  50  75   1   0  10 0.00    M    M  5.2 18 340   M    M   0        22 330
25 100  56  78   4   0  13 0.00    M    M  7.3 22  20   M    M   0        27 350
26 101  59  80   6   0  15 0.00    M    M  7.7 18  10   M    M   0        21 350
================================================================================
SM 2319 1344        12 160  0.05    M    199.7          M       29
================================================================================
AV 89.2 51.7                               7.7 FASTST   M    M   1    MAX(MPH)
                                 MISC ---->  # 24 360               # 30  170
================================================================================
NOTES:
# LAST OF SEVERAL OCCURRENCES

COLUMN 17 PEAK WIND IN M.P.H.

PRELIMINARY LOCAL CLIMATOLOGICAL DATA (WS FORM: F-6) , PAGE 2

                                          STATION:  MONTAGUE CA
                                          MONTH:    JULY
                                          YEAR:     2016
                                          LATITUDE:   41 46 N
                                          LONGITUDE: 122 28 W

[TEMPERATURE DATA]      [PRECIPITATION DATA]       SYMBOLS USED IN COLUMN 16

AVERAGE MONTHLY: 70.4   TOTAL FOR MONTH:   0.05    1 = FOG OR MIST
DPTR FM NORMAL:  -2.1   DPTR FM NORMAL:   -0.30    2 = FOG REDUCING VISIBILITY
HIGHEST:   101 ON 26    GRTST 24HR  0.05 ON  8- 8      TO 1/4 MILE OR LESS
LOWEST:     40 ON 11                               3 = THUNDER
                        SNOW, ICE PELLETS, HAIL    4 = ICE PELLETS
                        TOTAL MONTH:    M          5 = HAIL
                        GRTST 24HR    M  ON   M    6 = FREEZING RAIN OR DRIZZLE
                        GRTST DEPTH:  M  ON   M    7 = DUSTSTORM OR SANDSTORM:
                                                       VSBY 1/2 MILE OR LESS
                                                   8 = SMOKE OR HAZE
[NO. OF DAYS WITH]      [WEATHER - DAYS WITH]      9 = BLOWING SNOW
                                                   X = TORNADO
MAX 32 OR BELOW:   0    0.01 INCH OR MORE:   1
MAX 90 OR ABOVE:  14    0.10 INCH OR MORE:   0
MIN 32 OR BELOW:   0    0.50 INCH OR MORE:   0
MIN  0 OR BELOW:   0    1.00 INCH OR MORE:   0

[HDD (BASE 65) ]
TOTAL THIS MO.    12    CLEAR  (SCALE 0-3)  22
DPTR FM NORMAL    11    PTCLDY (SCALE 4-7)   4
TOTAL FM JUL 1    12    CLOUDY (SCALE 8-10)  0
DPTR FM NORMAL    11

[CDD (BASE 65) ]
TOTAL THIS MO.   160
DPTR FM NORMAL   -37    [PRESSURE DATA]
TOTAL FM JAN 1   296    HIGHEST SLP M ON M
DPTR FM NORMAL    28    LOWEST  SLP 29.81 ON 17

[REMARKS]
