000
CXUS56 KMFR 221000
CF6SIY
PRELIMINARY LOCAL CLIMATOLOGICAL DATA (WS FORM: F-6)

                                          STATION:   MONTAGUE CA
                                          MONTH:     DECEMBER
                                          YEAR:      2014
                                          LATITUDE:   41 46 N
                                          LONGITUDE: 122 28 W

  TEMPERATURE IN F:       :PCPN:    SNOW:  WIND      :SUNSHINE: SKY     :PK WND
================================================================================
1   2   3   4   5  6A  6B    7    8   9   10  11  12  13   14  15   16   17  18
                                     12Z  AVG MX 2MIN
DY MAX MIN AVG DEP HDD CDD  WTR  SNW DPTH SPD SPD DIR MIN PSBL S-S WX    SPD DR
================================================================================

 1  52  29  41   5  24   0    T    M    M  2.6  9  50   M    M   2        11  20
 2  45  32  39   3  26   0 0.02    M    M  2.8 10  50   M    M   7 12     11  50
 3  48  37  43   7  22   0 0.16    M    M  5.1 14  70   M    M   9 1      15  60
 4  58  34  46  11  19   0 0.00    M    M  5.0 15 180   M    M   3 12     18 180
 5  60  35  48  13  17   0 0.16    M    M 10.0 30 170   M    M   5 1      38 170
 6  54  35  45  10  20   0 0.02    M    M  5.5 12  50   M    M   4        13  40
 7  56  34  45  10  20   0 0.09    M    M  8.9 24 190   M    M   2 1      31 180
 8  58  40  49  14  16   0 0.03    M    M  8.1 22 180   M    M   6        27 180
 9  55  39  47  12  18   0 0.03    M    M  6.5 13 190   M    M   4 1      16 190
10  56  40  48  13  17   0 0.71    M    M 13.9 33 170   M    M   4 1      41 170
11  52  41  47  12  18   0 0.45    M    M 18.2 52 170   M    M   8 1      66 160
12  49  39  44   9  21   0 0.18    M    M  2.7 10  30   M    M   9 1      12  30
13  47  28  38   3  27   0 0.01    M    M  3.2  8  50   M    M   7 1       9 270
14  44  27  36   1  29   0 0.02    M    M  3.2 13 150   M    M   4 1      17 160
15  44  35  40   5  25   0 0.00    M    M  8.8 23 180   M    M   9        27 190
16  47  32  40   5  25   0 0.00    M    M 11.2 29 170   M    M   4        36 170
17  48  32  40   5  25   0 0.01    M    M  3.8 13 250   M    M   8        15 250
18  51  34  43   8  22   0 0.08    M    M 10.3 24 180   M    M   6 1      30 180
19  51  39  45  10  20   0 0.39    M    M  5.7 15 220   M    M   8 1      18 220
20  49  42  46  11  19   0 0.07    M    M 10.2 24 170   M    M  10        29 170
21  60  45  53  18  12   0 0.01    M    M  6.5 18 270   M    M   8        24 270
================================================================================
SM 1084  749       442   0  2.44    M    152.2          M      127
================================================================================
AV 51.6 35.7                               7.2 FASTST   M    M   6    MAX(MPH)
                                 MISC ---->  # 52 170               # 66  160
================================================================================
NOTES:
# LAST OF SEVERAL OCCURRENCES

COLUMN 17 PEAK WIND IN M.P.H.

PRELIMINARY LOCAL CLIMATOLOGICAL DATA (WS FORM: F-6) , PAGE 2

                                          STATION:  MONTAGUE CA
                                          MONTH:    DECEMBER
                                          YEAR:     2014
                                          LATITUDE:   41 46 N
                                          LONGITUDE: 122 28 W

[TEMPERATURE DATA]      [PRECIPITATION DATA]       SYMBOLS USED IN COLUMN 16

AVERAGE MONTHLY: 43.6   TOTAL FOR MONTH:   2.44    1 = FOG OR MIST
DPTR FM NORMAL:   8.5   DPTR FM NORMAL:    0.62    2 = FOG REDUCING VISIBILITY
HIGHEST:    60 ON 21, 5 GRTST 24HR  1.16 ON 10-11      TO 1/4 MILE OR LESS
LOWEST:     27 ON 14                               3 = THUNDER
                        SNOW, ICE PELLETS, HAIL    4 = ICE PELLETS
                        TOTAL MONTH:    M          5 = HAIL
                        GRTST 24HR    M  ON   M    6 = FREEZING RAIN OR DRIZZLE
                        GRTST DEPTH:  M  ON   M    7 = DUSTSTORM OR SANDSTORM:
                                                       VSBY 1/2 MILE OR LESS
                                                   8 = SMOKE OR HAZE
[NO. OF DAYS WITH]      [WEATHER - DAYS WITH]      9 = BLOWING SNOW
                                                   X = TORNADO
MAX 32 OR BELOW:   0    0.01 INCH OR MORE:  17
MAX 90 OR ABOVE:   0    0.10 INCH OR MORE:   6
MIN 32 OR BELOW:   6    0.50 INCH OR MORE:   1
MIN  0 OR BELOW:   0    1.00 INCH OR MORE:   0

[HDD (BASE 65) ]
TOTAL THIS MO.   442    CLEAR  (SCALE 0-3)   3
DPTR FM NORMAL  -186    PTCLDY (SCALE 4-7)  13
TOTAL FM JUL 1  1447    CLOUDY (SCALE 8-10)  5
DPTR FM NORMAL  -487

[CDD (BASE 65) ]
TOTAL THIS MO.     0
DPTR FM NORMAL     0    [PRESSURE DATA]
TOTAL FM JAN 1   913    HIGHEST SLP M ON M
DPTR FM NORMAL   369    LOWEST  SLP 29.30 ON 11

[REMARKS]
