000
CXUS56 KMFR 291000
CF6SIY
PRELIMINARY LOCAL CLIMATOLOGICAL DATA (WS FORM: F-6)

                                          STATION:   MONTAGUE CA
                                          MONTH:     MAY
                                          YEAR:      2015
                                          LATITUDE:   41 46 N
                                          LONGITUDE: 122 28 W

  TEMPERATURE IN F:       :PCPN:    SNOW:  WIND      :SUNSHINE: SKY     :PK WND
================================================================================
1   2   3   4   5  6A  6B    7    8   9   10  11  12  13   14  15   16   17  18
                                     12Z  AVG MX 2MIN
DY MAX MIN AVG DEP HDD CDD  WTR  SNW DPTH SPD SPD DIR MIN PSBL S-S WX    SPD DR
================================================================================

 1  84  35  60   8   5   0 0.00    M    M  4.0 16 340   M    M   0        20 330
 2  84  40  62  10   3   0 0.00    M    M  5.6 22  10   M    M   0        26 360
 3  81  41  61   8   4   0 0.00    M    M  5.5 18 330   M    M   1        22 330
 4  80  40  60   7   5   0 0.00    M    M  9.1 23 350   M    M   0        28 360
 5  68  41  55   2  10   0 0.00    M    M 13.1 23 340   M    M   0        29  10
 6  61  35  48  -6  17   0 0.00    M    M 13.8 24 350   M    M   0        30  10
 7  67  35  51  -3  14   0 0.00    M    M 13.5 25  30   M    M   3        34  40
 8  76  39  58   4   7   0 0.00    M    M  7.6 17 350   M    M   1        24 290
 9  79  36  58   4   7   0 0.00    M    M  5.5 16 360   M    M   0        19 360
10  77  38  58   3   7   0 0.05    M    M  5.5 20 330   M    M   3 13     23 320
11  53  43  48  -7  17   0 0.15    M    M  9.8 21  20   M    M   M        25  20
12  60  40  50  -5  15   0    T    M    M  8.5 22 330   M    M   8        29  10
13  60  33  47  -9  18   0    T    M    M  5.9 16 330   M    M   4        19 340
14  67  35  51  -5  14   0 0.00    M    M  5.6 21 250   M    M   2        26 230
15  62  40  51  -5  14   0 0.04    M    M  5.9 20  10   M    M   7 1      23  30
16  69  45  57   1   8   0 0.05    M    M  6.3 16 360   M    M   7 1      22 330
17  72  45  59   3   6   0 0.07    M    M  5.4 21 330   M    M   6 12     26 330
18  67  51  59   2   6   0 0.41    M    M  4.3 14 280   M    M  10 1      16 280
19  69  52  61   4   4   0 0.01    M    M  4.0 18  50   M    M   9 1      23  50
20  67  53  60   3   5   0 0.13    M    M  2.7 16 260   M    M   9 1      61 160
21  71  51  61   4   4   0 0.00    M    M  5.3 20 320   M    M   7        24 320
22  66  44  55  -3  10   0 0.01    M    M  7.4 20  10   M    M   6        26  20
23  71  36  54  -4  11   0 0.00    M    M  8.5 18 360   M    M   1        24  10
24  81  42  62   4   3   0 0.00    M    M  5.8 20 360   M    M   0        34 150
25  81  48  65   7   0   0 0.00    M    M  7.6 22  20   M    M   2        29  30
26  81  45  63   5   2   0 0.00    M    M  6.9 20 360   M    M   0        23 360
27  85  43  64   5   1   0 0.00    M    M  5.1 17  10   M    M   0        22  10
28  88  46  67   8   0   2 0.00    M    M  4.8 14 350   M    M   0        16 350
================================================================================
SM 2027 1172       217   2  0.92    M    193.0          M       86
================================================================================
AV 72.4 41.9                               6.9 FASTST   M    M   3    MAX(MPH)
                                 MISC ---->  # 25  30               # 61  160
================================================================================
NOTES:
# LAST OF SEVERAL OCCURRENCES

COLUMN 17 PEAK WIND IN M.P.H.

PRELIMINARY LOCAL CLIMATOLOGICAL DATA (WS FORM: F-6) , PAGE 2

                                          STATION:  MONTAGUE CA
                                          MONTH:    MAY
                                          YEAR:     2015
                                          LATITUDE:   41 46 N
                                          LONGITUDE: 122 28 W

[TEMPERATURE DATA]      [PRECIPITATION DATA]       SYMBOLS USED IN COLUMN 16

AVERAGE MONTHLY: 57.1   TOTAL FOR MONTH:   0.92    1 = FOG OR MIST
DPTR FM NORMAL:   1.4   DPTR FM NORMAL:   -0.44    2 = FOG REDUCING VISIBILITY
HIGHEST:    88 ON 28    GRTST 24HR  0.42 ON 17-18      TO 1/4 MILE OR LESS
LOWEST:     33 ON 13                               3 = THUNDER
                        SNOW, ICE PELLETS, HAIL    4 = ICE PELLETS
                        TOTAL MONTH:    M          5 = HAIL
                        GRTST 24HR    M  ON   M    6 = FREEZING RAIN OR DRIZZLE
                        GRTST DEPTH:  M  ON   M    7 = DUSTSTORM OR SANDSTORM:
                                                       VSBY 1/2 MILE OR LESS
                                                   8 = SMOKE OR HAZE
[NO. OF DAYS WITH]      [WEATHER - DAYS WITH]      9 = BLOWING SNOW
                                                   X = TORNADO
MAX 32 OR BELOW:   0    0.01 INCH OR MORE:   9
MAX 90 OR ABOVE:   0    0.10 INCH OR MORE:   3
MIN 32 OR BELOW:   0    0.50 INCH OR MORE:   0
MIN  0 OR BELOW:   0    1.00 INCH OR MORE:   0

[HDD (BASE 65) ]
TOTAL THIS MO.   217    CLEAR  (SCALE 0-3)  16
DPTR FM NORMAL   -53    PTCLDY (SCALE 4-7)   8
TOTAL FM JUL 1  4339    CLOUDY (SCALE 8-10)  3
DPTR FM NORMAL -1029

[CDD (BASE 65) ]
TOTAL THIS MO.     2
DPTR FM NORMAL   -11    [PRESSURE DATA]
TOTAL FM JAN 1     2    HIGHEST SLP M ON M
DPTR FM NORMAL   -11    LOWEST  SLP 29.74 ON 14

[REMARKS]
