000
CXUS56 KFGZ 300900
CF6SJN
PRELIMINARY LOCAL CLIMATOLOGICAL DATA (WS FORM: F-6)

                                          STATION:   SAINT JOHNS AZ AIRPORT
                                          MONTH:     MARCH
                                          YEAR:      2015
                                          LATITUDE:   34 31 N
                                          LONGITUDE: 109 23 W

  TEMPERATURE IN F:       :PCPN:    SNOW:  WIND      :SUNSHINE: SKY     :PK WND
================================================================================
1   2   3   4   5  6A  6B    7    8   9   10  11  12  13   14  15   16   17  18
                                     12Z  AVG MX 2MIN
DY MAX MIN AVG DEP HDD CDD  WTR  SNW DPTH SPD SPD DIR MIN PSBL S-S WX    SPD DR
================================================================================

 1  63  40  52  10  13   0 0.01    M    M  9.8 21 200   M    M   6        32 240
 2   M   M   M   M   M   M 0.09    M    M 14.1 32 190   M    M   4        50 210
 3   M   M   M   M   M   M 0.00    M    M  7.7 24 250   M    M   5        35 260
 4  49  23  36  -7  29   0 0.00    M    M  6.9 21 320   M    M   5        28 280
 5  56  14  35  -8  30   0 0.00    M    M  3.6 12 330   M    M   0        15 330
 6  66  15  41  -2  24   0 0.00    M    M  5.7 16  10   M    M   0        23 350
 7  62  19  41  -2  24   0 0.00    M    M  5.8 17 290   M    M   2        22 290
 8  63  33  48   5  17   0 0.00    M    M  7.2 16 280   M    M   1        22 300
 9  63  27  45   2  20   0 0.00    M    M  5.0 20 330   M    M   1        24 310
10  64  23  44   0  21   0 0.00    M    M  3.9 10 260   M    M   0        14 280
11  69  24  47   3  18   0 0.00    M    M  4.2 14 240   M    M   0        20 300
12  61  42  52   8  13   0 0.01    M    M  5.3 17 240   M    M   6        28 280
13  67  33  50   6  15   0    T    M    0  6.4 29  20   M    M   3        36  20
14  66  34  50   6  15   0 0.00    M    M  7.3 20  90   M    M   2        24  70
15  73  27  50   5  15   0 0.00    M    M  5.9 21  70   M    M   0        25  70
16  75  29  52   7  13   0 0.00    M    M  4.2 14 240   M    M   0        16 230
17  71  33  52   7  13   0    T    M    M  6.1 22 240   M    M   5        28 240
18  60  48  54   9  11   0    T    M    M  9.2 26 280   M    M   8        32 270
19  60  45  53   7  12   0 0.10    M    M  8.0 23 240   M    M   9 3      27 240
20  62  43  53   7  12   0 0.14    M    M  6.5 15 230   M    M   8 3      21  50
21   M   M   M   M   M   M 0.00    M    M  4.7 15 230   M    M   1 8       M  M
22   M   M   M   M   M   M 0.00    M    M 10.0 18 220   M    M   0        24 230
23  70   M   M   M   M   M 0.00    M    M 11.7 29 260   M    M   0        37 240
24  72  33  53   6  12   0 0.00    M    M  8.2 24 240   M    M   0        33 240
25  68  41  55   8  10   0 0.00    M    M  9.5 24 300   M    M   0        31 280
26  67  25  46  -1  19   0 0.00    M    M  5.2 16 310   M    M   0        19 300
27  76  33  55   7  10   0 0.00    M    M  4.7 16 280   M    M   0        20 290
28  81  33  57   9   8   0 0.00    M    M  9.2 24 270   M    M   0        36 230
29  78  42  60  12   5   0 0.00  0.0    0  6.9 20 230   M    M   0        27 230
================================================================================
SM 1662  759       379   0  0.35     0.0 202.9          M       66
================================================================================
AV 66.5 31.6                               7.0 FASTST   M    M   2    MAX(MPH)
                                 MISC ---->    32   M               # 50  210
================================================================================
NOTES:
# LAST OF SEVERAL OCCURRENCES

COLUMN 17 PEAK WIND IN M.P.H.

PRELIMINARY LOCAL CLIMATOLOGICAL DATA (WS FORM: F-6) , PAGE 2

                                          STATION:  SAINT JOHNS AZ AIRPORT
                                          MONTH:    MARCH
                                          YEAR:     2015
                                          LATITUDE:   34 31 N
                                          LONGITUDE: 109 23 W

[TEMPERATURE DATA]      [PRECIPITATION DATA]       SYMBOLS USED IN COLUMN 16

AVERAGE MONTHLY: 49.1   TOTAL FOR MONTH:   0.35    1 = FOG OR MIST
DPTR FM NORMAL:   4.2   DPTR FM NORMAL:   -0.32    2 = FOG REDUCING VISIBILITY
HIGHEST:    81 ON 28    GRTST 24HR  0.14 ON 20-20      TO 1/4 MILE OR LESS
LOWEST:     14 ON  5                               3 = THUNDER
                        SNOW, ICE PELLETS, HAIL    4 = ICE PELLETS
                        TOTAL MONTH:   0.0 INCH    5 = HAIL
                        GRTST 24HR     0.0         6 = FREEZING RAIN OR DRIZZLE
                        GRTST DEPTH:   0           7 = DUSTSTORM OR SANDSTORM:
                                                       VSBY 1/2 MILE OR LESS
                                                   8 = SMOKE OR HAZE
[NO. OF DAYS WITH]      [WEATHER - DAYS WITH]      9 = BLOWING SNOW
                                                   X = TORNADO
MAX 32 OR BELOW:   0    0.01 INCH OR MORE:   5
MAX 90 OR ABOVE:   0    0.10 INCH OR MORE:   2
MIN 32 OR BELOW:  10    0.50 INCH OR MORE:   0
MIN  0 OR BELOW:   0    1.00 INCH OR MORE:   0

[HDD (BASE 65) ]
TOTAL THIS MO.   379    CLEAR  (SCALE 0-3)  20
DPTR FM NORMAL  -209    PTCLDY (SCALE 4-7)   7
TOTAL FM JUL 1  3523    CLOUDY (SCALE 8-10)  2
DPTR FM NORMAL  -660

[CDD (BASE 65) ]
TOTAL THIS MO.     0
DPTR FM NORMAL     0    [PRESSURE DATA]
TOTAL FM JAN 1     0    HIGHEST SLP M ON M
DPTR FM NORMAL     0    LOWEST  SLP 29.71 ON  2

[REMARKS]
